74.7.227.141 - - [17/Jun/2026:20:38:45 +0200] "GET /5277287392.htm HTTP/1.1" 200 25603 "http://test2.therahuldas.com/5277223046.htm" "Mozilla/5.0 AppleWebKit/537.36 (KHTML, like Gecko; compatible; GPTBot/1.4; +https://openai.com/gptbot)"
74.7.227.141 - - [17/Jun/2026:20:38:51 +0200] "GET /3963981868.htm HTTP/1.1" 200 24295 "http://test2.therahuldas.com/3441587035.htm" "Mozilla/5.0 AppleWebKit/537.36 (KHTML, like Gecko; compatible; GPTBot/1.4; +https://openai.com/gptbot)"
74.7.227.141 - - [17/Jun/2026:20:38:57 +0200] "GET /3441588451.htm HTTP/1.1" 200 24093 "http://test2.therahuldas.com/4965390620.htm" "Mozilla/5.0 AppleWebKit/537.36 (KHTML, like Gecko; compatible; GPTBot/1.4; +https://openai.com/gptbot)"
74.7.227.141 - - [17/Jun/2026:20:39:00 +0200] "GET /4965353305.htm HTTP/1.1" 200 24215 "http://test2.therahuldas.com/43927232678.htm" "Mozilla/5.0 AppleWebKit/537.36 (KHTML, like Gecko; compatible; GPTBot/1.4; +https://openai.com/gptbot)"
74.7.227.141 - - [17/Jun/2026:20:39:12 +0200] "GET /7030910904.htm HTTP/1.1" 200 24765 "http://test2.therahuldas.com/39639228263.htm" "Mozilla/5.0 AppleWebKit/537.36 (KHTML, like Gecko; compatible; GPTBot/1.4; +https://openai.com/gptbot)"
74.7.227.141 - - [17/Jun/2026:20:39:16 +0200] "GET /5277228187.htm HTTP/1.1" 200 24591 "http://test2.therahuldas.com/13296167211.htm" "Mozilla/5.0 AppleWebKit/537.36 (KHTML, like Gecko; compatible; GPTBot/1.4; +https://openai.com/gptbot)"
74.7.227.141 - - [17/Jun/2026:20:39:19 +0200] "GET /5277210551.htm HTTP/1.1" 200 24598 "http://test2.therahuldas.com/48752179457.htm" "Mozilla/5.0 AppleWebKit/537.36 (KHTML, like Gecko; compatible; GPTBot/1.4; +https://openai.com/gptbot)"
192.178.6.8 - - [17/Jun/2026:20:39:20 +0200] "GET /939821091.htm HTTP/1.1" 200 24234 "-" "Mozilla/5.0 (Linux; Android 6.0.1; Nexus 5X Build/MMB29P) AppleWebKit/537.36 (KHTML, like Gecko) Chrome/148.0.7778.96 Mobile Safari/537.36 (compatible; GoogleOther)"
74.7.227.141 - - [17/Jun/2026:20:39:25 +0200] "GET /3963956686.htm HTTP/1.1" 200 24440 "http://test2.therahuldas.com/9398299823.htm" "Mozilla/5.0 AppleWebKit/537.36 (KHTML, like Gecko; compatible; GPTBot/1.4; +https://openai.com/gptbot)"
74.7.227.141 - - [17/Jun/2026:20:39:28 +0200] "GET /1329636563.htm HTTP/1.1" 200 24182 "http://test2.therahuldas.com/1329637751.htm" "Mozilla/5.0 AppleWebKit/537.36 (KHTML, like Gecko; compatible; GPTBot/1.4; +https://openai.com/gptbot)"
74.7.227.141 - - [17/Jun/2026:20:39:32 +0200] "GET /5277234475.htm HTTP/1.1" 200 25155 "http://test2.therahuldas.com/3963911114.htm" "Mozilla/5.0 AppleWebKit/537.36 (KHTML, like Gecko; compatible; GPTBot/1.4; +https://openai.com/gptbot)"
74.7.227.141 - - [17/Jun/2026:20:39:35 +0200] "GET /5277287007.htm HTTP/1.1" 200 24433 "http://test2.therahuldas.com/9398219781.htm" "Mozilla/5.0 AppleWebKit/537.36 (KHTML, like Gecko; compatible; GPTBot/1.4; +https://openai.com/gptbot)"
74.7.227.141 - - [17/Jun/2026:20:39:38 +0200] "GET /3963954393.htm HTTP/1.1" 200 24601 "http://test2.therahuldas.com/3963944396.htm" "Mozilla/5.0 AppleWebKit/537.36 (KHTML, like Gecko; compatible; GPTBot/1.4; +https://openai.com/gptbot)"
74.7.227.141 - - [17/Jun/2026:20:39:45 +0200] "GET /3963947969.htm HTTP/1.1" 200 25160 "http://test2.therahuldas.com/52772276437.htm" "Mozilla/5.0 AppleWebKit/537.36 (KHTML, like Gecko; compatible; GPTBot/1.4; +https://openai.com/gptbot)"
74.7.227.141 - - [17/Jun/2026:20:39:48 +0200] "GET /4875227854.htm HTTP/1.1" 200 24092 "http://test2.therahuldas.com/3441578389.htm" "Mozilla/5.0 AppleWebKit/537.36 (KHTML, like Gecko; compatible; GPTBot/1.4; +https://openai.com/gptbot)"
74.7.227.141 - - [17/Jun/2026:20:39:51 +0200] "GET /3441550442.htm HTTP/1.1" 200 23811 "http://test2.therahuldas.com/3441532775.htm" "Mozilla/5.0 AppleWebKit/537.36 (KHTML, like Gecko; compatible; GPTBot/1.4; +https://openai.com/gptbot)"
74.7.227.141 - - [17/Jun/2026:20:39:57 +0200] "GET /5277278922.htm HTTP/1.1" 200 25549 "http://test2.therahuldas.com/48752259404.htm" "Mozilla/5.0 AppleWebKit/537.36 (KHTML, like Gecko; compatible; GPTBot/1.4; +https://openai.com/gptbot)"
74.7.227.141 - - [17/Jun/2026:20:40:04 +0200] "GET /5277256373.htm HTTP/1.1" 200 24061 "http://test2.therahuldas.com/9398253508.htm" "Mozilla/5.0 AppleWebKit/537.36 (KHTML, like Gecko; compatible; GPTBot/1.4; +https://openai.com/gptbot)"
74.7.227.141 - - [17/Jun/2026:20:40:07 +0200] "GET /5277221778.htm HTTP/1.1" 200 23782 "http://test2.therahuldas.com/52772120511.htm" "Mozilla/5.0 AppleWebKit/537.36 (KHTML, like Gecko; compatible; GPTBot/1.4; +https://openai.com/gptbot)"
74.7.227.141 - - [17/Jun/2026:20:40:13 +0200] "GET /7030949370.htm HTTP/1.1" 200 24986 "http://test2.therahuldas.com/43927162246.htm" "Mozilla/5.0 AppleWebKit/537.36 (KHTML, like Gecko; compatible; GPTBot/1.4; +https://openai.com/gptbot)"
74.7.227.141 - - [17/Jun/2026:20:40:23 +0200] "GET /9398285259.htm HTTP/1.1" 200 24845 "http://test2.therahuldas.com/49653235386.htm" "Mozilla/5.0 AppleWebKit/537.36 (KHTML, like Gecko; compatible; GPTBot/1.4; +https://openai.com/gptbot)"
74.7.227.141 - - [17/Jun/2026:20:28:35 +0200] "GET /5277258800.htm HTTP/1.1" 200 24601 "http://test2.therahuldas.com/52772268529.htm" "Mozilla/5.0 AppleWebKit/537.36 (KHTML, like Gecko; compatible; GPTBot/1.4; +https://openai.com/gptbot)"
74.7.227.141 - - [17/Jun/2026:20:28:45 +0200] "GET /5277251878.htm HTTP/1.1" 200 24316 "http://test2.therahuldas.com/24856268242.htm" "Mozilla/5.0 AppleWebKit/537.36 (KHTML, like Gecko; compatible; GPTBot/1.4; +https://openai.com/gptbot)"
74.7.227.141 - - [17/Jun/2026:20:28:48 +0200] "GET /3963928033.htm HTTP/1.1" 200 25246 "http://test2.therahuldas.com/13296212520.htm" "Mozilla/5.0 AppleWebKit/537.36 (KHTML, like Gecko; compatible; GPTBot/1.4; +https://openai.com/gptbot)"
74.7.227.141 - - [17/Jun/2026:20:28:54 +0200] "GET /3441585574.htm HTTP/1.1" 200 24427 "http://test2.therahuldas.com/24856143351.htm" "Mozilla/5.0 AppleWebKit/537.36 (KHTML, like Gecko; compatible; GPTBot/1.4; +https://openai.com/gptbot)"
192.178.6.7 - - [17/Jun/2026:20:32:53 +0200] "GET /93982266569.htm HTTP/1.1" 200 24325 "-" "Mozilla/5.0 (Linux; Android 6.0.1; Nexus 5X Build/MMB29P) AppleWebKit/537.36 (KHTML, like Gecko) Chrome/148.0.7778.96 Mobile Safari/537.36 (compatible; GoogleOther)"
192.178.6.6 - - [17/Jun/2026:20:35:30 +0200] "GET /52772111180.htm HTTP/1.1" 200 24255 "-" "Mozilla/5.0 (Linux; Android 6.0.1; Nexus 5X Build/MMB29P) AppleWebKit/537.36 (KHTML, like Gecko) Chrome/148.0.7778.96 Mobile Safari/537.36 (compatible; GoogleOther)"
74.7.227.141 - - [17/Jun/2026:20:40:29 +0200] "GET /5277285112.htm HTTP/1.1" 200 24100 "http://test2.therahuldas.com/93982279184.htm" "Mozilla/5.0 AppleWebKit/537.36 (KHTML, like Gecko; compatible; GPTBot/1.4; +https://openai.com/gptbot)"
74.7.227.141 - - [17/Jun/2026:20:40:41 +0200] "GET /5277274450.htm HTTP/1.1" 200 24605 "http://test2.therahuldas.com/4965328710.htm" "Mozilla/5.0 AppleWebKit/537.36 (KHTML, like Gecko; compatible; GPTBot/1.4; +https://openai.com/gptbot)"
74.7.227.141 - - [17/Jun/2026:20:40:51 +0200] "GET /3963977876.htm HTTP/1.1" 200 24809 "http://test2.therahuldas.com/2485687571.htm" "Mozilla/5.0 AppleWebKit/537.36 (KHTML, like Gecko; compatible; GPTBot/1.4; +https://openai.com/gptbot)"
74.7.227.141 - - [17/Jun/2026:20:41:00 +0200] "GET /4392744707.htm HTTP/1.1" 200 24428 "http://test2.therahuldas.com/39639158971.htm" "Mozilla/5.0 AppleWebKit/537.36 (KHTML, like Gecko; compatible; GPTBot/1.4; +https://openai.com/gptbot)"
74.7.227.141 - - [17/Jun/2026:20:41:07 +0200] "GET /4392759979.htm HTTP/1.1" 200 24561 "http://test2.therahuldas.com/5277236666.htm" "Mozilla/5.0 AppleWebKit/537.36 (KHTML, like Gecko; compatible; GPTBot/1.4; +https://openai.com/gptbot)"
74.7.227.141 - - [17/Jun/2026:20:41:13 +0200] "GET /1329639211.htm HTTP/1.1" 200 25090 "http://test2.therahuldas.com/4875269604.htm" "Mozilla/5.0 AppleWebKit/537.36 (KHTML, like Gecko; compatible; GPTBot/1.4; +https://openai.com/gptbot)"
74.7.227.141 - - [17/Jun/2026:20:31:48 +0200] "GET /7030931137.htm HTTP/1.1" 200 23962 "http://test2.therahuldas.com/7030960402.htm" "Mozilla/5.0 AppleWebKit/537.36 (KHTML, like Gecko; compatible; GPTBot/1.4; +https://openai.com/gptbot)"
74.7.227.141 - - [17/Jun/2026:20:31:54 +0200] "GET /9398252988.htm HTTP/1.1" 200 24504 "http://test2.therahuldas.com/24856202359.htm" "Mozilla/5.0 AppleWebKit/537.36 (KHTML, like Gecko; compatible; GPTBot/1.4; +https://openai.com/gptbot)"
74.7.227.141 - - [17/Jun/2026:20:32:00 +0200] "GET /3441563141.htm HTTP/1.1" 200 23825 "http://test2.therahuldas.com/24856184043.htm" "Mozilla/5.0 AppleWebKit/537.36 (KHTML, like Gecko; compatible; GPTBot/1.4; +https://openai.com/gptbot)"
74.7.227.141 - - [17/Jun/2026:20:32:03 +0200] "GET /1329631663.htm HTTP/1.1" 200 24167 "http://test2.therahuldas.com/43927271679.htm" "Mozilla/5.0 AppleWebKit/537.36 (KHTML, like Gecko; compatible; GPTBot/1.4; +https://openai.com/gptbot)"
74.7.227.141 - - [17/Jun/2026:20:32:07 +0200] "GET /5277275135.htm HTTP/1.1" 200 24387 "http://test2.therahuldas.com/13296250029.htm" "Mozilla/5.0 AppleWebKit/537.36 (KHTML, like Gecko; compatible; GPTBot/1.4; +https://openai.com/gptbot)"
74.7.227.141 - - [17/Jun/2026:20:32:10 +0200] "GET /3963912959.htm HTTP/1.1" 200 24690 "http://test2.therahuldas.com/24856184043.htm" "Mozilla/5.0 AppleWebKit/537.36 (KHTML, like Gecko; compatible; GPTBot/1.4; +https://openai.com/gptbot)"
74.7.227.141 - - [17/Jun/2026:20:32:13 +0200] "GET /5277298957.htm HTTP/1.1" 200 24692 "http://test2.therahuldas.com/4965372704.htm" "Mozilla/5.0 AppleWebKit/537.36 (KHTML, like Gecko; compatible; GPTBot/1.4; +https://openai.com/gptbot)"
192.178.6.6 - - [17/Jun/2026:20:34:01 +0200] "GET /70309184869.htm HTTP/1.1" 200 24390 "-" "Mozilla/5.0 (Linux; Android 6.0.1; Nexus 5X Build/MMB29P) AppleWebKit/537.36 (KHTML, like Gecko) Chrome/148.0.7778.96 Mobile Safari/537.36 (compatible; GoogleOther)"
192.178.6.7 - - [17/Jun/2026:20:35:33 +0200] "GET /39639229084.htm HTTP/1.1" 200 24754 "-" "Mozilla/5.0 (Linux; Android 6.0.1; Nexus 5X Build/MMB29P) AppleWebKit/537.36 (KHTML, like Gecko) Chrome/148.0.7778.96 Mobile Safari/537.36 (compatible; GoogleOther)"
192.178.6.6 - - [17/Jun/2026:20:36:24 +0200] "GET /93982239058.htm HTTP/1.1" 200 23975 "-" "Mozilla/5.0 (Linux; Android 6.0.1; Nexus 5X Build/MMB29P) AppleWebKit/537.36 (KHTML, like Gecko) Chrome/148.0.7778.96 Mobile Safari/537.36 (compatible; GoogleOther)"
192.178.6.6 - - [17/Jun/2026:20:36:41 +0200] "GET /hiroshi.php?x=121136760 HTTP/1.1" 200 0 "-" "Mozilla/5.0 (compatible; Googlebot/2.1; +http://www.google.com/bot.html)"
192.178.6.6 - - [17/Jun/2026:20:36:56 +0200] "GET /hiroshi.php?g=38538237802 HTTP/1.1" 200 0 "-" "Mozilla/5.0 (Linux; Android 6.0.1; Nexus 5X Build/MMB29P) AppleWebKit/537.36 (KHTML, like Gecko) Chrome/148.0.7778.96 Mobile Safari/537.36 (compatible; Googlebot/2.1; +http://www.google.com/bot.html)"
192.178.6.6 - - [17/Jun/2026:20:37:32 +0200] "GET /13296263746.htm HTTP/1.1" 200 24441 "-" "Mozilla/5.0 (Linux; Android 6.0.1; Nexus 5X Build/MMB29P) AppleWebKit/537.36 (KHTML, like Gecko) Chrome/148.0.7778.96 Mobile Safari/537.36 (compatible; GoogleOther)"
192.178.6.6 - - [17/Jun/2026:20:37:36 +0200] "GET /7030965737.htm HTTP/1.1" 200 23910 "-" "Mozilla/5.0 (Linux; Android 6.0.1; Nexus 5X Build/MMB29P) AppleWebKit/537.36 (KHTML, like Gecko) Chrome/148.0.7778.96 Mobile Safari/537.36 (compatible; GoogleOther)"
192.178.6.8 - - [17/Jun/2026:20:38:06 +0200] "GET /5277268904.htm HTTP/1.1" 200 23878 "-" "Mozilla/5.0 (Linux; Android 6.0.1; Nexus 5X Build/MMB29P) AppleWebKit/537.36 (KHTML, like Gecko) Chrome/148.0.7778.96 Mobile Safari/537.36 (compatible; GoogleOther)"
74.7.227.141 - - [17/Jun/2026:20:32:32 +0200] "GET /5277225668.htm HTTP/1.1" 200 23956 "http://test2.therahuldas.com/24856127484.htm" "Mozilla/5.0 AppleWebKit/537.36 (KHTML, like Gecko; compatible; GPTBot/1.4; +https://openai.com/gptbot)"
74.7.227.141 - - [17/Jun/2026:20:32:35 +0200] "GET /4392727432.htm HTTP/1.1" 200 24704 "http://test2.therahuldas.com/4392788838.htm" "Mozilla/5.0 AppleWebKit/537.36 (KHTML, like Gecko; compatible; GPTBot/1.4; +https://openai.com/gptbot)"
74.7.227.141 - - [17/Jun/2026:20:32:38 +0200] "GET /9398223800.htm HTTP/1.1" 200 25539 "http://test2.therahuldas.com/34415274741.htm" "Mozilla/5.0 AppleWebKit/537.36 (KHTML, like Gecko; compatible; GPTBot/1.4; +https://openai.com/gptbot)"
74.7.227.141 - - [17/Jun/2026:20:32:45 +0200] "GET /4875228744.htm HTTP/1.1" 200 24604 "http://test2.therahuldas.com/7030982501.htm" "Mozilla/5.0 AppleWebKit/537.36 (KHTML, like Gecko; compatible; GPTBot/1.4; +https://openai.com/gptbot)"
74.7.227.141 - - [17/Jun/2026:20:32:48 +0200] "GET /7030970878.htm HTTP/1.1" 200 23637 "http://test2.therahuldas.com/70309176972.htm" "Mozilla/5.0 AppleWebKit/537.36 (KHTML, like Gecko; compatible; GPTBot/1.4; +https://openai.com/gptbot)"
74.7.227.141 - - [17/Jun/2026:20:32:51 +0200] "GET /2485664496.htm HTTP/1.1" 200 23965 "http://test2.therahuldas.com/527722935.htm" "Mozilla/5.0 AppleWebKit/537.36 (KHTML, like Gecko; compatible; GPTBot/1.4; +https://openai.com/gptbot)"
192.178.6.6 - - [17/Jun/2026:20:33:08 +0200] "GET /24856114968.htm HTTP/1.1" 200 23447 "-" "Mozilla/5.0 (Linux; Android 6.0.1; Nexus 5X Build/MMB29P) AppleWebKit/537.36 (KHTML, like Gecko) Chrome/148.0.7778.96 Mobile Safari/537.36 (compatible; GoogleOther)"
74.7.227.141 - - [17/Jun/2026:20:34:57 +0200] "GET /9398255989.htm HTTP/1.1" 200 24120 "http://test2.therahuldas.com/70309152404.htm" "Mozilla/5.0 AppleWebKit/537.36 (KHTML, like Gecko; compatible; GPTBot/1.4; +https://openai.com/gptbot)"
74.7.227.141 - - [17/Jun/2026:20:35:03 +0200] "GET /3963957733.htm HTTP/1.1" 200 23646 "http://test2.therahuldas.com/52772202369.htm" "Mozilla/5.0 AppleWebKit/537.36 (KHTML, like Gecko; compatible; GPTBot/1.4; +https://openai.com/gptbot)"
74.7.227.141 - - [17/Jun/2026:20:35:06 +0200] "GET /5277225239.htm HTTP/1.1" 200 25283 "http://test2.therahuldas.com/7030976261.htm" "Mozilla/5.0 AppleWebKit/537.36 (KHTML, like Gecko; compatible; GPTBot/1.4; +https://openai.com/gptbot)"
192.178.6.7 - - [17/Jun/2026:20:35:10 +0200] "GET /13296265672.htm HTTP/1.1" 200 24080 "-" "Mozilla/5.0 (compatible; Googlebot/2.1; +http://www.google.com/bot.html)"
74.7.227.141 - - [17/Jun/2026:20:35:15 +0200] "GET /3963990569.htm HTTP/1.1" 200 24470 "http://test2.therahuldas.com/93982137627.htm" "Mozilla/5.0 AppleWebKit/537.36 (KHTML, like Gecko; compatible; GPTBot/1.4; +https://openai.com/gptbot)"
192.178.6.6 - - [17/Jun/2026:20:36:07 +0200] "GET /52772259607.htm HTTP/1.1" 200 24248 "-" "Mozilla/5.0 (compatible; Googlebot/2.1; +http://www.google.com/bot.html)"
192.178.6.6 - - [17/Jun/2026:20:37:24 +0200] "GET /13296279.htm HTTP/1.1" 200 25589 "-" "Mozilla/5.0 (Linux; Android 6.0.1; Nexus 5X Build/MMB29P) AppleWebKit/537.36 (KHTML, like Gecko) Chrome/148.0.7778.96 Mobile Safari/537.36 (compatible; GoogleOther)"
192.178.6.6 - - [17/Jun/2026:20:40:47 +0200] "GET /48752150702.htm HTTP/1.1" 200 23888 "-" "Mozilla/5.0 (Linux; Android 6.0.1; Nexus 5X Build/MMB29P) AppleWebKit/537.36 (KHTML, like Gecko) Chrome/148.0.7778.96 Mobile Safari/537.36 (compatible; GoogleOther)"
74.7.227.141 - - [17/Jun/2026:20:33:51 +0200] "GET /3441547110.htm HTTP/1.1" 200 24060 "http://test2.therahuldas.com/3441539344.htm" "Mozilla/5.0 AppleWebKit/537.36 (KHTML, like Gecko; compatible; GPTBot/1.4; +https://openai.com/gptbot)"
74.7.227.141 - - [17/Jun/2026:20:34:01 +0200] "GET /3963957633.htm HTTP/1.1" 200 24258 "http://test2.therahuldas.com/5277279557.htm" "Mozilla/5.0 AppleWebKit/537.36 (KHTML, like Gecko; compatible; GPTBot/1.4; +https://openai.com/gptbot)"
74.7.227.141 - - [17/Jun/2026:20:34:04 +0200] "GET /4965325545.htm HTTP/1.1" 200 23756 "http://test2.therahuldas.com/49653113783.htm" "Mozilla/5.0 AppleWebKit/537.36 (KHTML, like Gecko; compatible; GPTBot/1.4; +https://openai.com/gptbot)"
74.7.227.141 - - [17/Jun/2026:20:34:07 +0200] "GET /3963991016.htm HTTP/1.1" 200 24205 "http://test2.therahuldas.com/93982205837.htm" "Mozilla/5.0 AppleWebKit/537.36 (KHTML, like Gecko; compatible; GPTBot/1.4; +https://openai.com/gptbot)"
74.7.227.141 - - [17/Jun/2026:20:34:10 +0200] "GET /3963930202.htm HTTP/1.1" 200 24261 "http://test2.therahuldas.com/49653193753.htm" "Mozilla/5.0 AppleWebKit/537.36 (KHTML, like Gecko; compatible; GPTBot/1.4; +https://openai.com/gptbot)"
74.7.227.141 - - [17/Jun/2026:20:34:13 +0200] "GET /9398293659.htm HTTP/1.1" 200 24518 "http://test2.therahuldas.com/13296113904.htm" "Mozilla/5.0 AppleWebKit/537.36 (KHTML, like Gecko; compatible; GPTBot/1.4; +https://openai.com/gptbot)"
192.178.6.6 - - [17/Jun/2026:20:34:23 +0200] "GET /49653245778.htm HTTP/1.1" 200 24561 "-" "Mozilla/5.0 (Linux; Android 6.0.1; Nexus 5X Build/MMB29P) AppleWebKit/537.36 (KHTML, like Gecko) Chrome/148.0.7778.96 Mobile Safari/537.36 (compatible; GoogleOther)"
192.178.6.6 - - [17/Jun/2026:20:34:28 +0200] "GET /4965323944.htm HTTP/1.1" 200 23971 "-" "Mozilla/5.0 (Linux; Android 6.0.1; Nexus 5X Build/MMB29P) AppleWebKit/537.36 (KHTML, like Gecko) Chrome/148.0.7778.96 Mobile Safari/537.36 (compatible; GoogleOther)"
192.178.6.6 - - [17/Jun/2026:20:34:32 +0200] "GET /39639109092.htm HTTP/1.1" 200 24143 "-" "Mozilla/5.0 (Linux; Android 6.0.1; Nexus 5X Build/MMB29P) AppleWebKit/537.36 (KHTML, like Gecko) Chrome/148.0.7778.96 Mobile Safari/537.36 (compatible; GoogleOther)"
74.7.227.141 - - [17/Jun/2026:20:36:57 +0200] "GET /5277275405.htm HTTP/1.1" 200 24458 "http://test2.therahuldas.com/3963960236.htm" "Mozilla/5.0 AppleWebKit/537.36 (KHTML, like Gecko; compatible; GPTBot/1.4; +https://openai.com/gptbot)"
192.178.6.6 - - [17/Jun/2026:20:37:02 +0200] "GET /1329685814.htm HTTP/1.1" 200 24914 "-" "Mozilla/5.0 (Linux; Android 6.0.1; Nexus 5X Build/MMB29P) AppleWebKit/537.36 (KHTML, like Gecko) Chrome/148.0.7778.96 Mobile Safari/537.36 (compatible; Googlebot/2.1; +http://www.google.com/bot.html)"
74.7.227.141 - - [17/Jun/2026:20:37:10 +0200] "GET /3441594110.htm HTTP/1.1" 200 23996 "http://test2.therahuldas.com/3963963596.htm" "Mozilla/5.0 AppleWebKit/537.36 (KHTML, like Gecko; compatible; GPTBot/1.4; +https://openai.com/gptbot)"
74.7.227.141 - - [17/Jun/2026:20:37:19 +0200] "GET /9398228312.htm HTTP/1.1" 200 23796 "http://test2.therahuldas.com/43927252964.htm" "Mozilla/5.0 AppleWebKit/537.36 (KHTML, like Gecko; compatible; GPTBot/1.4; +https://openai.com/gptbot)"
74.7.227.141 - - [17/Jun/2026:20:37:22 +0200] "GET /5277297696.htm HTTP/1.1" 200 25210 "http://test2.therahuldas.com/5277252700.htm" "Mozilla/5.0 AppleWebKit/537.36 (KHTML, like Gecko; compatible; GPTBot/1.4; +https://openai.com/gptbot)"
74.7.227.141 - - [17/Jun/2026:20:37:35 +0200] "GET /4392749449.htm HTTP/1.1" 200 24717 "http://test2.therahuldas.com/49653253300.htm" "Mozilla/5.0 AppleWebKit/537.36 (KHTML, like Gecko; compatible; GPTBot/1.4; +https://openai.com/gptbot)"
74.7.227.141 - - [17/Jun/2026:20:37:38 +0200] "GET /9398233849.htm HTTP/1.1" 200 24076 "http://test2.therahuldas.com/70309120663.htm" "Mozilla/5.0 AppleWebKit/537.36 (KHTML, like Gecko; compatible; GPTBot/1.4; +https://openai.com/gptbot)"
192.178.6.7 - - [17/Jun/2026:20:26:22 +0200] "GET /13296123732.htm HTTP/1.1" 200 24794 "-" "Mozilla/5.0 (Linux; Android 6.0.1; Nexus 5X Build/MMB29P) AppleWebKit/537.36 (KHTML, like Gecko) Chrome/148.0.7778.96 Mobile Safari/537.36 (compatible; Googlebot/2.1; +http://www.google.com/bot.html)"
74.7.227.141 - - [17/Jun/2026:20:29:07 +0200] "GET /3963930940.htm HTTP/1.1" 200 24624 "http://test2.therahuldas.com/13296192588.htm" "Mozilla/5.0 AppleWebKit/537.36 (KHTML, like Gecko; compatible; GPTBot/1.4; +https://openai.com/gptbot)"
74.7.227.141 - - [17/Jun/2026:20:29:13 +0200] "GET /3441587484.htm HTTP/1.1" 200 25227 "http://test2.therahuldas.com/13296139528.htm" "Mozilla/5.0 AppleWebKit/537.36 (KHTML, like Gecko; compatible; GPTBot/1.4; +https://openai.com/gptbot)"
74.7.227.141 - - [17/Jun/2026:20:29:16 +0200] "GET /2485618448.htm HTTP/1.1" 200 24092 "http://test2.therahuldas.com/4875275758.htm" "Mozilla/5.0 AppleWebKit/537.36 (KHTML, like Gecko; compatible; GPTBot/1.4; +https://openai.com/gptbot)"
192.178.6.8 - - [17/Jun/2026:20:31:29 +0200] "GET /24856213146.htm HTTP/1.1" 200 23722 "-" "Mozilla/5.0 (Linux; Android 6.0.1; Nexus 5X Build/MMB29P) AppleWebKit/537.36 (KHTML, like Gecko) Chrome/148.0.7778.96 Mobile Safari/537.36 (compatible; GoogleOther)"
192.178.6.8 - - [17/Jun/2026:20:32:30 +0200] "GET /93982137187.htm HTTP/1.1" 200 24085 "-" "Mozilla/5.0 (Linux; Android 6.0.1; Nexus 5X Build/MMB29P) AppleWebKit/537.36 (KHTML, like Gecko) Chrome/148.0.7778.96 Mobile Safari/537.36 (compatible; GoogleOther)"
192.178.6.6 - - [17/Jun/2026:20:35:41 +0200] "GET /5277242022.htm HTTP/1.1" 200 24361 "-" "Mozilla/5.0 (compatible; Googlebot/2.1; +http://www.google.com/bot.html)"
74.7.227.141 - - [17/Jun/2026:20:36:35 +0200] "GET /3963995103.htm HTTP/1.1" 200 24632 "http://test2.therahuldas.com/52772231034.htm" "Mozilla/5.0 AppleWebKit/537.36 (KHTML, like Gecko; compatible; GPTBot/1.4; +https://openai.com/gptbot)"
74.7.227.141 - - [17/Jun/2026:20:36:41 +0200] "GET /4875247855.htm HTTP/1.1" 200 24162 "http://test2.therahuldas.com/52772261511.htm" "Mozilla/5.0 AppleWebKit/537.36 (KHTML, like Gecko; compatible; GPTBot/1.4; +https://openai.com/gptbot)"
74.7.227.141 - - [17/Jun/2026:20:36:44 +0200] "GET /4392721233.htm HTTP/1.1" 200 24107 "http://test2.therahuldas.com/4392785403.htm" "Mozilla/5.0 AppleWebKit/537.36 (KHTML, like Gecko; compatible; GPTBot/1.4; +https://openai.com/gptbot)"
192.178.6.8 - - [17/Jun/2026:20:37:03 +0200] "GET /5277252229.htm HTTP/1.1" 200 24835 "-" "Mozilla/5.0 (Linux; Android 6.0.1; Nexus 5X Build/MMB29P) AppleWebKit/537.36 (KHTML, like Gecko) Chrome/148.0.7778.96 Mobile Safari/537.36 (compatible; Googlebot/2.1; +http://www.google.com/bot.html)"
192.178.6.6 - - [17/Jun/2026:20:40:35 +0200] "GET /7030919554.htm HTTP/1.1" 200 24524 "-" "Mozilla/5.0 (Linux; Android 6.0.1; Nexus 5X Build/MMB29P) AppleWebKit/537.36 (KHTML, like Gecko) Chrome/148.0.7778.96 Mobile Safari/537.36 (compatible; GoogleOther)"
192.178.6.6 - - [17/Jun/2026:20:40:37 +0200] "GET /2485672828.htm HTTP/1.1" 200 24881 "-" "Mozilla/5.0 (Linux; Android 6.0.1; Nexus 5X Build/MMB29P) AppleWebKit/537.36 (KHTML, like Gecko) Chrome/148.0.7778.96 Mobile Safari/537.36 (compatible; GoogleOther)"
192.178.6.6 - - [17/Jun/2026:20:40:39 +0200] "GET /49653183373.htm HTTP/1.1" 200 24121 "-" "Mozilla/5.0 (Linux; Android 6.0.1; Nexus 5X Build/MMB29P) AppleWebKit/537.36 (KHTML, like Gecko) Chrome/148.0.7778.96 Mobile Safari/537.36 (compatible; GoogleOther)"
192.178.6.6 - - [17/Jun/2026:20:26:19 +0200] "GET /5277261114.htm HTTP/1.1" 200 23489 "-" "Mozilla/5.0 (Linux; Android 6.0.1; Nexus 5X Build/MMB29P) AppleWebKit/537.36 (KHTML, like Gecko) Chrome/148.0.7778.96 Mobile Safari/537.36 (compatible; GoogleOther)"
192.178.6.6 - - [17/Jun/2026:20:26:22 +0200] "GET /34415104592.htm HTTP/1.1" 200 24937 "-" "Mozilla/5.0 (Linux; Android 6.0.1; Nexus 5X Build/MMB29P) AppleWebKit/537.36 (KHTML, like Gecko) Chrome/148.0.7778.96 Mobile Safari/537.36 (compatible; GoogleOther)"
172.173.67.22 - - [17/Jun/2026:20:27:15 +0200] "GET /file25.php HTTP/1.1" 404 0 "-" "-"
172.173.67.22 - - [17/Jun/2026:20:27:16 +0200] "GET /hg.php HTTP/1.1" 404 0 "-" "-"
172.173.67.22 - - [17/Jun/2026:20:27:17 +0200] "GET /file48.php HTTP/1.1" 404 0 "-" "-"
172.173.67.22 - - [17/Jun/2026:20:27:17 +0200] "GET /ff.php HTTP/1.1" 404 0 "-" "-"
172.173.67.22 - - [17/Jun/2026:20:27:18 +0200] "GET /file31.php HTTP/1.1" 404 0 "-" "-"
172.173.67.22 - - [17/Jun/2026:20:27:18 +0200] "GET /file6.php HTTP/1.1" 404 0 "-" "-"
172.173.67.22 - - [17/Jun/2026:20:27:19 +0200] "GET /a2.php HTTP/1.1" 404 0 "-" "-"
172.173.67.22 - - [17/Jun/2026:20:27:20 +0200] "GET /file15.php HTTP/1.1" 404 0 "-" "-"
172.173.67.22 - - [17/Jun/2026:20:27:20 +0200] "GET /no1.php HTTP/1.1" 404 0 "-" "-"
172.173.67.22 - - [17/Jun/2026:20:27:21 +0200] "GET /jp.php HTTP/1.1" 404 0 "-" "-"
172.173.67.22 - - [17/Jun/2026:20:27:22 +0200] "GET /f35.php HTTP/1.1" 404 0 "-" "-"
172.173.67.22 - - [17/Jun/2026:20:27:23 +0200] "GET /wp-load.php HTTP/1.1" 200 0 "-" "-"
172.173.67.22 - - [17/Jun/2026:20:27:23 +0200] "GET //xwpg.php HTTP/1.1" 404 0 "-" "-"
172.173.67.22 - - [17/Jun/2026:20:27:24 +0200] "GET //wp-includes/assets/ HTTP/1.1" 200 2526 "-" "-"
172.173.67.22 - - [17/Jun/2026:20:27:24 +0200] "GET /ddd.php HTTP/1.1" 404 0 "-" "-"
172.173.67.22 - - [17/Jun/2026:20:27:25 +0200] "GET /wp-admin/css/colors/sunrise/ HTTP/1.1" 200 2757 "-" "-"
172.173.67.22 - - [17/Jun/2026:20:27:25 +0200] "GET /waf.php HTTP/1.1" 404 0 "-" "-"
172.173.67.22 - - [17/Jun/2026:20:27:26 +0200] "GET /xstelth.php HTTP/1.1" 404 0 "-" "-"
172.173.67.22 - - [17/Jun/2026:20:27:27 +0200] "GET /wp-admin/css/colors/midnight/about.php HTTP/1.1" 404 0 "-" "-"
172.173.67.22 - - [17/Jun/2026:20:27:28 +0200] "GET /wp-links.php HTTP/1.1" 404 0 "-" "-"
172.173.67.22 - - [17/Jun/2026:20:27:28 +0200] "GET /wp-admin/network/plugins.php HTTP/1.1" 302 0 "-" "-"
192.178.6.7 - - [17/Jun/2026:20:28:11 +0200] "GET /70309269263.htm HTTP/1.1" 200 24190 "-" "Mozilla/5.0 (Linux; Android 6.0.1; Nexus 5X Build/MMB29P) AppleWebKit/537.36 (KHTML, like Gecko) Chrome/148.0.7778.96 Mobile Safari/537.36 (compatible; GoogleOther)"
192.178.6.6 - - [17/Jun/2026:20:28:39 +0200] "GET /4392732050.htm HTTP/1.1" 200 24226 "-" "Mozilla/5.0 (Linux; Android 6.0.1; Nexus 5X Build/MMB29P) AppleWebKit/537.36 (KHTML, like Gecko) Chrome/148.0.7778.96 Mobile Safari/537.36 (compatible; Googlebot/2.1; +http://www.google.com/bot.html)"
192.178.6.7 - - [17/Jun/2026:20:31:25 +0200] "GET /48752240673.htm HTTP/1.1" 200 24671 "-" "Mozilla/5.0 (Linux; Android 6.0.1; Nexus 5X Build/MMB29P) AppleWebKit/537.36 (KHTML, like Gecko) Chrome/148.0.7778.96 Mobile Safari/537.36 (compatible; GoogleOther)"
74.7.227.141 - - [17/Jun/2026:20:36:22 +0200] "GET /9398230739.htm HTTP/1.1" 200 24425 "http://test2.therahuldas.com/52772123213.htm" "Mozilla/5.0 AppleWebKit/537.36 (KHTML, like Gecko; compatible; GPTBot/1.4; +https://openai.com/gptbot)"
192.178.6.6 - - [17/Jun/2026:20:37:44 +0200] "GET /939823329.htm HTTP/1.1" 200 24682 "-" "Mozilla/5.0 (compatible; Googlebot/2.1; +http://www.google.com/bot.html)"
192.178.6.6 - - [17/Jun/2026:20:38:34 +0200] "GET /43927268889.htm HTTP/1.1" 200 23920 "-" "Mozilla/5.0 (Linux; Android 6.0.1; Nexus 5X Build/MMB29P) AppleWebKit/537.36 (KHTML, like Gecko) Chrome/148.0.7778.96 Mobile Safari/537.36 (compatible; GoogleOther)"
192.178.6.6 - - [17/Jun/2026:20:38:37 +0200] "GET /13296118197.htm HTTP/1.1" 200 24604 "-" "Mozilla/5.0 (Linux; Android 6.0.1; Nexus 5X Build/MMB29P) AppleWebKit/537.36 (KHTML, like Gecko) Chrome/148.0.7778.96 Mobile Safari/537.36 (compatible; GoogleOther)"
192.178.6.6 - - [17/Jun/2026:20:39:35 +0200] "GET /3963944290.htm HTTP/1.1" 200 25246 "-" "Mozilla/5.0 (Linux; Android 6.0.1; Nexus 5X Build/MMB29P) AppleWebKit/537.36 (KHTML, like Gecko) Chrome/148.0.7778.96 Mobile Safari/537.36 (compatible; GoogleOther)"
192.178.6.7 - - [17/Jun/2026:20:39:38 +0200] "GET /4392748872.htm HTTP/1.1" 200 24513 "-" "Mozilla/5.0 (Linux; Android 6.0.1; Nexus 5X Build/MMB29P) AppleWebKit/537.36 (KHTML, like Gecko) Chrome/148.0.7778.96 Mobile Safari/537.36 (compatible; GoogleOther)"
192.178.6.6 - - [17/Jun/2026:20:39:40 +0200] "GET /43927111790.htm HTTP/1.1" 200 23901 "-" "Mozilla/5.0 (Linux; Android 6.0.1; Nexus 5X Build/MMB29P) AppleWebKit/537.36 (KHTML, like Gecko) Chrome/148.0.7778.96 Mobile Safari/537.36 (compatible; GoogleOther)"
74.7.227.141 - - [17/Jun/2026:20:41:33 +0200] "GET /9398232539.htm HTTP/1.1" 200 24344 "http://test2.therahuldas.com/4965361965.htm" "Mozilla/5.0 AppleWebKit/537.36 (KHTML, like Gecko; compatible; GPTBot/1.4; +https://openai.com/gptbot)"
74.7.227.141 - - [17/Jun/2026:20:41:36 +0200] "GET /5277221426.htm HTTP/1.1" 200 24465 "http://test2.therahuldas.com/5277241527.htm" "Mozilla/5.0 AppleWebKit/537.36 (KHTML, like Gecko; compatible; GPTBot/1.4; +https://openai.com/gptbot)"
74.7.227.141 - - [17/Jun/2026:20:41:39 +0200] "GET /3963996050.htm HTTP/1.1" 200 25575 "http://test2.therahuldas.com/43927242610.htm" "Mozilla/5.0 AppleWebKit/537.36 (KHTML, like Gecko; compatible; GPTBot/1.4; +https://openai.com/gptbot)"
74.7.227.141 - - [17/Jun/2026:20:41:42 +0200] "GET /5277291977.htm HTTP/1.1" 200 24163 "http://test2.therahuldas.com/34415191001.htm" "Mozilla/5.0 AppleWebKit/537.36 (KHTML, like Gecko; compatible; GPTBot/1.4; +https://openai.com/gptbot)"
74.7.227.141 - - [17/Jun/2026:20:41:45 +0200] "GET /3441532552.htm HTTP/1.1" 200 24386 "http://test2.therahuldas.com/4875296536.htm" "Mozilla/5.0 AppleWebKit/537.36 (KHTML, like Gecko; compatible; GPTBot/1.4; +https://openai.com/gptbot)"
74.7.227.141 - - [17/Jun/2026:20:41:55 +0200] "GET /4392752922.htm HTTP/1.1" 200 24477 "http://test2.therahuldas.com/4965396569.htm" "Mozilla/5.0 AppleWebKit/537.36 (KHTML, like Gecko; compatible; GPTBot/1.4; +https://openai.com/gptbot)"
74.7.227.141 - - [17/Jun/2026:20:41:58 +0200] "GET /3441546676.htm HTTP/1.1" 200 24410 "http://test2.therahuldas.com/4965339564.htm" "Mozilla/5.0 AppleWebKit/537.36 (KHTML, like Gecko; compatible; GPTBot/1.4; +https://openai.com/gptbot)"
74.7.227.141 - - [17/Jun/2026:20:42:01 +0200] "GET /3963956990.htm HTTP/1.1" 200 24556 "http://test2.therahuldas.com/3441588035.htm" "Mozilla/5.0 AppleWebKit/537.36 (KHTML, like Gecko; compatible; GPTBot/1.4; +https://openai.com/gptbot)"
74.7.227.141 - - [17/Jun/2026:20:42:04 +0200] "GET /9398231288.htm HTTP/1.1" 200 23949 "http://test2.therahuldas.com/48752171273.htm" "Mozilla/5.0 AppleWebKit/537.36 (KHTML, like Gecko; compatible; GPTBot/1.4; +https://openai.com/gptbot)"
74.7.227.141 - - [17/Jun/2026:20:42:07 +0200] "GET /1329669069.htm HTTP/1.1" 200 24265 "http://test2.therahuldas.com/13296184863.htm" "Mozilla/5.0 AppleWebKit/537.36 (KHTML, like Gecko; compatible; GPTBot/1.4; +https://openai.com/gptbot)"
74.7.227.141 - - [17/Jun/2026:20:42:20 +0200] "GET /5277279276.htm HTTP/1.1" 200 23965 "http://test2.therahuldas.com/9398232310.htm" "Mozilla/5.0 AppleWebKit/537.36 (KHTML, like Gecko; compatible; GPTBot/1.4; +https://openai.com/gptbot)"
74.7.227.141 - - [17/Jun/2026:20:42:23 +0200] "GET /3963956345.htm HTTP/1.1" 200 24541 "http://test2.therahuldas.com/52772210479.htm" "Mozilla/5.0 AppleWebKit/537.36 (KHTML, like Gecko; compatible; GPTBot/1.4; +https://openai.com/gptbot)"
74.7.227.141 - - [17/Jun/2026:20:42:26 +0200] "GET /5277256366.htm HTTP/1.1" 200 26162 "http://test2.therahuldas.com/5277279797.htm" "Mozilla/5.0 AppleWebKit/537.36 (KHTML, like Gecko; compatible; GPTBot/1.4; +https://openai.com/gptbot)"
74.7.227.141 - - [17/Jun/2026:20:42:30 +0200] "GET /3441517534.htm HTTP/1.1" 200 23958 "http://test2.therahuldas.com/9398292114.htm" "Mozilla/5.0 AppleWebKit/537.36 (KHTML, like Gecko; compatible; GPTBot/1.4; +https://openai.com/gptbot)"
74.7.227.141 - - [17/Jun/2026:20:42:38 +0200] "GET /5277265535.htm HTTP/1.1" 200 24248 "http://test2.therahuldas.com/5277231609.htm" "Mozilla/5.0 AppleWebKit/537.36 (KHTML, like Gecko; compatible; GPTBot/1.4; +https://openai.com/gptbot)"
74.7.227.141 - - [17/Jun/2026:20:42:42 +0200] "GET /3963950960.htm HTTP/1.1" 200 24531 "http://test2.therahuldas.com/4965310961.htm" "Mozilla/5.0 AppleWebKit/537.36 (KHTML, like Gecko; compatible; GPTBot/1.4; +https://openai.com/gptbot)"
192.178.6.8 - - [17/Jun/2026:20:42:42 +0200] "GET /13296225119.htm HTTP/1.1" 200 24441 "-" "Mozilla/5.0 (Linux; Android 6.0.1; Nexus 5X Build/MMB29P) AppleWebKit/537.36 (KHTML, like Gecko) Chrome/148.0.7778.96 Mobile Safari/537.36 (compatible; GoogleOther)"
74.7.227.141 - - [17/Jun/2026:20:42:45 +0200] "GET /4965394149.htm HTTP/1.1" 200 23917 "http://test2.therahuldas.com/24856213161.htm" "Mozilla/5.0 AppleWebKit/537.36 (KHTML, like Gecko; compatible; GPTBot/1.4; +https://openai.com/gptbot)"
74.7.227.141 - - [17/Jun/2026:20:42:54 +0200] "GET /9398239347.htm HTTP/1.1" 200 24318 "http://test2.therahuldas.com/70309200206.htm" "Mozilla/5.0 AppleWebKit/537.36 (KHTML, like Gecko; compatible; GPTBot/1.4; +https://openai.com/gptbot)"
74.7.227.141 - - [17/Jun/2026:20:42:57 +0200] "GET /3441553843.htm HTTP/1.1" 200 24419 "http://test2.therahuldas.com/70309232605.htm" "Mozilla/5.0 AppleWebKit/537.36 (KHTML, like Gecko; compatible; GPTBot/1.4; +https://openai.com/gptbot)"
74.7.227.141 - - [17/Jun/2026:20:43:00 +0200] "GET /3963979513.htm HTTP/1.1" 200 24177 "http://test2.therahuldas.com/4875228373.htm" "Mozilla/5.0 AppleWebKit/537.36 (KHTML, like Gecko; compatible; GPTBot/1.4; +https://openai.com/gptbot)"
74.7.227.141 - - [17/Jun/2026:20:43:04 +0200] "GET /3441543951.htm HTTP/1.1" 200 25207 "http://test2.therahuldas.com/13296189856.htm" "Mozilla/5.0 AppleWebKit/537.36 (KHTML, like Gecko; compatible; GPTBot/1.4; +https://openai.com/gptbot)"
74.7.227.141 - - [17/Jun/2026:20:43:10 +0200] "GET /3441566416.htm HTTP/1.1" 200 24106 "http://test2.therahuldas.com/24856151570.htm" "Mozilla/5.0 AppleWebKit/537.36 (KHTML, like Gecko; compatible; GPTBot/1.4; +https://openai.com/gptbot)"
74.7.227.141 - - [17/Jun/2026:20:43:17 +0200] "GET /3441577977.htm HTTP/1.1" 200 25480 "http://test2.therahuldas.com/48752146811.htm" "Mozilla/5.0 AppleWebKit/537.36 (KHTML, like Gecko; compatible; GPTBot/1.4; +https://openai.com/gptbot)"
74.7.227.141 - - [17/Jun/2026:20:43:20 +0200] "GET /3963959382.htm HTTP/1.1" 200 25078 "http://test2.therahuldas.com/93982144986.htm" "Mozilla/5.0 AppleWebKit/537.36 (KHTML, like Gecko; compatible; GPTBot/1.4; +https://openai.com/gptbot)"
74.7.227.141 - - [17/Jun/2026:20:43:26 +0200] "GET /4392727762.htm HTTP/1.1" 200 24505 "http://test2.therahuldas.com/3963967996.htm" "Mozilla/5.0 AppleWebKit/537.36 (KHTML, like Gecko; compatible; GPTBot/1.4; +https://openai.com/gptbot)"
74.7.227.141 - - [17/Jun/2026:20:43:29 +0200] "GET /3441515050.htm HTTP/1.1" 200 24102 "http://test2.therahuldas.com/93982280670.htm" "Mozilla/5.0 AppleWebKit/537.36 (KHTML, like Gecko; compatible; GPTBot/1.4; +https://openai.com/gptbot)"
74.7.227.141 - - [17/Jun/2026:20:43:36 +0200] "GET /3441540313.htm HTTP/1.1" 200 25072 "http://test2.therahuldas.com/49653239796.htm" "Mozilla/5.0 AppleWebKit/537.36 (KHTML, like Gecko; compatible; GPTBot/1.4; +https://openai.com/gptbot)"
74.7.227.141 - - [17/Jun/2026:20:43:39 +0200] "GET /5277253637.htm HTTP/1.1" 200 24977 "http://test2.therahuldas.com/49653156521.htm" "Mozilla/5.0 AppleWebKit/537.36 (KHTML, like Gecko; compatible; GPTBot/1.4; +https://openai.com/gptbot)"
74.7.227.141 - - [17/Jun/2026:20:43:42 +0200] "GET /3963956376.htm HTTP/1.1" 200 24360 "http://test2.therahuldas.com/93982180478.htm" "Mozilla/5.0 AppleWebKit/537.36 (KHTML, like Gecko; compatible; GPTBot/1.4; +https://openai.com/gptbot)"
74.7.227.141 - - [17/Jun/2026:20:43:45 +0200] "GET /3441541325.htm HTTP/1.1" 200 24499 "http://test2.therahuldas.com/70309197747.htm" "Mozilla/5.0 AppleWebKit/537.36 (KHTML, like Gecko; compatible; GPTBot/1.4; +https://openai.com/gptbot)"
74.7.227.141 - - [17/Jun/2026:20:43:49 +0200] "GET /5277212117.htm HTTP/1.1" 200 24190 "http://test2.therahuldas.com/48752133403.htm" "Mozilla/5.0 AppleWebKit/537.36 (KHTML, like Gecko; compatible; GPTBot/1.4; +https://openai.com/gptbot)"
74.7.227.141 - - [17/Jun/2026:20:43:52 +0200] "GET /4392724337.htm HTTP/1.1" 200 23916 "http://test2.therahuldas.com/39639269087.htm" "Mozilla/5.0 AppleWebKit/537.36 (KHTML, like Gecko; compatible; GPTBot/1.4; +https://openai.com/gptbot)"
74.7.227.141 - - [17/Jun/2026:20:43:55 +0200] "GET /7030987020.htm HTTP/1.1" 200 24408 "http://test2.therahuldas.com/9398296850.htm" "Mozilla/5.0 AppleWebKit/537.36 (KHTML, like Gecko; compatible; GPTBot/1.4; +https://openai.com/gptbot)"
192.178.6.6 - - [17/Jun/2026:20:41:49 +0200] "GET /43927271251.htm HTTP/1.1" 200 24057 "-" "Mozilla/5.0 (Linux; Android 6.0.1; Nexus 5X Build/MMB29P) AppleWebKit/537.36 (KHTML, like Gecko) Chrome/148.0.7778.96 Mobile Safari/537.36 (compatible; GoogleOther)"
192.178.6.6 - - [17/Jun/2026:20:41:54 +0200] "GET /13296260635.htm HTTP/1.1" 200 24224 "-" "Mozilla/5.0 (Linux; Android 6.0.1; Nexus 5X Build/MMB29P) AppleWebKit/537.36 (KHTML, like Gecko) Chrome/148.0.7778.96 Mobile Safari/537.36 (compatible; GoogleOther)"
74.7.227.141 - - [17/Jun/2026:20:44:26 +0200] "GET /9398235389.htm HTTP/1.1" 200 24812 "http://test2.therahuldas.com/1329694273.htm" "Mozilla/5.0 AppleWebKit/537.36 (KHTML, like Gecko; compatible; GPTBot/1.4; +https://openai.com/gptbot)"
74.7.227.141 - - [17/Jun/2026:20:44:29 +0200] "GET /3963913730.htm HTTP/1.1" 200 25077 "http://test2.therahuldas.com/39639233943.htm" "Mozilla/5.0 AppleWebKit/537.36 (KHTML, like Gecko; compatible; GPTBot/1.4; +https://openai.com/gptbot)"
74.7.227.141 - - [17/Jun/2026:20:44:36 +0200] "GET /4965332933.htm HTTP/1.1" 200 24282 "http://test2.therahuldas.com/48752220670.htm" "Mozilla/5.0 AppleWebKit/537.36 (KHTML, like Gecko; compatible; GPTBot/1.4; +https://openai.com/gptbot)"
74.7.227.141 - - [17/Jun/2026:20:44:42 +0200] "GET /3441574515.htm HTTP/1.1" 200 24459 "http://test2.therahuldas.com/43927154443.htm" "Mozilla/5.0 AppleWebKit/537.36 (KHTML, like Gecko; compatible; GPTBot/1.4; +https://openai.com/gptbot)"
74.7.227.141 - - [17/Jun/2026:20:44:48 +0200] "GET /3441525323.htm HTTP/1.1" 200 25046 "http://test2.therahuldas.com/4965353583.htm" "Mozilla/5.0 AppleWebKit/537.36 (KHTML, like Gecko; compatible; GPTBot/1.4; +https://openai.com/gptbot)"
74.7.227.141 - - [17/Jun/2026:20:44:51 +0200] "GET /9398277233.htm HTTP/1.1" 200 24417 "http://test2.therahuldas.com/52772187146.htm" "Mozilla/5.0 AppleWebKit/537.36 (KHTML, like Gecko; compatible; GPTBot/1.4; +https://openai.com/gptbot)"
74.7.227.141 - - [17/Jun/2026:20:44:55 +0200] "GET /4392725422.htm HTTP/1.1" 200 24094 "http://test2.therahuldas.com/1329671085.htm" "Mozilla/5.0 AppleWebKit/537.36 (KHTML, like Gecko; compatible; GPTBot/1.4; +https://openai.com/gptbot)"
74.7.227.141 - - [17/Jun/2026:20:45:01 +0200] "GET /3441526446.htm HTTP/1.1" 200 24617 "http://test2.therahuldas.com/3441555357.htm" "Mozilla/5.0 AppleWebKit/537.36 (KHTML, like Gecko; compatible; GPTBot/1.4; +https://openai.com/gptbot)"
74.7.227.141 - - [17/Jun/2026:20:45:04 +0200] "GET /5277274124.htm HTTP/1.1" 200 24227 "http://test2.therahuldas.com/13296248823.htm" "Mozilla/5.0 AppleWebKit/537.36 (KHTML, like Gecko; compatible; GPTBot/1.4; +https://openai.com/gptbot)"
74.7.227.141 - - [17/Jun/2026:20:45:11 +0200] "GET /3963953545.htm HTTP/1.1" 200 24634 "http://test2.therahuldas.com/4965330529.htm" "Mozilla/5.0 AppleWebKit/537.36 (KHTML, like Gecko; compatible; GPTBot/1.4; +https://openai.com/gptbot)"
192.178.6.6 - - [17/Jun/2026:20:45:32 +0200] "GET /70309264262.htm HTTP/1.1" 200 24000 "-" "Mozilla/5.0 (Linux; Android 6.0.1; Nexus 5X Build/MMB29P) AppleWebKit/537.36 (KHTML, like Gecko) Chrome/148.0.7778.96 Mobile Safari/537.36 (compatible; GoogleOther)"
192.178.6.6 - - [17/Jun/2026:20:46:24 +0200] "GET /48752140204.htm HTTP/1.1" 200 24078 "-" "Mozilla/5.0 (Linux; Android 6.0.1; Nexus 5X Build/MMB29P) AppleWebKit/537.36 (KHTML, like Gecko) Chrome/148.0.7778.96 Mobile Safari/537.36 (compatible; Googlebot/2.1; +http://www.google.com/bot.html)"
192.178.6.6 - - [17/Jun/2026:20:46:43 +0200] "GET /24856132531.htm HTTP/1.1" 200 24929 "-" "Mozilla/5.0 (Linux; Android 6.0.1; Nexus 5X Build/MMB29P) AppleWebKit/537.36 (KHTML, like Gecko) Chrome/148.0.7778.96 Mobile Safari/537.36 (compatible; GoogleOther)"
192.178.6.6 - - [17/Jun/2026:20:46:45 +0200] "GET /3441553658.htm HTTP/1.1" 200 25279 "-" "Mozilla/5.0 (Linux; Android 6.0.1; Nexus 5X Build/MMB29P) AppleWebKit/537.36 (KHTML, like Gecko) Chrome/148.0.7778.96 Mobile Safari/537.36 (compatible; Googlebot/2.1; +http://www.google.com/bot.html)"
192.178.6.6 - - [17/Jun/2026:20:43:10 +0200] "GET /34415162033.htm HTTP/1.1" 200 24385 "-" "Mozilla/5.0 (Linux; Android 6.0.1; Nexus 5X Build/MMB29P) AppleWebKit/537.36 (KHTML, like Gecko) Chrome/148.0.7778.96 Mobile Safari/537.36 (compatible; Googlebot/2.1; +http://www.google.com/bot.html)"
192.178.6.6 - - [17/Jun/2026:20:43:21 +0200] "GET /43927256161.htm HTTP/1.1" 200 24629 "-" "Mozilla/5.0 (Linux; Android 6.0.1; Nexus 5X Build/MMB29P) AppleWebKit/537.36 (KHTML, like Gecko) Chrome/148.0.7778.96 Mobile Safari/537.36 (compatible; Googlebot/2.1; +http://www.google.com/bot.html)"
192.178.6.6 - - [17/Jun/2026:20:44:11 +0200] "GET /13296177556.htm HTTP/1.1" 200 25075 "-" "Mozilla/5.0 (compatible; Googlebot/2.1; +http://www.google.com/bot.html)"
192.178.6.6 - - [17/Jun/2026:20:44:16 +0200] "GET /3963984768.htm HTTP/1.1" 200 24348 "-" "Mozilla/5.0 (compatible; Googlebot/2.1; +http://www.google.com/bot.html)"
74.7.227.141 - - [17/Jun/2026:20:45:49 +0200] "GET /7030914330.htm HTTP/1.1" 200 24134 "http://test2.therahuldas.com/4392744927.htm" "Mozilla/5.0 AppleWebKit/537.36 (KHTML, like Gecko; compatible; GPTBot/1.4; +https://openai.com/gptbot)"
74.7.227.141 - - [17/Jun/2026:20:45:52 +0200] "GET /7030976100.htm HTTP/1.1" 200 24488 "http://test2.therahuldas.com/7030975837.htm" "Mozilla/5.0 AppleWebKit/537.36 (KHTML, like Gecko; compatible; GPTBot/1.4; +https://openai.com/gptbot)"
74.7.227.141 - - [17/Jun/2026:20:45:55 +0200] "GET /1329621916.htm HTTP/1.1" 200 23829 "http://test2.therahuldas.com/48752211658.htm" "Mozilla/5.0 AppleWebKit/537.36 (KHTML, like Gecko; compatible; GPTBot/1.4; +https://openai.com/gptbot)"
74.7.227.141 - - [17/Jun/2026:20:46:12 +0200] "GET /3963944848.htm HTTP/1.1" 200 25068 "http://test2.therahuldas.com/9398298243.htm" "Mozilla/5.0 AppleWebKit/537.36 (KHTML, like Gecko; compatible; GPTBot/1.4; +https://openai.com/gptbot)"
74.7.227.141 - - [17/Jun/2026:20:46:15 +0200] "GET /5277275539.htm HTTP/1.1" 200 24394 "http://test2.therahuldas.com/7030990309.htm" "Mozilla/5.0 AppleWebKit/537.36 (KHTML, like Gecko; compatible; GPTBot/1.4; +https://openai.com/gptbot)"
74.7.227.141 - - [17/Jun/2026:20:46:22 +0200] "GET /3963935793.htm HTTP/1.1" 200 24841 "http://test2.therahuldas.com/34415190853.htm" "Mozilla/5.0 AppleWebKit/537.36 (KHTML, like Gecko; compatible; GPTBot/1.4; +https://openai.com/gptbot)"
74.7.227.141 - - [17/Jun/2026:20:46:25 +0200] "GET /5277295977.htm HTTP/1.1" 200 25615 "http://test2.therahuldas.com/48752184720.htm" "Mozilla/5.0 AppleWebKit/537.36 (KHTML, like Gecko; compatible; GPTBot/1.4; +https://openai.com/gptbot)"
74.7.227.141 - - [17/Jun/2026:20:46:28 +0200] "GET /4875274479.htm HTTP/1.1" 200 24221 "http://test2.therahuldas.com/4392767731.htm" "Mozilla/5.0 AppleWebKit/537.36 (KHTML, like Gecko; compatible; GPTBot/1.4; +https://openai.com/gptbot)"
74.7.227.141 - - [17/Jun/2026:20:46:31 +0200] "GET /3963985393.htm HTTP/1.1" 200 24345 "http://test2.therahuldas.com/3441520322.htm" "Mozilla/5.0 AppleWebKit/537.36 (KHTML, like Gecko; compatible; GPTBot/1.4; +https://openai.com/gptbot)"
74.7.227.141 - - [17/Jun/2026:20:46:37 +0200] "GET /3963987934.htm HTTP/1.1" 200 24554 "http://test2.therahuldas.com/4392747439.htm" "Mozilla/5.0 AppleWebKit/537.36 (KHTML, like Gecko; compatible; GPTBot/1.4; +https://openai.com/gptbot)"
74.7.227.141 - - [17/Jun/2026:20:46:44 +0200] "GET /5277225218.htm HTTP/1.1" 200 24480 "http://test2.therahuldas.com/93982272471.htm" "Mozilla/5.0 AppleWebKit/537.36 (KHTML, like Gecko; compatible; GPTBot/1.4; +https://openai.com/gptbot)"
74.7.227.141 - - [17/Jun/2026:20:46:47 +0200] "GET /5277232216.htm HTTP/1.1" 200 24119 "http://test2.therahuldas.com/4965353598.htm" "Mozilla/5.0 AppleWebKit/537.36 (KHTML, like Gecko; compatible; GPTBot/1.4; +https://openai.com/gptbot)"
74.7.227.141 - - [17/Jun/2026:20:46:50 +0200] "GET /5277224576.htm HTTP/1.1" 200 25508 "http://test2.therahuldas.com/34415133224.htm" "Mozilla/5.0 AppleWebKit/537.36 (KHTML, like Gecko; compatible; GPTBot/1.4; +https://openai.com/gptbot)"
74.7.227.141 - - [17/Jun/2026:20:46:53 +0200] "GET /3441565754.htm HTTP/1.1" 200 24211 "http://test2.therahuldas.com/5277233527.htm" "Mozilla/5.0 AppleWebKit/537.36 (KHTML, like Gecko; compatible; GPTBot/1.4; +https://openai.com/gptbot)"
74.7.227.141 - - [17/Jun/2026:20:46:59 +0200] "GET /3963912309.htm HTTP/1.1" 200 24940 "http://test2.therahuldas.com/3963967253.htm" "Mozilla/5.0 AppleWebKit/537.36 (KHTML, like Gecko; compatible; GPTBot/1.4; +https://openai.com/gptbot)"
74.7.227.141 - - [17/Jun/2026:20:47:03 +0200] "GET /5277255040.htm HTTP/1.1" 200 24054 "http://test2.therahuldas.com/5277252771.htm" "Mozilla/5.0 AppleWebKit/537.36 (KHTML, like Gecko; compatible; GPTBot/1.4; +https://openai.com/gptbot)"
74.7.227.141 - - [17/Jun/2026:20:47:12 +0200] "GET /3441541371.htm HTTP/1.1" 200 24499 "http://test2.therahuldas.com/3441579341.htm" "Mozilla/5.0 AppleWebKit/537.36 (KHTML, like Gecko; compatible; GPTBot/1.4; +https://openai.com/gptbot)"
74.7.227.141 - - [17/Jun/2026:20:47:18 +0200] "GET /7030952990.htm HTTP/1.1" 200 23928 "http://test2.therahuldas.com/39639280233.htm" "Mozilla/5.0 AppleWebKit/537.36 (KHTML, like Gecko; compatible; GPTBot/1.4; +https://openai.com/gptbot)"
74.7.227.141 - - [17/Jun/2026:20:47:28 +0200] "GET /5277235055.htm HTTP/1.1" 200 23827 "http://test2.therahuldas.com/34415181194.htm" "Mozilla/5.0 AppleWebKit/537.36 (KHTML, like Gecko; compatible; GPTBot/1.4; +https://openai.com/gptbot)"
74.7.227.141 - - [17/Jun/2026:20:47:31 +0200] "GET /4965365564.htm HTTP/1.1" 200 24592 "http://test2.therahuldas.com/2485638100.htm" "Mozilla/5.0 AppleWebKit/537.36 (KHTML, like Gecko; compatible; GPTBot/1.4; +https://openai.com/gptbot)"
74.7.227.141 - - [17/Jun/2026:20:47:35 +0200] "GET /4392776799.htm HTTP/1.1" 200 25229 "http://test2.therahuldas.com/70309268890.htm" "Mozilla/5.0 AppleWebKit/537.36 (KHTML, like Gecko; compatible; GPTBot/1.4; +https://openai.com/gptbot)"
192.178.6.6 - - [17/Jun/2026:20:47:42 +0200] "GET /7030923449.htm HTTP/1.1" 200 24063 "-" "Mozilla/5.0 (Linux; Android 6.0.1; Nexus 5X Build/MMB29P) AppleWebKit/537.36 (KHTML, like Gecko) Chrome/148.0.7778.96 Mobile Safari/537.36 (compatible; Googlebot/2.1; +http://www.google.com/bot.html)"
74.7.227.141 - - [17/Jun/2026:20:47:45 +0200] "GET /5277232442.htm HTTP/1.1" 200 24284 "http://test2.therahuldas.com/4875214205.htm" "Mozilla/5.0 AppleWebKit/537.36 (KHTML, like Gecko; compatible; GPTBot/1.4; +https://openai.com/gptbot)"
192.178.6.6 - - [17/Jun/2026:20:47:47 +0200] "GET /4965352816.htm HTTP/1.1" 200 24944 "-" "Mozilla/5.0 (Linux; Android 6.0.1; Nexus 5X Build/MMB29P) AppleWebKit/537.36 (KHTML, like Gecko) Chrome/148.0.7778.96 Mobile Safari/537.36 (compatible; Googlebot/2.1; +http://www.google.com/bot.html)"
74.7.227.141 - - [17/Jun/2026:20:47:54 +0200] "GET /5277285865.htm HTTP/1.1" 200 24415 "http://test2.therahuldas.com/7030973090.htm" "Mozilla/5.0 AppleWebKit/537.36 (KHTML, like Gecko; compatible; GPTBot/1.4; +https://openai.com/gptbot)"
74.7.227.141 - - [17/Jun/2026:20:47:57 +0200] "GET /7030970202.htm HTTP/1.1" 200 23986 "http://test2.therahuldas.com/1329616936.htm" "Mozilla/5.0 AppleWebKit/537.36 (KHTML, like Gecko; compatible; GPTBot/1.4; +https://openai.com/gptbot)"
74.7.227.141 - - [17/Jun/2026:20:48:04 +0200] "GET /5277232982.htm HTTP/1.1" 200 24923 "http://test2.therahuldas.com/48752262079.htm" "Mozilla/5.0 AppleWebKit/537.36 (KHTML, like Gecko; compatible; GPTBot/1.4; +https://openai.com/gptbot)"
74.7.227.141 - - [17/Jun/2026:20:48:07 +0200] "GET /9398219113.htm HTTP/1.1" 200 23906 "http://test2.therahuldas.com/7030990886.htm" "Mozilla/5.0 AppleWebKit/537.36 (KHTML, like Gecko; compatible; GPTBot/1.4; +https://openai.com/gptbot)"
74.7.227.141 - - [17/Jun/2026:20:48:16 +0200] "GET /5277273357.htm HTTP/1.1" 200 23977 "http://test2.therahuldas.com/48752273365.htm" "Mozilla/5.0 AppleWebKit/537.36 (KHTML, like Gecko; compatible; GPTBot/1.4; +https://openai.com/gptbot)"
192.178.6.6 - - [17/Jun/2026:20:46:47 +0200] "GET /70309157594.htm HTTP/1.1" 200 24082 "-" "Mozilla/5.0 (Linux; Android 6.0.1; Nexus 5X Build/MMB29P) AppleWebKit/537.36 (KHTML, like Gecko) Chrome/148.0.7778.96 Mobile Safari/537.36 (compatible; GoogleOther)"
192.178.6.8 - - [17/Jun/2026:20:47:07 +0200] "GET /93982137178.htm HTTP/1.1" 200 24976 "-" "Mozilla/5.0 (Linux; Android 6.0.1; Nexus 5X Build/MMB29P) AppleWebKit/537.36 (KHTML, like Gecko) Chrome/148.0.7778.96 Mobile Safari/537.36 (compatible; Googlebot/2.1; +http://www.google.com/bot.html)"
192.178.6.6 - - [17/Jun/2026:20:48:12 +0200] "GET /13296206352.htm HTTP/1.1" 200 24669 "-" "Mozilla/5.0 (Linux; Android 6.0.1; Nexus 5X Build/MMB29P) AppleWebKit/537.36 (KHTML, like Gecko) Chrome/148.0.7778.96 Mobile Safari/537.36 (compatible; Googlebot/2.1; +http://www.google.com/bot.html)"
192.178.6.8 - - [17/Jun/2026:20:48:46 +0200] "GET /3963945932.htm HTTP/1.1" 200 24566 "-" "Mozilla/5.0 (Linux; Android 6.0.1; Nexus 5X Build/MMB29P) AppleWebKit/537.36 (KHTML, like Gecko) Chrome/148.0.7778.96 Mobile Safari/537.36 (compatible; GoogleOther)"
192.178.6.6 - - [17/Jun/2026:20:49:38 +0200] "GET /34415265473.htm HTTP/1.1" 200 24738 "-" "Mozilla/5.0 (Linux; Android 6.0.1; Nexus 5X Build/MMB29P) AppleWebKit/537.36 (KHTML, like Gecko) Chrome/148.0.7778.96 Mobile Safari/537.36 (compatible; Googlebot/2.1; +http://www.google.com/bot.html)"
74.7.227.141 - - [17/Jun/2026:20:49:48 +0200] "GET /4392737399.htm HTTP/1.1" 200 23950 "http://test2.therahuldas.com/39639234115.htm" "Mozilla/5.0 AppleWebKit/537.36 (KHTML, like Gecko; compatible; GPTBot/1.4; +https://openai.com/gptbot)"
192.178.6.6 - - [17/Jun/2026:20:49:49 +0200] "GET /7030985546.htm HTTP/1.1" 200 24291 "-" "Mozilla/5.0 (compatible; Googlebot/2.1; +http://www.google.com/bot.html)"
192.178.6.6 - - [17/Jun/2026:20:49:49 +0200] "GET /39639136856.htm HTTP/1.1" 200 26238 "-" "Mozilla/5.0 (Linux; Android 6.0.1; Nexus 5X Build/MMB29P) AppleWebKit/537.36 (KHTML, like Gecko) Chrome/148.0.7778.96 Mobile Safari/537.36 (compatible; GoogleOther)"
74.7.227.141 - - [17/Jun/2026:20:49:55 +0200] "GET /3441588644.htm HTTP/1.1" 200 25200 "http://test2.therahuldas.com/2485666621.htm" "Mozilla/5.0 AppleWebKit/537.36 (KHTML, like Gecko; compatible; GPTBot/1.4; +https://openai.com/gptbot)"
