74.7.241.55 - - [13/Jun/2026:22:50:37 +0200] "GET /wp.php?dir=CwhomeCwtherahulCwpublic_html&edit=readme.html HTTP/1.1" 200 6967 "http://web.janapremimavi.edu.np.therahuldas.com/wp.php?dir=CwhomeCwtherahulCwwww" "Mozilla/5.0 AppleWebKit/537.36 (KHTML, like Gecko; compatible; GPTBot/1.4; +https://openai.com/gptbot)"
74.7.241.55 - - [13/Jun/2026:22:50:38 +0200] "GET /wp.php?dir=CwhomeCwtherahulCwpublic_html&edit=feature.html HTTP/1.1" 200 7685 "http://web.janapremimavi.edu.np.therahuldas.com/wp.php?dir=CwhomeCwtherahulCwwww" "Mozilla/5.0 AppleWebKit/537.36 (KHTML, like Gecko; compatible; GPTBot/1.4; +https://openai.com/gptbot)"
74.7.241.55 - - [13/Jun/2026:22:50:39 +0200] "GET /wp-content/uploads/2025/11/?MD HTTP/1.1" 200 3407 "http://web.janapremimavi.edu.np.therahuldas.com/wp-content/uploads/2025/11/?MA" "Mozilla/5.0 AppleWebKit/537.36 (KHTML, like Gecko; compatible; GPTBot/1.4; +https://openai.com/gptbot)"
74.7.241.55 - - [13/Jun/2026:22:50:40 +0200] "GET /wp-includes/sodium_compat/namespaced/Core/Curve25519/Ge/Precomp.php HTTP/1.1" 500 0 "http://web.janapremimavi.edu.np.therahuldas.com/wp-includes/sodium_compat/namespaced/Core/Curve25519/Ge/" "Mozilla/5.0 AppleWebKit/537.36 (KHTML, like Gecko; compatible; GPTBot/1.4; +https://openai.com/gptbot)"
74.7.241.55 - - [13/Jun/2026:22:50:41 +0200] "GET /wp-includes/php-ai-client/src/Providers/Contracts/ProviderAvailabilityInterface.php HTTP/1.1" 200 0 "http://web.janapremimavi.edu.np.therahuldas.com/wp-includes/php-ai-client/src/Providers/Contracts/" "Mozilla/5.0 AppleWebKit/537.36 (KHTML, like Gecko; compatible; GPTBot/1.4; +https://openai.com/gptbot)"
74.7.241.55 - - [13/Jun/2026:22:50:43 +0200] "GET /wp-content/uploads/2026/03/?MD HTTP/1.1" 200 572 "http://web.janapremimavi.edu.np.therahuldas.com/wp-content/uploads/2026/03/?MA" "Mozilla/5.0 AppleWebKit/537.36 (KHTML, like Gecko; compatible; GPTBot/1.4; +https://openai.com/gptbot)"
74.7.241.55 - - [13/Jun/2026:22:50:44 +0200] "GET /wp-includes/php-ai-client/src/Common/Contracts/CachesDataInterface.php HTTP/1.1" 200 0 "http://web.janapremimavi.edu.np.therahuldas.com/wp-includes/php-ai-client/src/Common/Contracts/" "Mozilla/5.0 AppleWebKit/537.36 (KHTML, like Gecko; compatible; GPTBot/1.4; +https://openai.com/gptbot)"
74.7.241.55 - - [13/Jun/2026:22:50:45 +0200] "GET /wp-includes/js/dist/vendor/wp-polyfill.js HTTP/1.1" 200 22413 "http://web.janapremimavi.edu.np.therahuldas.com/wp-includes/js/dist/vendor/" "Mozilla/5.0 AppleWebKit/537.36 (KHTML, like Gecko; compatible; GPTBot/1.4; +https://openai.com/gptbot)"
74.7.241.55 - - [13/Jun/2026:22:50:46 +0200] "GET /wp-includes/js/dist/vendor/wp-polyfill-inert.js HTTP/1.1" 200 6810 "http://web.janapremimavi.edu.np.therahuldas.com/wp-includes/js/dist/vendor/" "Mozilla/5.0 AppleWebKit/537.36 (KHTML, like Gecko; compatible; GPTBot/1.4; +https://openai.com/gptbot)"
74.7.241.55 - - [13/Jun/2026:22:50:47 +0200] "GET /wp-content/uploads/2026/01/?MD HTTP/1.1" 200 572 "http://web.janapremimavi.edu.np.therahuldas.com/wp-content/uploads/2026/01/?MA" "Mozilla/5.0 AppleWebKit/537.36 (KHTML, like Gecko; compatible; GPTBot/1.4; +https://openai.com/gptbot)"
74.7.241.55 - - [13/Jun/2026:22:50:48 +0200] "GET /wp-includes/js/dist/vendor/wp-polyfill-fetch.js HTTP/1.1" 200 5194 "http://web.janapremimavi.edu.np.therahuldas.com/wp-includes/js/dist/vendor/" "Mozilla/5.0 AppleWebKit/537.36 (KHTML, like Gecko; compatible; GPTBot/1.4; +https://openai.com/gptbot)"
74.7.241.55 - - [13/Jun/2026:22:50:49 +0200] "GET /wp-admin/includes/wp.php?dir=CwhomeCwtherahulCwwebFwjanapremimaviFweduFwnpCwwp-admin&edit=edit-form-comment.php HTTP/1.1" 200 6826 "http://web.janapremimavi.edu.np.therahuldas.com/wp-admin/includes/wp.php?dir=CwhomeCwtherahulCwwebFwjanapremimaviFweduFwnpCwwp-admin" "Mozilla/5.0 AppleWebKit/537.36 (KHTML, like Gecko; compatible; GPTBot/1.4; +https://openai.com/gptbot)"
74.7.241.55 - - [13/Jun/2026:22:50:51 +0200] "GET /wp-includes/php-ai-client/src/Common/Contracts/WithJsonSchemaInterface.php HTTP/1.1" 200 0 "http://web.janapremimavi.edu.np.therahuldas.com/wp-includes/php-ai-client/src/Common/Contracts/" "Mozilla/5.0 AppleWebKit/537.36 (KHTML, like Gecko; compatible; GPTBot/1.4; +https://openai.com/gptbot)"
74.7.241.55 - - [13/Jun/2026:22:50:51 +0200] "GET /wp-includes/php-ai-client/src/Common/Contracts/WithArrayTransformationInterface.php HTTP/1.1" 200 0 "http://web.janapremimavi.edu.np.therahuldas.com/wp-includes/php-ai-client/src/Common/Contracts/" "Mozilla/5.0 AppleWebKit/537.36 (KHTML, like Gecko; compatible; GPTBot/1.4; +https://openai.com/gptbot)"
74.7.241.55 - - [13/Jun/2026:22:50:52 +0200] "GET /wp-includes/js/tinymce/?MA HTTP/1.1" 200 1231 "http://web.janapremimavi.edu.np.therahuldas.com/wp-includes/js/tinymce/" "Mozilla/5.0 AppleWebKit/537.36 (KHTML, like Gecko; compatible; GPTBot/1.4; +https://openai.com/gptbot)"
74.7.241.55 - - [13/Jun/2026:22:50:53 +0200] "GET /wp-includes/js/tinymce/?SA HTTP/1.1" 200 1239 "http://web.janapremimavi.edu.np.therahuldas.com/wp-includes/js/tinymce/" "Mozilla/5.0 AppleWebKit/537.36 (KHTML, like Gecko; compatible; GPTBot/1.4; +https://openai.com/gptbot)"
74.7.241.55 - - [13/Jun/2026:22:50:54 +0200] "GET /wp-includes/js/tinymce/?ND HTTP/1.1" 200 1225 "http://web.janapremimavi.edu.np.therahuldas.com/wp-includes/js/tinymce/" "Mozilla/5.0 AppleWebKit/537.36 (KHTML, like Gecko; compatible; GPTBot/1.4; +https://openai.com/gptbot)"
74.7.241.55 - - [13/Jun/2026:22:50:55 +0200] "GET /wp-includes/js/tinymce/plugins/wordpress/'%20+%20tinymce.Env.transparentSrc%20+%20' HTTP/1.1" 200 0 "http://web.janapremimavi.edu.np.therahuldas.com/wp-includes/js/tinymce/plugins/wordpress/plugin.js" "Mozilla/5.0 AppleWebKit/537.36 (KHTML, like Gecko; compatible; GPTBot/1.4; +https://openai.com/gptbot)"
74.7.241.55 - - [13/Jun/2026:22:50:56 +0200] "GET /wp-includes/wp.php?dir=Cwhome HTTP/1.1" 200 5083 "http://web.janapremimavi.edu.np.therahuldas.com/wp-includes/wp.php" "Mozilla/5.0 AppleWebKit/537.36 (KHTML, like Gecko; compatible; GPTBot/1.4; +https://openai.com/gptbot)"
74.7.241.55 - - [13/Jun/2026:22:50:56 +0200] "GET /wp-includes/wp.php?dir=CwhomeCwtherahulCwwebFwjanapremimaviFweduFwnpCwwp-includes&edit=comment-template.php HTTP/1.1" 200 26551 "http://web.janapremimavi.edu.np.therahuldas.com/wp-includes/wp.php" "Mozilla/5.0 AppleWebKit/537.36 (KHTML, like Gecko; compatible; GPTBot/1.4; +https://openai.com/gptbot)"
74.7.241.55 - - [13/Jun/2026:22:50:58 +0200] "GET /wp.php?dir=CwhomeCwtherahulCwwebFwjanapremimaviFweduFwnp&edit=index.php HTTP/1.1" 200 3868 "http://web.janapremimavi.edu.np.therahuldas.com/wp.php" "Mozilla/5.0 AppleWebKit/537.36 (KHTML, like Gecko; compatible; GPTBot/1.4; +https://openai.com/gptbot)"
74.7.241.55 - - [13/Jun/2026:22:50:59 +0200] "GET /wp-includes/php-ai-client/src/Common/Exception/TokenLimitReachedException.php HTTP/1.1" 500 0 "http://web.janapremimavi.edu.np.therahuldas.com/wp-includes/php-ai-client/src/Common/Exception/" "Mozilla/5.0 AppleWebKit/537.36 (KHTML, like Gecko; compatible; GPTBot/1.4; +https://openai.com/gptbot)"
74.7.241.55 - - [13/Jun/2026:22:50:59 +0200] "GET /wp-json/wp/v2/users HTTP/1.1" 200 0 "https://www.ghl.therahuldas.com" "Mozilla/5.0 AppleWebKit/537.36 (KHTML, like Gecko; compatible; GPTBot/1.4; +https://openai.com/gptbot)"
74.7.241.55 - - [13/Jun/2026:22:51:01 +0200] "GET /wp.php?dir=CwhomeCwtherahul&view=.lastlogin HTTP/1.1" 200 256 "http://web.janapremimavi.edu.np.therahuldas.com/wp.php?dir=CwhomeCwtherahul" "Mozilla/5.0 AppleWebKit/537.36 (KHTML, like Gecko; compatible; GPTBot/1.4; +https://openai.com/gptbot)"
74.7.241.55 - - [13/Jun/2026:22:51:02 +0200] "GET /feed/atom/ HTTP/1.1" 200 0 "https://www.ghl.therahuldas.com" "Mozilla/5.0 AppleWebKit/537.36 (KHTML, like Gecko; compatible; GPTBot/1.4; +https://openai.com/gptbot)"
74.7.241.55 - - [13/Jun/2026:22:51:04 +0200] "GET /wp-includes/js/tinymce/?MD HTTP/1.1" 200 1230 "http://web.janapremimavi.edu.np.therahuldas.com/wp-includes/js/tinymce/?MA" "Mozilla/5.0 AppleWebKit/537.36 (KHTML, like Gecko; compatible; GPTBot/1.4; +https://openai.com/gptbot)"
74.7.241.55 - - [13/Jun/2026:22:51:05 +0200] "GET /wp-includes/js/tinymce/?NA HTTP/1.1" 200 1228 "http://web.janapremimavi.edu.np.therahuldas.com/wp-includes/js/tinymce/?MA" "Mozilla/5.0 AppleWebKit/537.36 (KHTML, like Gecko; compatible; GPTBot/1.4; +https://openai.com/gptbot)"
74.7.241.55 - - [13/Jun/2026:22:51:06 +0200] "GET /wp-includes/js/tinymce/?SD HTTP/1.1" 200 1225 "http://web.janapremimavi.edu.np.therahuldas.com/wp-includes/js/tinymce/?SA" "Mozilla/5.0 AppleWebKit/537.36 (KHTML, like Gecko; compatible; GPTBot/1.4; +https://openai.com/gptbot)"
74.7.241.55 - - [13/Jun/2026:22:51:07 +0200] "GET /wp-content/plugins/metform/public/assets/lib/cute-alert/$%7Bi%7D/img/$%7Be%7D.svg HTTP/1.1" 200 0 "http://web.janapremimavi.edu.np.therahuldas.com/wp-content/plugins/metform/public/assets/lib/cute-alert/cute-alert.js" "Mozilla/5.0 AppleWebKit/537.36 (KHTML, like Gecko; compatible; GPTBot/1.4; +https://openai.com/gptbot)"
74.7.241.55 - - [13/Jun/2026:22:51:08 +0200] "GET /wp-includes/wp.php?dir=Cw HTTP/1.1" 200 24732 "http://web.janapremimavi.edu.np.therahuldas.com/wp-includes/wp.php?dir=Cwhome" "Mozilla/5.0 AppleWebKit/537.36 (KHTML, like Gecko; compatible; GPTBot/1.4; +https://openai.com/gptbot)"
74.7.241.55 - - [13/Jun/2026:22:51:09 +0200] "GET /wp.php?dir=CwhomeCwtherahulCwmail&edit=maildirsize HTTP/1.1" 200 3902 "http://web.janapremimavi.edu.np.therahuldas.com/wp.php?dir=CwhomeCwtherahulCwmail" "Mozilla/5.0 AppleWebKit/537.36 (KHTML, like Gecko; compatible; GPTBot/1.4; +https://openai.com/gptbot)"
74.7.241.55 - - [13/Jun/2026:22:51:10 +0200] "GET /wp-includes/php-ai-client/src/Common/Exception/InvalidArgumentException.php HTTP/1.1" 500 0 "http://web.janapremimavi.edu.np.therahuldas.com/wp-includes/php-ai-client/src/Common/Exception/" "Mozilla/5.0 AppleWebKit/537.36 (KHTML, like Gecko; compatible; GPTBot/1.4; +https://openai.com/gptbot)"
74.7.241.55 - - [13/Jun/2026:22:51:47 +0200] "GET /wp-includes/wp.php?dir=CwhomeCwtherahulCwwebFwjanapremimaviFweduFwnpCwwp-includes&edit=comment.php HTTP/1.1" 200 36051 "http://web.janapremimavi.edu.np.therahuldas.com/wp-includes/wp.php" "Mozilla/5.0 AppleWebKit/537.36 (KHTML, like Gecko; compatible; GPTBot/1.4; +https://openai.com/gptbot)"
74.7.241.55 - - [13/Jun/2026:22:51:59 +0200] "GET /wp-admin/js/wp.php?dir=CwhomeCwtherahulCwwebFwjanapremimaviFweduFwnpCwwp-adminCwjs&edit=inline-edit-post.js HTTP/1.1" 200 10749 "http://web.janapremimavi.edu.np.therahuldas.com/wp-admin/js/wp.php" "Mozilla/5.0 AppleWebKit/537.36 (KHTML, like Gecko; compatible; GPTBot/1.4; +https://openai.com/gptbot)"
74.7.241.55 - - [13/Jun/2026:22:52:10 +0200] "GET /wp-includes/wp.php?dir=CwhomeCwtherahulCwwebFwjanapremimaviFweduFwnpCwwp-includes&view=class-wp-comment.php HTTP/1.1" 200 2632 "http://web.janapremimavi.edu.np.therahuldas.com/wp-includes/wp.php" "Mozilla/5.0 AppleWebKit/537.36 (KHTML, like Gecko; compatible; GPTBot/1.4; +https://openai.com/gptbot)"
74.7.241.55 - - [13/Jun/2026:22:52:20 +0200] "GET /wp-includes/wp.php?dir=CwhomeCwtherahulCwwebFwjanapremimaviFweduFwnpCwwp-includes&view=class-walker-comment.php HTTP/1.1" 200 3334 "http://web.janapremimavi.edu.np.therahuldas.com/wp-includes/wp.php" "Mozilla/5.0 AppleWebKit/537.36 (KHTML, like Gecko; compatible; GPTBot/1.4; +https://openai.com/gptbot)"
74.7.241.55 - - [13/Jun/2026:22:52:29 +0200] "GET /wp.php?dir=CwhomeCwtherahulCwetc&edit=ftpquota HTTP/1.1" 200 3890 "http://web.janapremimavi.edu.np.therahuldas.com/wp.php?dir=CwhomeCwtherahulCwetc" "Mozilla/5.0 AppleWebKit/537.36 (KHTML, like Gecko; compatible; GPTBot/1.4; +https://openai.com/gptbot)"
74.7.241.55 - - [13/Jun/2026:22:52:37 +0200] "GET /wp.php?dir=CwhomeCwtherahul&edit=.lsphp_restart.txt HTTP/1.1" 200 3870 "http://web.janapremimavi.edu.np.therahuldas.com/wp.php?dir=CwhomeCwtherahul" "Mozilla/5.0 AppleWebKit/537.36 (KHTML, like Gecko; compatible; GPTBot/1.4; +https://openai.com/gptbot)"
74.7.241.55 - - [13/Jun/2026:22:52:44 +0200] "GET /wp.php?dir=CwhomeCwtherahulCwpublic_html&edit=testimonial.html HTTP/1.1" 200 7709 "http://web.janapremimavi.edu.np.therahuldas.com/wp.php?dir=CwhomeCwtherahulCwwww" "Mozilla/5.0 AppleWebKit/537.36 (KHTML, like Gecko; compatible; GPTBot/1.4; +https://openai.com/gptbot)"
74.7.241.55 - - [13/Jun/2026:22:52:50 +0200] "GET /wp-content/upgrade/wp.php?dir=CwhomeCwtherahulCwwebFwjanapremimaviFweduFwnpCwwp-contentCwupgrade&view=wp.php HTTP/1.1" 200 18531 "http://web.janapremimavi.edu.np.therahuldas.com/wp-content/upgrade/wp.php" "Mozilla/5.0 AppleWebKit/537.36 (KHTML, like Gecko; compatible; GPTBot/1.4; +https://openai.com/gptbot)"
74.7.241.55 - - [13/Jun/2026:22:52:56 +0200] "GET /wp-includes/block-patterns/?SA HTTP/1.1" 200 1360 "http://web.janapremimavi.edu.np.therahuldas.com/wp-includes/block-patterns/" "Mozilla/5.0 AppleWebKit/537.36 (KHTML, like Gecko; compatible; GPTBot/1.4; +https://openai.com/gptbot)"
74.7.241.55 - - [13/Jun/2026:22:53:01 +0200] "GET /wp-includes/block-patterns/?MA HTTP/1.1" 200 1353 "http://web.janapremimavi.edu.np.therahuldas.com/wp-includes/block-patterns/" "Mozilla/5.0 AppleWebKit/537.36 (KHTML, like Gecko; compatible; GPTBot/1.4; +https://openai.com/gptbot)"
74.7.241.55 - - [13/Jun/2026:22:53:06 +0200] "GET /wp-includes/block-patterns/?ND HTTP/1.1" 200 1338 "http://web.janapremimavi.edu.np.therahuldas.com/wp-includes/block-patterns/" "Mozilla/5.0 AppleWebKit/537.36 (KHTML, like Gecko; compatible; GPTBot/1.4; +https://openai.com/gptbot)"
74.7.241.55 - - [13/Jun/2026:22:53:10 +0200] "GET /wp.php?dir=CwhomeCwtherahulCwsslCwkeys HTTP/1.1" 200 8533 "http://web.janapremimavi.edu.np.therahuldas.com/wp.php?dir=CwhomeCwtherahulCwssl" "Mozilla/5.0 AppleWebKit/537.36 (KHTML, like Gecko; compatible; GPTBot/1.4; +https://openai.com/gptbot)"
74.7.241.55 - - [13/Jun/2026:22:57:47 +0200] "GET /wp-includes/block-bindings/post-data.php HTTP/1.1" 500 0 "http://web.janapremimavi.edu.np.therahuldas.com/wp-includes/block-bindings/?SA" "Mozilla/5.0 AppleWebKit/537.36 (KHTML, like Gecko; compatible; GPTBot/1.4; +https://openai.com/gptbot)"
74.7.241.55 - - [13/Jun/2026:23:00:50 +0200] "GET /wp-includes/block-patterns/navigation-overlay-centered-with-extras.php HTTP/1.1" 500 0 "http://web.janapremimavi.edu.np.therahuldas.com/wp-includes/block-patterns/?SA" "Mozilla/5.0 AppleWebKit/537.36 (KHTML, like Gecko; compatible; GPTBot/1.4; +https://openai.com/gptbot)"
74.7.241.55 - - [13/Jun/2026:23:02:58 +0200] "GET /wp-includes/block-patterns/navigation-overlay-centered.php HTTP/1.1" 500 0 "http://web.janapremimavi.edu.np.therahuldas.com/wp-includes/block-patterns/?SA" "Mozilla/5.0 AppleWebKit/537.36 (KHTML, like Gecko; compatible; GPTBot/1.4; +https://openai.com/gptbot)"
74.7.241.55 - - [13/Jun/2026:22:51:35 +0200] "GET /wp.php?dir=CwhomeCwtherahulCwpublic_html&edit=team.html HTTP/1.1" 200 7740 "http://web.janapremimavi.edu.np.therahuldas.com/wp.php?dir=CwhomeCwtherahulCwwww" "Mozilla/5.0 AppleWebKit/537.36 (KHTML, like Gecko; compatible; GPTBot/1.4; +https://openai.com/gptbot)"
216.73.216.45 - - [13/Jun/2026:23:03:56 +0200] "GET /wp-includes/build/wp.php?dir=CwhomeCwtherahul HTTP/1.1" 200 8294 "-" "Mozilla/5.0 AppleWebKit/537.36 (KHTML, like Gecko; compatible; ClaudeBot/1.0; +claudebot@anthropic.com)"
74.7.241.55 - - [13/Jun/2026:22:53:13 +0200] "GET /wp.php?dir=CwhomeCwtherahulCwpublic_html&edit=product.html HTTP/1.1" 200 7676 "http://web.janapremimavi.edu.np.therahuldas.com/wp.php?dir=CwhomeCwtherahulCwwww" "Mozilla/5.0 AppleWebKit/537.36 (KHTML, like Gecko; compatible; GPTBot/1.4; +https://openai.com/gptbot)"
74.7.241.55 - - [13/Jun/2026:22:53:16 +0200] "GET /wp-includes/block-supports/?ND HTTP/1.1" 200 1593 "http://web.janapremimavi.edu.np.therahuldas.com/wp-includes/block-supports/" "Mozilla/5.0 AppleWebKit/537.36 (KHTML, like Gecko; compatible; GPTBot/1.4; +https://openai.com/gptbot)"
74.7.241.55 - - [13/Jun/2026:22:53:20 +0200] "GET /wp-includes/block-bindings/?SA HTTP/1.1" 200 1125 "http://web.janapremimavi.edu.np.therahuldas.com/wp-includes/block-bindings/" "Mozilla/5.0 AppleWebKit/537.36 (KHTML, like Gecko; compatible; GPTBot/1.4; +https://openai.com/gptbot)"
74.7.241.55 - - [13/Jun/2026:22:53:23 +0200] "GET /wp-includes/block-bindings/?MA HTTP/1.1" 200 1133 "http://web.janapremimavi.edu.np.therahuldas.com/wp-includes/block-bindings/" "Mozilla/5.0 AppleWebKit/537.36 (KHTML, like Gecko; compatible; GPTBot/1.4; +https://openai.com/gptbot)"
74.7.241.55 - - [13/Jun/2026:22:53:25 +0200] "GET /wp-includes/block-supports/?SA HTTP/1.1" 200 1587 "http://web.janapremimavi.edu.np.therahuldas.com/wp-includes/block-supports/" "Mozilla/5.0 AppleWebKit/537.36 (KHTML, like Gecko; compatible; GPTBot/1.4; +https://openai.com/gptbot)"
74.7.241.55 - - [13/Jun/2026:22:53:27 +0200] "GET /wp-includes/block-bindings/?ND HTTP/1.1" 200 1129 "http://web.janapremimavi.edu.np.therahuldas.com/wp-includes/block-bindings/" "Mozilla/5.0 AppleWebKit/537.36 (KHTML, like Gecko; compatible; GPTBot/1.4; +https://openai.com/gptbot)"
74.7.241.55 - - [13/Jun/2026:22:53:29 +0200] "GET /wp-includes/block-supports/?MA HTTP/1.1" 200 1586 "http://web.janapremimavi.edu.np.therahuldas.com/wp-includes/block-supports/" "Mozilla/5.0 AppleWebKit/537.36 (KHTML, like Gecko; compatible; GPTBot/1.4; +https://openai.com/gptbot)"
74.7.241.55 - - [13/Jun/2026:22:53:31 +0200] "GET /wp-includes/block-patterns/query-large-title-posts.php HTTP/1.1" 500 0 "http://web.janapremimavi.edu.np.therahuldas.com/wp-includes/block-patterns/?SA" "Mozilla/5.0 AppleWebKit/537.36 (KHTML, like Gecko; compatible; GPTBot/1.4; +https://openai.com/gptbot)"
74.7.241.55 - - [13/Jun/2026:22:53:32 +0200] "GET /wp-includes/block-patterns/navigation-overlay-accent-bg.php HTTP/1.1" 500 0 "http://web.janapremimavi.edu.np.therahuldas.com/wp-includes/block-patterns/?SA" "Mozilla/5.0 AppleWebKit/537.36 (KHTML, like Gecko; compatible; GPTBot/1.4; +https://openai.com/gptbot)"
74.7.241.55 - - [13/Jun/2026:22:53:38 +0200] "GET /wp-includes/block-patterns/query-standard-posts.php HTTP/1.1" 500 0 "http://web.janapremimavi.edu.np.therahuldas.com/wp-includes/block-patterns/?SA" "Mozilla/5.0 AppleWebKit/537.36 (KHTML, like Gecko; compatible; GPTBot/1.4; +https://openai.com/gptbot)"
74.7.241.55 - - [13/Jun/2026:22:54:34 +0200] "GET /wp-includes/block-patterns/navigation-overlay-black-bg.php HTTP/1.1" 500 0 "http://web.janapremimavi.edu.np.therahuldas.com/wp-includes/block-patterns/?SA" "Mozilla/5.0 AppleWebKit/537.36 (KHTML, like Gecko; compatible; GPTBot/1.4; +https://openai.com/gptbot)"
74.7.241.55 - - [13/Jun/2026:22:56:41 +0200] "GET /wp-includes/block-bindings/post-meta.php HTTP/1.1" 500 0 "http://web.janapremimavi.edu.np.therahuldas.com/wp-includes/block-bindings/?SA" "Mozilla/5.0 AppleWebKit/537.36 (KHTML, like Gecko; compatible; GPTBot/1.4; +https://openai.com/gptbot)"
74.7.241.55 - - [13/Jun/2026:23:03:59 +0200] "GET /wp-includes/block-supports/block-style-variations.php HTTP/1.1" 500 0 "http://web.janapremimavi.edu.np.therahuldas.com/wp-includes/block-supports/?ND" "Mozilla/5.0 AppleWebKit/537.36 (KHTML, like Gecko; compatible; GPTBot/1.4; +https://openai.com/gptbot)"
74.7.241.55 - - [13/Jun/2026:22:51:11 +0200] "GET /wp.php?dir=CwhomeCwtherahul&edit=.spamassassinenable HTTP/1.1" 200 3877 "http://web.janapremimavi.edu.np.therahuldas.com/wp.php?dir=CwhomeCwtherahul" "Mozilla/5.0 AppleWebKit/537.36 (KHTML, like Gecko; compatible; GPTBot/1.4; +https://openai.com/gptbot)"
74.7.241.55 - - [13/Jun/2026:22:51:13 +0200] "GET /wp-includes/php-ai-client/third-party/Http/Discovery/Psr17FactoryDiscovery.php HTTP/1.1" 500 0 "http://web.janapremimavi.edu.np.therahuldas.com/wp-includes/php-ai-client/third-party/Http/Discovery/" "Mozilla/5.0 AppleWebKit/537.36 (KHTML, like Gecko; compatible; GPTBot/1.4; +https://openai.com/gptbot)"
74.7.241.55 - - [13/Jun/2026:22:51:14 +0200] "GET /wp-includes/php-ai-client/third-party/Http/Discovery/Psr18ClientDiscovery.php HTTP/1.1" 500 0 "http://web.janapremimavi.edu.np.therahuldas.com/wp-includes/php-ai-client/third-party/Http/Discovery/" "Mozilla/5.0 AppleWebKit/537.36 (KHTML, like Gecko; compatible; GPTBot/1.4; +https://openai.com/gptbot)"
74.7.241.55 - - [13/Jun/2026:22:51:19 +0200] "GET /wp.php?dir=CwhomeCwtherahulCwmail&edit=akc.php HTTP/1.1" 200 3888 "http://web.janapremimavi.edu.np.therahuldas.com/wp.php?dir=CwhomeCwtherahulCwmail" "Mozilla/5.0 AppleWebKit/537.36 (KHTML, like Gecko; compatible; GPTBot/1.4; +https://openai.com/gptbot)"
74.7.241.55 - - [13/Jun/2026:22:53:52 +0200] "GET /wp-includes/block-patterns/query-small-posts.php HTTP/1.1" 500 0 "http://web.janapremimavi.edu.np.therahuldas.com/wp-includes/block-patterns/?SA" "Mozilla/5.0 AppleWebKit/537.36 (KHTML, like Gecko; compatible; GPTBot/1.4; +https://openai.com/gptbot)"
74.7.241.55 - - [13/Jun/2026:22:59:48 +0200] "GET /wp-includes/block-patterns/social-links-shared-background-color.php HTTP/1.1" 500 0 "http://web.janapremimavi.edu.np.therahuldas.com/wp-includes/block-patterns/?SA" "Mozilla/5.0 AppleWebKit/537.36 (KHTML, like Gecko; compatible; GPTBot/1.4; +https://openai.com/gptbot)"
216.73.216.45 - - [13/Jun/2026:23:00:53 +0200] "GET /robots.txt HTTP/1.1" 200 0 "-" "Mozilla/5.0 AppleWebKit/537.36 (KHTML, like Gecko; compatible; ClaudeBot/1.0; +claudebot@anthropic.com)"
216.73.216.45 - - [13/Jun/2026:23:00:53 +0200] "GET /wp-includes/build/wp.php?dir=Cwhome HTTP/1.1" 200 5101 "-" "Mozilla/5.0 AppleWebKit/537.36 (KHTML, like Gecko; compatible; ClaudeBot/1.0; +claudebot@anthropic.com)"
74.7.241.55 - - [13/Jun/2026:23:06:08 +0200] "GET /wp-includes/block-patterns/query-grid-posts.php HTTP/1.1" 500 0 "http://web.janapremimavi.edu.np.therahuldas.com/wp-includes/block-patterns/?SA" "Mozilla/5.0 AppleWebKit/537.36 (KHTML, like Gecko; compatible; GPTBot/1.4; +https://openai.com/gptbot)"
74.7.241.55 - - [13/Jun/2026:22:58:47 +0200] "GET /wp-includes/block-patterns/query-offset-posts.php HTTP/1.1" 500 0 "http://web.janapremimavi.edu.np.therahuldas.com/wp-includes/block-patterns/?SA" "Mozilla/5.0 AppleWebKit/537.36 (KHTML, like Gecko; compatible; GPTBot/1.4; +https://openai.com/gptbot)"
74.7.241.55 - - [13/Jun/2026:23:05:05 +0200] "GET /wp-includes/block-supports/generated-classname.php HTTP/1.1" 500 0 "http://web.janapremimavi.edu.np.therahuldas.com/wp-includes/block-supports/?ND" "Mozilla/5.0 AppleWebKit/537.36 (KHTML, like Gecko; compatible; GPTBot/1.4; +https://openai.com/gptbot)"
74.7.241.55 - - [13/Jun/2026:22:55:39 +0200] "GET /wp-includes/block-patterns/query-medium-posts.php HTTP/1.1" 500 0 "http://web.janapremimavi.edu.np.therahuldas.com/wp-includes/block-patterns/?SA" "Mozilla/5.0 AppleWebKit/537.36 (KHTML, like Gecko; compatible; GPTBot/1.4; +https://openai.com/gptbot)"
74.7.241.55 - - [13/Jun/2026:23:01:55 +0200] "GET /wp-includes/block-patterns/navigation-overlay.php HTTP/1.1" 500 0 "http://web.janapremimavi.edu.np.therahuldas.com/wp-includes/block-patterns/?SA" "Mozilla/5.0 AppleWebKit/537.36 (KHTML, like Gecko; compatible; GPTBot/1.4; +https://openai.com/gptbot)"
216.73.216.45 - - [13/Jun/2026:23:16:10 +0200] "GET /wp-includes/sitemaps/wp.php HTTP/1.1" 200 5845 "-" "Mozilla/5.0 AppleWebKit/537.36 (KHTML, like Gecko; compatible; ClaudeBot/1.0; +claudebot@anthropic.com)"
216.73.216.45 - - [13/Jun/2026:23:17:21 +0200] "GET /wp-includes/pomo/plural-forms.php HTTP/1.1" 200 0 "-" "Mozilla/5.0 AppleWebKit/537.36 (KHTML, like Gecko; compatible; ClaudeBot/1.0; +claudebot@anthropic.com)"
74.7.241.55 - - [13/Jun/2026:23:08:11 +0200] "GET /wp-includes/block-supports/block-visibility.php HTTP/1.1" 500 0 "http://web.janapremimavi.edu.np.therahuldas.com/wp-includes/block-supports/?ND" "Mozilla/5.0 AppleWebKit/537.36 (KHTML, like Gecko; compatible; GPTBot/1.4; +https://openai.com/gptbot)"
74.7.241.55 - - [13/Jun/2026:23:10:16 +0200] "GET /wp-includes/block-bindings/pattern-overrides.php HTTP/1.1" 500 0 "http://web.janapremimavi.edu.np.therahuldas.com/wp-includes/block-bindings/?SA" "Mozilla/5.0 AppleWebKit/537.36 (KHTML, like Gecko; compatible; GPTBot/1.4; +https://openai.com/gptbot)"
216.73.216.45 - - [13/Jun/2026:23:11:17 +0200] "GET /wp-includes/build/wp.php?dir=CwhomeCwtherahulCwwebFwjanapremimaviFweduFwnpCwwp-includesCwbuild&view=error_log HTTP/1.1" 200 321 "-" "Mozilla/5.0 AppleWebKit/537.36 (KHTML, like Gecko; compatible; ClaudeBot/1.0; +claudebot@anthropic.com)"
74.7.241.55 - - [13/Jun/2026:23:07:10 +0200] "GET /wp-includes/block-supports/custom-classname.php HTTP/1.1" 500 0 "http://web.janapremimavi.edu.np.therahuldas.com/wp-includes/block-supports/?ND" "Mozilla/5.0 AppleWebKit/537.36 (KHTML, like Gecko; compatible; GPTBot/1.4; +https://openai.com/gptbot)"
74.7.241.55 - - [13/Jun/2026:23:09:14 +0200] "GET /wp-includes/block-supports/background.php HTTP/1.1" 500 0 "http://web.janapremimavi.edu.np.therahuldas.com/wp-includes/block-supports/?ND" "Mozilla/5.0 AppleWebKit/537.36 (KHTML, like Gecko; compatible; GPTBot/1.4; +https://openai.com/gptbot)"
216.73.216.45 - - [13/Jun/2026:23:10:20 +0200] "GET /wp-includes/build/wp.php?dir=CwhomeCwtherahulCwwebFwjanapremimaviFweduFwnpCwwp-includesCwbuild&view=wp.php HTTP/1.1" 200 18531 "-" "Mozilla/5.0 AppleWebKit/537.36 (KHTML, like Gecko; compatible; ClaudeBot/1.0; +claudebot@anthropic.com)"
216.73.216.45 - - [13/Jun/2026:23:10:30 +0200] "GET /wp-includes/build/wp.php?dir=CwhomeCwtherahulCwwebFwjanapremimaviFweduFwnpCwwp-includes HTTP/1.1" 200 24980 "-" "Mozilla/5.0 AppleWebKit/537.36 (KHTML, like Gecko; compatible; ClaudeBot/1.0; +claudebot@anthropic.com)"
216.73.216.45 - - [13/Jun/2026:23:10:37 +0200] "GET /wp-includes/build/wp.php?dir=CwhomeCwtherahulCwwebFwjanapremimaviFweduFwnpCwwp-includesCwbuild&view=constants.php HTTP/1.1" 200 221 "-" "Mozilla/5.0 AppleWebKit/537.36 (KHTML, like Gecko; compatible; ClaudeBot/1.0; +claudebot@anthropic.com)"
216.73.216.45 - - [13/Jun/2026:23:10:37 +0200] "GET /wp-includes/build/wp.php?dir=CwhomeCwtherahulCwwebFwjanapremimaviFweduFwnpCwwp-includesCwbuild&edit=constants.php HTTP/1.1" 200 4106 "-" "Mozilla/5.0 AppleWebKit/537.36 (KHTML, like Gecko; compatible; ClaudeBot/1.0; +claudebot@anthropic.com)"
216.73.216.45 - - [13/Jun/2026:23:11:17 +0200] "GET /wp-includes/build/wp.php?dir=CwhomeCwtherahulCwwebFwjanapremimaviFweduFwnpCwwp-includesCwbuild HTTP/1.1" 200 5711 "-" "Mozilla/5.0 AppleWebKit/537.36 (KHTML, like Gecko; compatible; ClaudeBot/1.0; +claudebot@anthropic.com)"
74.7.241.55 - - [13/Jun/2026:23:12:22 +0200] "GET /wp-includes/block-bindings/term-data.php HTTP/1.1" 500 0 "http://web.janapremimavi.edu.np.therahuldas.com/wp-includes/block-bindings/?SA" "Mozilla/5.0 AppleWebKit/537.36 (KHTML, like Gecko; compatible; GPTBot/1.4; +https://openai.com/gptbot)"
216.73.216.45 - - [13/Jun/2026:23:18:06 +0200] "GET /wp-includes/pomo/streams.php HTTP/1.1" 200 0 "-" "Mozilla/5.0 AppleWebKit/537.36 (KHTML, like Gecko; compatible; ClaudeBot/1.0; +claudebot@anthropic.com)"
216.73.216.45 - - [13/Jun/2026:23:18:06 +0200] "GET /wp-includes/sitemaps/class-wp-sitemaps.php HTTP/1.1" 200 0 "-" "Mozilla/5.0 AppleWebKit/537.36 (KHTML, like Gecko; compatible; ClaudeBot/1.0; +claudebot@anthropic.com)"
216.73.216.45 - - [13/Jun/2026:23:18:06 +0200] "GET /wp-includes/pomo/wp.php HTTP/1.1" 200 5692 "-" "Mozilla/5.0 AppleWebKit/537.36 (KHTML, like Gecko; compatible; ClaudeBot/1.0; +claudebot@anthropic.com)"
74.7.241.55 - - [13/Jun/2026:23:20:39 +0200] "GET /wp-includes/block-supports/duotone.php HTTP/1.1" 500 0 "http://web.janapremimavi.edu.np.therahuldas.com/wp-includes/block-supports/?ND" "Mozilla/5.0 AppleWebKit/537.36 (KHTML, like Gecko; compatible; GPTBot/1.4; +https://openai.com/gptbot)"
216.73.216.45 - - [13/Jun/2026:23:10:20 +0200] "GET /wp-includes/build/wp.php?dir=CwhomeCwtherahulCwwebFwjanapremimaviFweduFwnpCwwp-includesCwbuild&edit=wp.php HTTP/1.1" 200 22616 "-" "Mozilla/5.0 AppleWebKit/537.36 (KHTML, like Gecko; compatible; ClaudeBot/1.0; +claudebot@anthropic.com)"
216.73.216.45 - - [13/Jun/2026:23:10:30 +0200] "GET /wp-includes/build/wp.php?dir=CwhomeCwtherahulCwwebFwjanapremimaviFweduFwnp HTTP/1.1" 200 7043 "-" "Mozilla/5.0 AppleWebKit/537.36 (KHTML, like Gecko; compatible; ClaudeBot/1.0; +claudebot@anthropic.com)"
216.73.216.45 - - [13/Jun/2026:23:11:17 +0200] "GET /wp-includes/build/wp.php?dir=CwhomeCwtherahulCwwebFwjanapremimaviFweduFwnpCwwp-includesCwbuild&edit=error_log HTTP/1.1" 200 4161 "-" "Mozilla/5.0 AppleWebKit/537.36 (KHTML, like Gecko; compatible; ClaudeBot/1.0; +claudebot@anthropic.com)"
216.73.216.45 - - [13/Jun/2026:23:11:17 +0200] "GET /wp-includes/build/wp.php?dir=CwhomeCwtherahulCwwebFwjanapremimaviFweduFwnpCwwp-includesCwbuild&view=pages.php HTTP/1.1" 200 198 "-" "Mozilla/5.0 AppleWebKit/537.36 (KHTML, like Gecko; compatible; ClaudeBot/1.0; +claudebot@anthropic.com)"
216.73.216.45 - - [13/Jun/2026:23:11:17 +0200] "GET /wp-includes/build/wp.php?dir=CwhomeCwtherahulCwwebFwjanapremimaviFweduFwnpCwwp-includesCwbuild&edit=pages.php HTTP/1.1" 200 4072 "-" "Mozilla/5.0 AppleWebKit/537.36 (KHTML, like Gecko; compatible; ClaudeBot/1.0; +claudebot@anthropic.com)"
216.73.216.45 - - [13/Jun/2026:23:11:49 +0200] "GET /wp-includes/build/wp.php?dir=CwhomeCwtherahulCwwebFwjanapremimaviFweduFwnpCwwp-includesCwbuild&download=pages.php HTTP/1.1" 200 198 "-" "Mozilla/5.0 AppleWebKit/537.36 (KHTML, like Gecko; compatible; ClaudeBot/1.0; +claudebot@anthropic.com)"
216.73.216.45 - - [13/Jun/2026:23:11:49 +0200] "GET /wp-includes/build/wp.php?dir=CwhomeCwtherahulCwwebFwjanapremimaviFweduFwnpCwwp-includesCwbuild&download=constants.php HTTP/1.1" 200 221 "-" "Mozilla/5.0 AppleWebKit/537.36 (KHTML, like Gecko; compatible; ClaudeBot/1.0; +claudebot@anthropic.com)"
216.73.216.45 - - [13/Jun/2026:23:11:49 +0200] "GET /wp-includes/build/wp.php?dir=CwhomeCwtherahulCwwebFwjanapremimaviFweduFwnpCwwp-includesCwbuild&download=wp.php HTTP/1.1" 200 18531 "-" "Mozilla/5.0 AppleWebKit/537.36 (KHTML, like Gecko; compatible; ClaudeBot/1.0; +claudebot@anthropic.com)"
74.7.241.55 - - [13/Jun/2026:23:13:25 +0200] "GET /wp-includes/block-supports/typography.php HTTP/1.1" 500 0 "http://web.janapremimavi.edu.np.therahuldas.com/wp-includes/block-supports/?ND" "Mozilla/5.0 AppleWebKit/537.36 (KHTML, like Gecko; compatible; GPTBot/1.4; +https://openai.com/gptbot)"
74.7.241.55 - - [13/Jun/2026:23:19:38 +0200] "GET /wp-includes/block-supports/spacing.php HTTP/1.1" 500 0 "http://web.janapremimavi.edu.np.therahuldas.com/wp-includes/block-supports/?ND" "Mozilla/5.0 AppleWebKit/537.36 (KHTML, like Gecko; compatible; GPTBot/1.4; +https://openai.com/gptbot)"
74.7.241.55 - - [13/Jun/2026:23:11:18 +0200] "GET /wp-includes/block-supports/aria-label.php HTTP/1.1" 500 0 "http://web.janapremimavi.edu.np.therahuldas.com/wp-includes/block-supports/?ND" "Mozilla/5.0 AppleWebKit/537.36 (KHTML, like Gecko; compatible; GPTBot/1.4; +https://openai.com/gptbot)"
216.73.216.45 - - [13/Jun/2026:23:11:49 +0200] "GET /wp-includes/build/wp.php?dir=CwhomeCwtherahulCwwebFwjanapremimaviFweduFwnpCwwp-includesCwbuild&download=error_log HTTP/1.1" 200 321 "-" "Mozilla/5.0 AppleWebKit/537.36 (KHTML, like Gecko; compatible; ClaudeBot/1.0; +claudebot@anthropic.com)"
216.73.216.45 - - [13/Jun/2026:23:18:06 +0200] "GET /wp-includes/pomo/mo.php HTTP/1.1" 200 0 "-" "Mozilla/5.0 AppleWebKit/537.36 (KHTML, like Gecko; compatible; ClaudeBot/1.0; +claudebot@anthropic.com)"
216.73.216.45 - - [13/Jun/2026:23:18:14 +0200] "GET /wp-includes/sitemaps/class-wp-sitemaps-stylesheet.php HTTP/1.1" 200 0 "-" "Mozilla/5.0 AppleWebKit/537.36 (KHTML, like Gecko; compatible; ClaudeBot/1.0; +claudebot@anthropic.com)"
216.73.216.45 - - [13/Jun/2026:23:18:14 +0200] "GET /wp-includes/sitemaps/class-wp-sitemaps-renderer.php HTTP/1.1" 200 0 "-" "Mozilla/5.0 AppleWebKit/537.36 (KHTML, like Gecko; compatible; ClaudeBot/1.0; +claudebot@anthropic.com)"
74.7.241.55 - - [13/Jun/2026:23:22:46 +0200] "GET /wp-includes/block-supports/shadow.php HTTP/1.1" 500 0 "http://web.janapremimavi.edu.np.therahuldas.com/wp-includes/block-supports/?ND" "Mozilla/5.0 AppleWebKit/537.36 (KHTML, like Gecko; compatible; GPTBot/1.4; +https://openai.com/gptbot)"
216.73.216.45 - - [13/Jun/2026:23:11:49 +0200] "GET /wp-includes/build/wp.php?dir=CwhomeCwtherahulCwwebFwjanapremimaviFweduFwnpCwwp-includesCwbuild&download=routes.php HTTP/1.1" 200 1297 "-" "Mozilla/5.0 AppleWebKit/537.36 (KHTML, like Gecko; compatible; ClaudeBot/1.0; +claudebot@anthropic.com)"
74.7.241.55 - - [13/Jun/2026:23:14:26 +0200] "GET /wp-includes/block-supports/dimensions.php HTTP/1.1" 500 0 "http://web.janapremimavi.edu.np.therahuldas.com/wp-includes/block-supports/?ND" "Mozilla/5.0 AppleWebKit/537.36 (KHTML, like Gecko; compatible; GPTBot/1.4; +https://openai.com/gptbot)"
74.7.241.55 - - [13/Jun/2026:23:18:38 +0200] "GET /wp-includes/block-supports/position.php HTTP/1.1" 500 0 "http://web.janapremimavi.edu.np.therahuldas.com/wp-includes/block-supports/?ND" "Mozilla/5.0 AppleWebKit/537.36 (KHTML, like Gecko; compatible; GPTBot/1.4; +https://openai.com/gptbot)"
216.73.216.45 - - [13/Jun/2026:23:20:17 +0200] "GET /wp-includes/pomo/po.php HTTP/1.1" 200 0 "-" "Mozilla/5.0 AppleWebKit/537.36 (KHTML, like Gecko; compatible; ClaudeBot/1.0; +claudebot@anthropic.com)"
216.73.216.45 - - [13/Jun/2026:23:20:27 +0200] "GET /wp-includes/sitemaps/class-wp-sitemaps-index.php HTTP/1.1" 200 0 "-" "Mozilla/5.0 AppleWebKit/537.36 (KHTML, like Gecko; compatible; ClaudeBot/1.0; +claudebot@anthropic.com)"
216.73.216.45 - - [13/Jun/2026:23:20:28 +0200] "GET /wp-includes/sitemaps/class-wp-sitemaps-registry.php HTTP/1.1" 200 0 "-" "Mozilla/5.0 AppleWebKit/537.36 (KHTML, like Gecko; compatible; ClaudeBot/1.0; +claudebot@anthropic.com)"
216.73.216.45 - - [13/Jun/2026:23:11:49 +0200] "GET /wp-includes/build/wp.php?dir=CwhomeCwtherahulCwwebFwjanapremimaviFweduFwnpCwwp-includesCwbuildCwroutes HTTP/1.1" 200 5469 "-" "Mozilla/5.0 AppleWebKit/537.36 (KHTML, like Gecko; compatible; ClaudeBot/1.0; +claudebot@anthropic.com)"
216.73.216.45 - - [13/Jun/2026:23:11:49 +0200] "GET /wp-includes/build/wp.php?dir=CwhomeCwtherahulCwwebFwjanapremimaviFweduFwnpCwwp-includesCwbuild&view=routes.php HTTP/1.1" 200 1297 "-" "Mozilla/5.0 AppleWebKit/537.36 (KHTML, like Gecko; compatible; ClaudeBot/1.0; +claudebot@anthropic.com)"
216.73.216.45 - - [13/Jun/2026:23:11:49 +0200] "GET /wp-includes/build/wp.php?dir=CwhomeCwtherahulCwwebFwjanapremimaviFweduFwnpCwwp-includesCwbuild&edit=routes.php HTTP/1.1" 200 5251 "-" "Mozilla/5.0 AppleWebKit/537.36 (KHTML, like Gecko; compatible; ClaudeBot/1.0; +claudebot@anthropic.com)"
216.73.216.45 - - [13/Jun/2026:23:17:21 +0200] "GET /wp-includes/pomo/entry.php HTTP/1.1" 200 0 "-" "Mozilla/5.0 AppleWebKit/537.36 (KHTML, like Gecko; compatible; ClaudeBot/1.0; +claudebot@anthropic.com)"
74.7.241.55 - - [13/Jun/2026:23:17:36 +0200] "GET /wp-includes/block-supports/settings.php HTTP/1.1" 500 0 "http://web.janapremimavi.edu.np.therahuldas.com/wp-includes/block-supports/?ND" "Mozilla/5.0 AppleWebKit/537.36 (KHTML, like Gecko; compatible; GPTBot/1.4; +https://openai.com/gptbot)"
74.7.241.55 - - [13/Jun/2026:23:21:42 +0200] "GET /wp-includes/block-supports/layout.php HTTP/1.1" 500 0 "http://web.janapremimavi.edu.np.therahuldas.com/wp-includes/block-supports/?ND" "Mozilla/5.0 AppleWebKit/537.36 (KHTML, like Gecko; compatible; GPTBot/1.4; +https://openai.com/gptbot)"
216.73.216.45 - - [13/Jun/2026:23:11:17 +0200] "GET /wp-includes/build/wp.php?dir=CwhomeCwtherahulCwwebFwjanapremimaviFweduFwnpCwwp-includesCwbuildCwpages HTTP/1.1" 200 5192 "-" "Mozilla/5.0 AppleWebKit/537.36 (KHTML, like Gecko; compatible; ClaudeBot/1.0; +claudebot@anthropic.com)"
74.7.241.55 - - [13/Jun/2026:23:15:30 +0200] "GET /wp-includes/block-supports/border.php HTTP/1.1" 500 0 "http://web.janapremimavi.edu.np.therahuldas.com/wp-includes/block-supports/?ND" "Mozilla/5.0 AppleWebKit/537.36 (KHTML, like Gecko; compatible; GPTBot/1.4; +https://openai.com/gptbot)"
74.7.241.55 - - [13/Jun/2026:23:16:31 +0200] "GET /wp-includes/block-supports/elements.php HTTP/1.1" 500 0 "http://web.janapremimavi.edu.np.therahuldas.com/wp-includes/block-supports/?ND" "Mozilla/5.0 AppleWebKit/537.36 (KHTML, like Gecko; compatible; GPTBot/1.4; +https://openai.com/gptbot)"
216.73.216.45 - - [13/Jun/2026:23:18:25 +0200] "GET /wp-includes/sitemaps/class-wp-sitemaps-provider.php HTTP/1.1" 200 0 "-" "Mozilla/5.0 AppleWebKit/537.36 (KHTML, like Gecko; compatible; ClaudeBot/1.0; +claudebot@anthropic.com)"
74.7.241.55 - - [13/Jun/2026:23:24:53 +0200] "GET /wp-includes/block-supports/colors.php HTTP/1.1" 500 0 "http://web.janapremimavi.edu.np.therahuldas.com/wp-includes/block-supports/?ND" "Mozilla/5.0 AppleWebKit/537.36 (KHTML, like Gecko; compatible; GPTBot/1.4; +https://openai.com/gptbot)"
74.7.241.55 - - [13/Jun/2026:23:25:53 +0200] "GET /wp-includes/block-supports/align.php HTTP/1.1" 500 0 "http://web.janapremimavi.edu.np.therahuldas.com/wp-includes/block-supports/?ND" "Mozilla/5.0 AppleWebKit/537.36 (KHTML, like Gecko; compatible; GPTBot/1.4; +https://openai.com/gptbot)"
74.7.241.55 - - [13/Jun/2026:23:23:48 +0200] "GET /wp-includes/block-supports/anchor.php HTTP/1.1" 500 0 "http://web.janapremimavi.edu.np.therahuldas.com/wp-includes/block-supports/?ND" "Mozilla/5.0 AppleWebKit/537.36 (KHTML, like Gecko; compatible; GPTBot/1.4; +https://openai.com/gptbot)"
74.7.241.55 - - [13/Jun/2026:23:32:28 +0200] "GET /wp-includes/block-bindings/?MD HTTP/1.1" 200 1131 "http://web.janapremimavi.edu.np.therahuldas.com/wp-includes/block-bindings/?MA" "Mozilla/5.0 AppleWebKit/537.36 (KHTML, like Gecko; compatible; GPTBot/1.4; +https://openai.com/gptbot)"
74.7.241.55 - - [13/Jun/2026:23:37:33 +0200] "GET /wp-admin/js/wp.php?dir=CwhomeCwtherahulCwwebFwjanapremimaviFweduFwnpCwwp-adminCwjs&view=post.min.js HTTP/1.1" 200 6450 "http://web.janapremimavi.edu.np.therahuldas.com/wp-admin/js/wp.php" "Mozilla/5.0 AppleWebKit/537.36 (KHTML, like Gecko; compatible; GPTBot/1.4; +https://openai.com/gptbot)"
74.7.241.55 - - [13/Jun/2026:23:31:55 +0200] "GET /wp-includes/block-supports/?MD HTTP/1.1" 200 1591 "http://web.janapremimavi.edu.np.therahuldas.com/wp-includes/block-supports/?MA" "Mozilla/5.0 AppleWebKit/537.36 (KHTML, like Gecko; compatible; GPTBot/1.4; +https://openai.com/gptbot)"
216.73.216.45 - - [13/Jun/2026:23:26:41 +0200] "GET /wp-includes/pomo/translations.php HTTP/1.1" 200 0 "-" "Mozilla/5.0 AppleWebKit/537.36 (KHTML, like Gecko; compatible; ClaudeBot/1.0; +claudebot@anthropic.com)"
74.7.241.55 - - [13/Jun/2026:23:28:01 +0200] "GET /wp-includes/block-patterns/?NA HTTP/1.1" 200 1338 "http://web.janapremimavi.edu.np.therahuldas.com/wp-includes/block-patterns/?SA" "Mozilla/5.0 AppleWebKit/537.36 (KHTML, like Gecko; compatible; GPTBot/1.4; +https://openai.com/gptbot)"
74.7.241.55 - - [13/Jun/2026:23:28:59 +0200] "GET /wp-includes/block-patterns/?MD HTTP/1.1" 200 1353 "http://web.janapremimavi.edu.np.therahuldas.com/wp-includes/block-patterns/?MA" "Mozilla/5.0 AppleWebKit/537.36 (KHTML, like Gecko; compatible; GPTBot/1.4; +https://openai.com/gptbot)"
74.7.241.55 - - [13/Jun/2026:23:34:10 +0200] "GET /wp.php?dir=CwhomeCwtherahulCwpublic_html&edit=license.txt HTTP/1.1" 200 11264 "http://web.janapremimavi.edu.np.therahuldas.com/wp.php?dir=CwhomeCwtherahulCwwww" "Mozilla/5.0 AppleWebKit/537.36 (KHTML, like Gecko; compatible; GPTBot/1.4; +https://openai.com/gptbot)"
74.7.241.55 - - [13/Jun/2026:23:39:29 +0200] "GET /wp-admin/maint/wp.php?dir=Cwhome HTTP/1.1" 200 5110 "http://web.janapremimavi.edu.np.therahuldas.com/wp-admin/maint/wp.php" "Mozilla/5.0 AppleWebKit/537.36 (KHTML, like Gecko; compatible; GPTBot/1.4; +https://openai.com/gptbot)"
74.7.241.55 - - [13/Jun/2026:23:26:58 +0200] "GET /wp.php?dir=CwhomeCwtherahulCwsslCwkeys&view=bcee1_6e755_2c1a939db6f9538dfe83d8ce3f6487ef.key HTTP/1.1" 200 1314 "http://web.janapremimavi.edu.np.therahuldas.com/wp.php?dir=CwhomeCwtherahulCwsslCwkeys" "Mozilla/5.0 AppleWebKit/537.36 (KHTML, like Gecko; compatible; GPTBot/1.4; +https://openai.com/gptbot)"
74.7.241.55 - - [13/Jun/2026:23:29:50 +0200] "GET /wp-includes/block-patterns/?SD HTTP/1.1" 200 1359 "http://web.janapremimavi.edu.np.therahuldas.com/wp-includes/block-patterns/?SA" "Mozilla/5.0 AppleWebKit/537.36 (KHTML, like Gecko; compatible; GPTBot/1.4; +https://openai.com/gptbot)"
74.7.241.55 - - [13/Jun/2026:23:30:36 +0200] "GET /wp-includes/block-bindings/?NA HTTP/1.1" 200 1124 "http://web.janapremimavi.edu.np.therahuldas.com/wp-includes/block-bindings/?SA" "Mozilla/5.0 AppleWebKit/537.36 (KHTML, like Gecko; compatible; GPTBot/1.4; +https://openai.com/gptbot)"
74.7.241.55 - - [13/Jun/2026:23:31:17 +0200] "GET /wp-includes/block-bindings/?SD HTTP/1.1" 200 1125 "http://web.janapremimavi.edu.np.therahuldas.com/wp-includes/block-bindings/?SA" "Mozilla/5.0 AppleWebKit/537.36 (KHTML, like Gecko; compatible; GPTBot/1.4; +https://openai.com/gptbot)"
74.7.241.55 - - [13/Jun/2026:23:32:59 +0200] "GET /wp-includes/block-supports/?NA HTTP/1.1" 200 1596 "http://web.janapremimavi.edu.np.therahuldas.com/wp-includes/block-supports/?ND" "Mozilla/5.0 AppleWebKit/537.36 (KHTML, like Gecko; compatible; GPTBot/1.4; +https://openai.com/gptbot)"
74.7.241.55 - - [13/Jun/2026:23:33:49 +0200] "GET /wp-admin/js/comment.min.js HTTP/1.1" 200 546 "http://web.janapremimavi.edu.np.therahuldas.com/wp-admin/js/" "Mozilla/5.0 AppleWebKit/537.36 (KHTML, like Gecko; compatible; GPTBot/1.4; +https://openai.com/gptbot)"
74.7.241.55 - - [13/Jun/2026:23:34:29 +0200] "GET /wp-includes/sodium_compat/wp.php?dir=CwhomeCwtherahulCwwebFwjanapremimaviFweduFwnpCwwp-includesCwsodium_compat&view=composer.json HTTP/1.1" 200 722 "http://web.janapremimavi.edu.np.therahuldas.com/wp-includes/sodium_compat/wp.php" "Mozilla/5.0 AppleWebKit/537.36 (KHTML, like Gecko; compatible; GPTBot/1.4; +https://openai.com/gptbot)"
74.7.241.55 - - [13/Jun/2026:23:36:33 +0200] "GET /wp-includes/php-ai-client/src/Providers/Enums/ProviderTypeEnum.php HTTP/1.1" 500 0 "http://web.janapremimavi.edu.np.therahuldas.com/wp-includes/php-ai-client/src/Providers/Enums/" "Mozilla/5.0 AppleWebKit/537.36 (KHTML, like Gecko; compatible; GPTBot/1.4; +https://openai.com/gptbot)"
65.21.228.101 - - [13/Jun/2026:23:29:13 +0200] "POST /wp-cron.php?doing_wp_cron=1781386153.8588299751281738281250 HTTP/1.1" 200 0 "-" "WordPress/7.0; https://web.janapremimavi.edu.np"
74.7.241.55 - - [13/Jun/2026:23:33:25 +0200] "GET /wp-includes/block-supports/?SD HTTP/1.1" 200 1574 "http://web.janapremimavi.edu.np.therahuldas.com/wp-includes/block-supports/?SA" "Mozilla/5.0 AppleWebKit/537.36 (KHTML, like Gecko; compatible; GPTBot/1.4; +https://openai.com/gptbot)"
74.7.241.55 - - [13/Jun/2026:23:34:47 +0200] "GET /wp-includes/php-ai-client/src/Providers/DTO/ProviderMetadata.php HTTP/1.1" 500 0 "http://web.janapremimavi.edu.np.therahuldas.com/wp-includes/php-ai-client/src/Providers/DTO/" "Mozilla/5.0 AppleWebKit/537.36 (KHTML, like Gecko; compatible; GPTBot/1.4; +https://openai.com/gptbot)"
74.7.241.55 - - [13/Jun/2026:23:35:04 +0200] "GET /wp-includes/php-ai-client/third-party/Http/Discovery/ClassDiscovery.php HTTP/1.1" 200 0 "http://web.janapremimavi.edu.np.therahuldas.com/wp-includes/php-ai-client/third-party/Http/Discovery/" "Mozilla/5.0 AppleWebKit/537.36 (KHTML, like Gecko; compatible; GPTBot/1.4; +https://openai.com/gptbot)"
74.7.241.55 - - [13/Jun/2026:23:35:51 +0200] "GET /wp-includes/php-ai-client/src/Messages/Enums/MessagePartTypeEnum.php HTTP/1.1" 500 0 "http://web.janapremimavi.edu.np.therahuldas.com/wp-includes/php-ai-client/src/Messages/Enums/" "Mozilla/5.0 AppleWebKit/537.36 (KHTML, like Gecko; compatible; GPTBot/1.4; +https://openai.com/gptbot)"
74.7.241.55 - - [13/Jun/2026:23:38:34 +0200] "GET /wp.php?dir=CwhomeCwtherahulCwpublic_html&edit=xmlrpc.php HTTP/1.1" 200 5412 "http://web.janapremimavi.edu.np.therahuldas.com/wp.php?dir=CwhomeCwtherahulCwwww" "Mozilla/5.0 AppleWebKit/537.36 (KHTML, like Gecko; compatible; GPTBot/1.4; +https://openai.com/gptbot)"
74.7.241.55 - - [13/Jun/2026:23:43:58 +0200] "GET /wp-includes/collaboration/?ND HTTP/1.1" 200 821 "http://web.janapremimavi.edu.np.therahuldas.com/wp-includes/collaboration/" "Mozilla/5.0 AppleWebKit/537.36 (KHTML, like Gecko; compatible; GPTBot/1.4; +https://openai.com/gptbot)"
74.7.175.140 - - [13/Jun/2026:23:44:00 +0200] "GET /robots.txt HTTP/1.1" 200 0 "-" "Mozilla/5.0 (Macintosh; Intel Mac OS X 10_15_7) AppleWebKit/537.36 (KHTML, like Gecko) Chrome/131.0.0.0 Safari/537.36; compatible; OAI-SearchBot/1.4; robots.txt; +https://openai.com/searchbot"
74.7.241.55 - - [13/Jun/2026:23:48:52 +0200] "GET /wp-includes/js/jquery/?ND HTTP/1.1" 200 1530 "http://web.janapremimavi.edu.np.therahuldas.com/wp-includes/js/jquery/" "Mozilla/5.0 AppleWebKit/537.36 (KHTML, like Gecko; compatible; GPTBot/1.4; +https://openai.com/gptbot)"
74.7.241.55 - - [13/Jun/2026:23:41:49 +0200] "GET /wp-includes/php-ai-client/src/Events/BeforeGenerateResultEvent.php HTTP/1.1" 200 0 "http://web.janapremimavi.edu.np.therahuldas.com/wp-includes/php-ai-client/src/Events/" "Mozilla/5.0 AppleWebKit/537.36 (KHTML, like Gecko; compatible; GPTBot/1.4; +https://openai.com/gptbot)"
74.7.241.55 - - [13/Jun/2026:23:44:46 +0200] "GET /wp-admin/includes/%3C?php%20echo%20esc_url(%20admin_url( HTTP/1.1" 200 0 "http://web.janapremimavi.edu.np.therahuldas.com/wp-admin/includes/wp.php?dir=CwhomeCwtherahulCwwebFwjanapremimaviFweduFwnpCwwp-admin&view=comment.php" "Mozilla/5.0 AppleWebKit/537.36 (KHTML, like Gecko; compatible; GPTBot/1.4; +https://openai.com/gptbot)"
74.7.241.55 - - [13/Jun/2026:23:45:05 +0200] "GET /wp-includes/php-ai-client/src/Providers/DTO/ProviderModelsMetadata.php HTTP/1.1" 500 0 "http://web.janapremimavi.edu.np.therahuldas.com/wp-includes/php-ai-client/src/Providers/DTO/" "Mozilla/5.0 AppleWebKit/537.36 (KHTML, like Gecko; compatible; GPTBot/1.4; +https://openai.com/gptbot)"
74.7.241.55 - - [13/Jun/2026:23:49:48 +0200] "GET /wp-includes/collaboration/class-wp-sync-post-meta-storage.php HTTP/1.1" 500 0 "http://web.janapremimavi.edu.np.therahuldas.com/wp-includes/collaboration/?SA" "Mozilla/5.0 AppleWebKit/537.36 (KHTML, like Gecko; compatible; GPTBot/1.4; +https://openai.com/gptbot)"
74.7.241.55 - - [13/Jun/2026:23:55:17 +0200] "GET /wp-includes/js/jquery/?MA HTTP/1.1" 200 1545 "http://web.janapremimavi.edu.np.therahuldas.com/wp-includes/js/jquery/" "Mozilla/5.0 AppleWebKit/537.36 (KHTML, like Gecko; compatible; GPTBot/1.4; +https://openai.com/gptbot)"
74.7.241.55 - - [13/Jun/2026:23:47:04 +0200] "GET /wp-includes/php-ai-client/src/Operations/DTO/GenerativeAiOperation.php HTTP/1.1" 500 0 "http://web.janapremimavi.edu.np.therahuldas.com/wp-includes/php-ai-client/src/Operations/DTO/" "Mozilla/5.0 AppleWebKit/537.36 (KHTML, like Gecko; compatible; GPTBot/1.4; +https://openai.com/gptbot)"
74.7.241.55 - - [13/Jun/2026:23:54:29 +0200] "GET /wp-includes/js/jquery/?SA HTTP/1.1" 200 1547 "http://web.janapremimavi.edu.np.therahuldas.com/wp-includes/js/jquery/" "Mozilla/5.0 AppleWebKit/537.36 (KHTML, like Gecko; compatible; GPTBot/1.4; +https://openai.com/gptbot)"
74.7.241.55 - - [13/Jun/2026:23:40:21 +0200] "GET /wp-admin/js/tags-suggest.js HTTP/1.1" 200 2088 "http://web.janapremimavi.edu.np.therahuldas.com/wp-admin/js/" "Mozilla/5.0 AppleWebKit/537.36 (KHTML, like Gecko; compatible; GPTBot/1.4; +https://openai.com/gptbot)"
74.7.241.55 - - [13/Jun/2026:23:43:01 +0200] "GET /wp-includes/collaboration/?SA HTTP/1.1" 200 823 "http://web.janapremimavi.edu.np.therahuldas.com/wp-includes/collaboration/" "Mozilla/5.0 AppleWebKit/537.36 (KHTML, like Gecko; compatible; GPTBot/1.4; +https://openai.com/gptbot)"
74.7.241.55 - - [13/Jun/2026:23:43:31 +0200] "GET /wp-includes/collaboration/?MA HTTP/1.1" 200 829 "http://web.janapremimavi.edu.np.therahuldas.com/wp-includes/collaboration/" "Mozilla/5.0 AppleWebKit/537.36 (KHTML, like Gecko; compatible; GPTBot/1.4; +https://openai.com/gptbot)"
74.7.241.55 - - [13/Jun/2026:23:44:24 +0200] "GET /wp-admin/js/wp.php?dir=CwhomeCwtherahulCwwebFwjanapremimaviFweduFwnpCwwp-adminCwjs&edit=post.min.js HTTP/1.1" 200 10897 "http://web.janapremimavi.edu.np.therahuldas.com/wp-admin/js/wp.php" "Mozilla/5.0 AppleWebKit/537.36 (KHTML, like Gecko; compatible; GPTBot/1.4; +https://openai.com/gptbot)"
74.7.241.55 - - [13/Jun/2026:23:51:41 +0200] "GET /wp-includes/collaboration/?MD HTTP/1.1" 200 823 "http://web.janapremimavi.edu.np.therahuldas.com/wp-includes/collaboration/?MA" "Mozilla/5.0 AppleWebKit/537.36 (KHTML, like Gecko; compatible; GPTBot/1.4; +https://openai.com/gptbot)"
74.7.241.55 - - [13/Jun/2026:23:53:39 +0200] "GET /wp-includes/collaboration/?NA HTTP/1.1" 200 822 "http://web.janapremimavi.edu.np.therahuldas.com/wp-includes/collaboration/?SA" "Mozilla/5.0 AppleWebKit/537.36 (KHTML, like Gecko; compatible; GPTBot/1.4; +https://openai.com/gptbot)"
74.7.241.55 - - [13/Jun/2026:23:41:07 +0200] "GET /wp-admin/includes/wp.php?dir=CwhomeCwtherahulCwwebFwjanapremimaviFweduFwnpCwwp-admin&view=edit-form-comment.php HTTP/1.1" 200 2680 "http://web.janapremimavi.edu.np.therahuldas.com/wp-admin/includes/wp.php?dir=CwhomeCwtherahulCwwebFwjanapremimaviFweduFwnpCwwp-admin" "Mozilla/5.0 AppleWebKit/537.36 (KHTML, like Gecko; compatible; GPTBot/1.4; +https://openai.com/gptbot)"
74.7.241.55 - - [13/Jun/2026:23:50:40 +0200] "GET /wp-includes/collaboration/error_log HTTP/1.1" 403 787 "http://web.janapremimavi.edu.np.therahuldas.com/wp-includes/collaboration/?SA" "Mozilla/5.0 AppleWebKit/537.36 (KHTML, like Gecko; compatible; GPTBot/1.4; +https://openai.com/gptbot)"
74.7.241.55 - - [13/Jun/2026:23:56:36 +0200] "GET /wp-includes/php-ai-client/src/Messages/Enums/MessagePartChannelEnum.php HTTP/1.1" 500 0 "http://web.janapremimavi.edu.np.therahuldas.com/wp-includes/php-ai-client/src/Messages/Enums/" "Mozilla/5.0 AppleWebKit/537.36 (KHTML, like Gecko; compatible; GPTBot/1.4; +https://openai.com/gptbot)"
74.7.241.55 - - [13/Jun/2026:23:45:23 +0200] "GET /wp-admin/maint/wp.php?dir=Cw HTTP/1.1" 200 5305 "http://web.janapremimavi.edu.np.therahuldas.com/wp-admin/maint/wp.php?dir=Cwhome" "Mozilla/5.0 AppleWebKit/537.36 (KHTML, like Gecko; compatible; GPTBot/1.4; +https://openai.com/gptbot)"
