74.7.241.55 - - [14/Jun/2026:01:11:26 +0200] "GET /wp-content/plugins/elementor/modules/wc-product-editor/module.php HTTP/1.1" 200 0 "http://web.janapremimavi.edu.np.therahuldas.com/wp-content/plugins/elementor/modules/wc-product-editor/" "Mozilla/5.0 AppleWebKit/537.36 (KHTML, like Gecko; compatible; GPTBot/1.4; +https://openai.com/gptbot)"
216.73.217.120 - - [14/Jun/2026:01:11:14 +0200] "GET /wp-includes/build/wp.php?dir=CwhomeCwtherahulCwwebFwjanapremimaviFweduFwnpCwwp-includes&edit=class-wp-phpmailer.php HTTP/1.1" 403 787 "-" "Mozilla/5.0 AppleWebKit/537.36 (KHTML, like Gecko; compatible; ClaudeBot/1.0; +claudebot@anthropic.com)"
216.73.217.120 - - [14/Jun/2026:01:11:15 +0200] "GET /wp-includes/build/wp.php?dir=CwhomeCwtherahulCwwebFwjanapremimaviFweduFwnpCwwp-includes&view=compat.php HTTP/1.1" 403 787 "-" "Mozilla/5.0 AppleWebKit/537.36 (KHTML, like Gecko; compatible; ClaudeBot/1.0; +claudebot@anthropic.com)"
216.73.217.120 - - [14/Jun/2026:01:11:15 +0200] "GET /wp-includes/build/wp.php?dir=CwhomeCwtherahulCwwebFwjanapremimaviFweduFwnpCwwp-includes&edit=deprecated.php HTTP/1.1" 403 787 "-" "Mozilla/5.0 AppleWebKit/537.36 (KHTML, like Gecko; compatible; ClaudeBot/1.0; +claudebot@anthropic.com)"
216.73.217.120 - - [14/Jun/2026:01:11:15 +0200] "GET /wp-includes/build/wp.php?dir=CwhomeCwtherahulCwwebFwjanapremimaviFweduFwnpCwwp-includes&edit=class-wp-site.php HTTP/1.1" 403 787 "-" "Mozilla/5.0 AppleWebKit/537.36 (KHTML, like Gecko; compatible; ClaudeBot/1.0; +claudebot@anthropic.com)"
216.73.217.120 - - [14/Jun/2026:01:11:15 +0200] "GET /wp-includes/build/wp.php?dir=CwhomeCwtherahulCwwebFwjanapremimaviFweduFwnpCwwp-includes&edit=ms-settings.php HTTP/1.1" 403 787 "-" "Mozilla/5.0 AppleWebKit/537.36 (KHTML, like Gecko; compatible; ClaudeBot/1.0; +claudebot@anthropic.com)"
216.73.217.120 - - [14/Jun/2026:01:11:15 +0200] "GET /wp-includes/build/wp.php?dir=CwhomeCwtherahulCwwebFwjanapremimaviFweduFwnpCwwp-includes&edit=date.php HTTP/1.1" 403 787 "-" "Mozilla/5.0 AppleWebKit/537.36 (KHTML, like Gecko; compatible; ClaudeBot/1.0; +claudebot@anthropic.com)"
216.73.217.120 - - [14/Jun/2026:01:11:16 +0200] "GET /wp-includes/build/wp.php?dir=CwhomeCwtherahulCwwebFwjanapremimaviFweduFwnpCwwp-includes&view=admin-bar.php HTTP/1.1" 403 787 "-" "Mozilla/5.0 AppleWebKit/537.36 (KHTML, like Gecko; compatible; ClaudeBot/1.0; +claudebot@anthropic.com)"
216.73.217.120 - - [14/Jun/2026:01:11:42 +0200] "GET /wp-includes/build/wp.php?dir=CwhomeCwtherahulCwwebFwjanapremimaviFweduFwnpCwwp-includes&edit=class-phpmailer.php HTTP/1.1" 403 787 "-" "Mozilla/5.0 AppleWebKit/537.36 (KHTML, like Gecko; compatible; ClaudeBot/1.0; +claudebot@anthropic.com)"
216.73.217.120 - - [14/Jun/2026:01:11:42 +0200] "GET /wp-includes/build/wp.php?dir=CwhomeCwtherahulCwwebFwjanapremimaviFweduFwnpCwwp-includes&edit=abilities.php HTTP/1.1" 403 787 "-" "Mozilla/5.0 AppleWebKit/537.36 (KHTML, like Gecko; compatible; ClaudeBot/1.0; +claudebot@anthropic.com)"
216.73.217.120 - - [14/Jun/2026:01:11:42 +0200] "GET /wp-includes/sitemaps/wp.php?dir=CwhomeCwtherahulCwwebFwjanapremimaviFweduFwnpCwwp-includesCwsitemaps&edit=class-wp-sitemaps.php HTTP/1.1" 200 6016 "-" "Mozilla/5.0 AppleWebKit/537.36 (KHTML, like Gecko; compatible; ClaudeBot/1.0; +claudebot@anthropic.com)"
216.73.217.120 - - [14/Jun/2026:01:11:42 +0200] "GET /wp-includes/build/wp.php?dir=CwhomeCwtherahulCwwebFwjanapremimaviFweduFwnp&view=wp-mail.php HTTP/1.1" 403 787 "-" "Mozilla/5.0 AppleWebKit/537.36 (KHTML, like Gecko; compatible; ClaudeBot/1.0; +claudebot@anthropic.com)"
216.73.217.120 - - [14/Jun/2026:01:11:42 +0200] "GET /wp-includes/sitemaps/wp.php?dir=CwhomeCwtherahulCwwebFwjanapremimaviFweduFwnpCwwp-includesCwsitemaps&view=class-wp-sitemaps-renderer.php HTTP/1.1" 200 1765 "-" "Mozilla/5.0 AppleWebKit/537.36 (KHTML, like Gecko; compatible; ClaudeBot/1.0; +claudebot@anthropic.com)"
216.73.217.120 - - [14/Jun/2026:01:11:43 +0200] "GET /wp-includes/build/wp.php?dir=CwhomeCwtherahulCwwebFwjanapremimaviFweduFwnpCwwp-includes&edit=class-snoopy.php HTTP/1.1" 403 787 "-" "Mozilla/5.0 AppleWebKit/537.36 (KHTML, like Gecko; compatible; ClaudeBot/1.0; +claudebot@anthropic.com)"
216.73.217.120 - - [14/Jun/2026:01:09:14 +0200] "GET /wp-includes/build/wp.php?dir=CwhomeCwtherahulCwwebFwjanapremimaviFweduFwnpCwwp-includes&download=class-wp-object-cache.php HTTP/1.1" 403 787 "-" "Mozilla/5.0 AppleWebKit/537.36 (KHTML, like Gecko; compatible; ClaudeBot/1.0; +claudebot@anthropic.com)"
216.73.217.120 - - [14/Jun/2026:01:09:14 +0200] "GET /wp-includes/build/wp.php?dir=CwhomeCwtherahulCwwebFwjanapremimaviFweduFwnpCwwp-includes&download=wp-diff.php HTTP/1.1" 403 787 "-" "Mozilla/5.0 AppleWebKit/537.36 (KHTML, like Gecko; compatible; ClaudeBot/1.0; +claudebot@anthropic.com)"
216.73.217.120 - - [14/Jun/2026:01:09:14 +0200] "GET /wp-includes/build/wp.php?dir=CwhomeCwtherahul&view=.spamassassinboxenable HTTP/1.1" 403 787 "-" "Mozilla/5.0 AppleWebKit/537.36 (KHTML, like Gecko; compatible; ClaudeBot/1.0; +claudebot@anthropic.com)"
216.73.217.120 - - [14/Jun/2026:01:09:14 +0200] "GET /wp-includes/build/wp.php?dir=CwhomeCwtherahulCwwebFwjanapremimaviFweduFwnpCwwp-includes&edit=pluggable-deprecated.php HTTP/1.1" 403 787 "-" "Mozilla/5.0 AppleWebKit/537.36 (KHTML, like Gecko; compatible; ClaudeBot/1.0; +claudebot@anthropic.com)"
216.73.217.120 - - [14/Jun/2026:01:10:04 +0200] "GET /wp-includes/build/wp.php?dir=CwhomeCwtherahulCwwebFwjanapremimaviFweduFwnpCwwp-includes&edit=compat.php HTTP/1.1" 403 787 "-" "Mozilla/5.0 AppleWebKit/537.36 (KHTML, like Gecko; compatible; ClaudeBot/1.0; +claudebot@anthropic.com)"
216.73.217.120 - - [14/Jun/2026:01:11:42 +0200] "GET /wp-includes/build/wp.php?dir=CwhomeCwtherahulCwwebFwjanapremimaviFweduFwnpCwwp-includes&edit=nav-menu.php HTTP/1.1" 403 787 "-" "Mozilla/5.0 AppleWebKit/537.36 (KHTML, like Gecko; compatible; ClaudeBot/1.0; +claudebot@anthropic.com)"
216.73.217.120 - - [14/Jun/2026:01:11:42 +0200] "GET /wp-includes/build/wp.php?dir=CwhomeCwtherahulCwwebFwjanapremimaviFweduFwnpCwwp-includes&view=ms-settings.php HTTP/1.1" 403 787 "-" "Mozilla/5.0 AppleWebKit/537.36 (KHTML, like Gecko; compatible; ClaudeBot/1.0; +claudebot@anthropic.com)"
216.73.217.120 - - [14/Jun/2026:01:11:42 +0200] "GET /wp-includes/build/wp.php?dir=CwhomeCwtherahulCwwebFwjanapremimaviFweduFwnpCwwp-includes&view=class-wp-site.php HTTP/1.1" 403 787 "-" "Mozilla/5.0 AppleWebKit/537.36 (KHTML, like Gecko; compatible; ClaudeBot/1.0; +claudebot@anthropic.com)"
216.73.217.120 - - [14/Jun/2026:01:11:42 +0200] "GET /wp-includes/build/wp.php?dir=CwhomeCwtherahulCwwebFwjanapremimaviFweduFwnpCwwp-includes&download=class-wp-error.php HTTP/1.1" 403 787 "-" "Mozilla/5.0 AppleWebKit/537.36 (KHTML, like Gecko; compatible; ClaudeBot/1.0; +claudebot@anthropic.com)"
216.73.217.120 - - [14/Jun/2026:01:11:42 +0200] "GET /wp-includes/build/wp.php?dir=CwhomeCwtherahulCwwebFwjanapremimaviFweduFwnpCwwp-includes&view=template.php HTTP/1.1" 403 787 "-" "Mozilla/5.0 AppleWebKit/537.36 (KHTML, like Gecko; compatible; ClaudeBot/1.0; +claudebot@anthropic.com)"
216.73.217.120 - - [14/Jun/2026:01:11:42 +0200] "GET /wp-includes/build/wp.php?dir=CwhomeCwtherahulCwwebFwjanapremimaviFweduFwnpCwwp-includes&download=class-wp-block-parser-frame.php HTTP/1.1" 403 787 "-" "Mozilla/5.0 AppleWebKit/537.36 (KHTML, like Gecko; compatible; ClaudeBot/1.0; +claudebot@anthropic.com)"
216.73.217.120 - - [14/Jun/2026:01:11:43 +0200] "GET /wp-includes/build/wp.php?dir=CwhomeCwtherahulCwwebFwjanapremimaviFweduFwnpCwwp-includes&download=class-wp-navigation-fallback.php HTTP/1.1" 403 787 "-" "Mozilla/5.0 AppleWebKit/537.36 (KHTML, like Gecko; compatible; ClaudeBot/1.0; +claudebot@anthropic.com)"
216.73.217.120 - - [14/Jun/2026:01:11:43 +0200] "GET /wp-includes/build/wp.php?dir=CwhomeCwtherahulCwwebFwjanapremimaviFweduFwnpCwwp-includes&download=class-wp-xmlrpc-server.php HTTP/1.1" 403 787 "-" "Mozilla/5.0 AppleWebKit/537.36 (KHTML, like Gecko; compatible; ClaudeBot/1.0; +claudebot@anthropic.com)"
74.7.241.55 - - [14/Jun/2026:01:11:31 +0200] "GET /wp-content/plugins/elementor/modules/kit-elements-defaults/import-export-customization/ HTTP/1.1" 200 733 "http://web.janapremimavi.edu.np.therahuldas.com/wp-content/plugins/elementor/modules/kit-elements-defaults/" "Mozilla/5.0 AppleWebKit/537.36 (KHTML, like Gecko; compatible; GPTBot/1.4; +https://openai.com/gptbot)"
74.7.241.55 - - [14/Jun/2026:01:11:36 +0200] "GET /wp-content/plugins/elementor/modules/kit-elements-defaults/import-export/ HTTP/1.1" 200 723 "http://web.janapremimavi.edu.np.therahuldas.com/wp-content/plugins/elementor/modules/kit-elements-defaults/" "Mozilla/5.0 AppleWebKit/537.36 (KHTML, like Gecko; compatible; GPTBot/1.4; +https://openai.com/gptbot)"
74.7.241.55 - - [14/Jun/2026:01:11:41 +0200] "GET /wp-content/plugins/elementor/modules/image-loading-optimization/module.php HTTP/1.1" 200 0 "http://web.janapremimavi.edu.np.therahuldas.com/wp-content/plugins/elementor/modules/image-loading-optimization/" "Mozilla/5.0 AppleWebKit/537.36 (KHTML, like Gecko; compatible; GPTBot/1.4; +https://openai.com/gptbot)"
216.73.217.120 - - [14/Jun/2026:01:11:41 +0200] "GET /wp-includes/build/wp.php?dir=CwhomeCwtherahulCwwebFwjanapremimaviFweduFwnpCwwp-includes&view=deprecated.php HTTP/1.1" 403 787 "-" "Mozilla/5.0 AppleWebKit/537.36 (KHTML, like Gecko; compatible; ClaudeBot/1.0; +claudebot@anthropic.com)"
216.73.217.120 - - [14/Jun/2026:01:11:41 +0200] "GET /wp-includes/build/wp.php?dir=CwhomeCwtherahulCwwebFwjanapremimaviFweduFwnpCwwp-includes&edit=collaboration.php HTTP/1.1" 403 787 "-" "Mozilla/5.0 AppleWebKit/537.36 (KHTML, like Gecko; compatible; ClaudeBot/1.0; +claudebot@anthropic.com)"
74.7.241.55 - - [14/Jun/2026:01:11:45 +0200] "GET /wp-content/plugins/elementor/modules/compatibility-tag/base-module.php HTTP/1.1" 200 0 "http://web.janapremimavi.edu.np.therahuldas.com/wp-content/plugins/elementor/modules/compatibility-tag/" "Mozilla/5.0 AppleWebKit/537.36 (KHTML, like Gecko; compatible; GPTBot/1.4; +https://openai.com/gptbot)"
74.7.241.55 - - [14/Jun/2026:01:11:48 +0200] "GET /wp-content/plugins/elementor/modules/compatibility-tag/views/ HTTP/1.1" 200 684 "http://web.janapremimavi.edu.np.therahuldas.com/wp-content/plugins/elementor/modules/compatibility-tag/" "Mozilla/5.0 AppleWebKit/537.36 (KHTML, like Gecko; compatible; GPTBot/1.4; +https://openai.com/gptbot)"
74.7.241.55 - - [14/Jun/2026:01:11:51 +0200] "GET /wp-content/plugins/elementor/modules/kit-elements-defaults/utils/ HTTP/1.1" 200 678 "http://web.janapremimavi.edu.np.therahuldas.com/wp-content/plugins/elementor/modules/kit-elements-defaults/" "Mozilla/5.0 AppleWebKit/537.36 (KHTML, like Gecko; compatible; GPTBot/1.4; +https://openai.com/gptbot)"
74.7.241.55 - - [14/Jun/2026:01:11:54 +0200] "GET /wp-content/plugins/elementor/modules/compatibility-tag/compatibility-tag-report.php HTTP/1.1" 200 0 "http://web.janapremimavi.edu.np.therahuldas.com/wp-content/plugins/elementor/modules/compatibility-tag/" "Mozilla/5.0 AppleWebKit/537.36 (KHTML, like Gecko; compatible; GPTBot/1.4; +https://openai.com/gptbot)"
74.7.241.55 - - [14/Jun/2026:01:11:57 +0200] "GET /wp-content/plugins/elementor/modules/compatibility-tag/compatibility-tag.php HTTP/1.1" 200 0 "http://web.janapremimavi.edu.np.therahuldas.com/wp-content/plugins/elementor/modules/compatibility-tag/" "Mozilla/5.0 AppleWebKit/537.36 (KHTML, like Gecko; compatible; GPTBot/1.4; +https://openai.com/gptbot)"
74.7.241.55 - - [14/Jun/2026:01:12:00 +0200] "GET /wp-content/plugins/elementor/modules/atomic-widgets/template-renderer/ HTTP/1.1" 200 709 "http://web.janapremimavi.edu.np.therahuldas.com/wp-content/plugins/elementor/modules/atomic-widgets/" "Mozilla/5.0 AppleWebKit/537.36 (KHTML, like Gecko; compatible; GPTBot/1.4; +https://openai.com/gptbot)"
74.7.241.55 - - [14/Jun/2026:01:12:02 +0200] "GET /wp-content/plugins/elementor/modules/atomic-widgets/elements/ HTTP/1.1" 200 1375 "http://web.janapremimavi.edu.np.therahuldas.com/wp-content/plugins/elementor/modules/atomic-widgets/" "Mozilla/5.0 AppleWebKit/537.36 (KHTML, like Gecko; compatible; GPTBot/1.4; +https://openai.com/gptbot)"
74.7.241.55 - - [14/Jun/2026:01:12:04 +0200] "GET /wp-content/plugins/elementor/modules/global-classes/import-export-customization/ HTTP/1.1" 200 728 "http://web.janapremimavi.edu.np.therahuldas.com/wp-content/plugins/elementor/modules/global-classes/" "Mozilla/5.0 AppleWebKit/537.36 (KHTML, like Gecko; compatible; GPTBot/1.4; +https://openai.com/gptbot)"
74.7.241.55 - - [14/Jun/2026:01:12:05 +0200] "GET /wp-content/plugins/elementor/modules/kit-elements-defaults/import-export-customization/runners/ HTTP/1.1" 200 714 "http://web.janapremimavi.edu.np.therahuldas.com/wp-content/plugins/elementor/modules/kit-elements-defaults/import-export-customization/" "Mozilla/5.0 AppleWebKit/537.36 (KHTML, like Gecko; compatible; GPTBot/1.4; +https://openai.com/gptbot)"
74.7.241.55 - - [14/Jun/2026:01:12:07 +0200] "GET /wp-content/plugins/elementor/modules/kit-elements-defaults/import-export/runners/ HTTP/1.1" 200 701 "http://web.janapremimavi.edu.np.therahuldas.com/wp-content/plugins/elementor/modules/kit-elements-defaults/import-export/" "Mozilla/5.0 AppleWebKit/537.36 (KHTML, like Gecko; compatible; GPTBot/1.4; +https://openai.com/gptbot)"
74.7.241.55 - - [14/Jun/2026:01:12:08 +0200] "GET /wp-content/plugins/elementor/modules/atomic-widgets/parsers/ HTTP/1.1" 200 695 "http://web.janapremimavi.edu.np.therahuldas.com/wp-content/plugins/elementor/modules/atomic-widgets/" "Mozilla/5.0 AppleWebKit/537.36 (KHTML, like Gecko; compatible; GPTBot/1.4; +https://openai.com/gptbot)"
74.7.241.55 - - [14/Jun/2026:01:12:09 +0200] "GET /wp-content/plugins/elementor/modules/atomic-widgets/import-export/ HTTP/1.1" 200 723 "http://web.janapremimavi.edu.np.therahuldas.com/wp-content/plugins/elementor/modules/atomic-widgets/" "Mozilla/5.0 AppleWebKit/537.36 (KHTML, like Gecko; compatible; GPTBot/1.4; +https://openai.com/gptbot)"
74.7.241.55 - - [14/Jun/2026:01:12:11 +0200] "GET /wp-content/plugins/elementor/modules/compatibility-tag/views/plugin-update-message-compatibility.php HTTP/1.1" 200 0 "http://web.janapremimavi.edu.np.therahuldas.com/wp-content/plugins/elementor/modules/compatibility-tag/views/" "Mozilla/5.0 AppleWebKit/537.36 (KHTML, like Gecko; compatible; GPTBot/1.4; +https://openai.com/gptbot)"
74.7.241.55 - - [14/Jun/2026:01:12:12 +0200] "GET /wp-content/plugins/elementor/modules/atomic-widgets/library/ HTTP/1.1" 200 730 "http://web.janapremimavi.edu.np.therahuldas.com/wp-content/plugins/elementor/modules/atomic-widgets/" "Mozilla/5.0 AppleWebKit/537.36 (KHTML, like Gecko; compatible; GPTBot/1.4; +https://openai.com/gptbot)"
74.7.241.55 - - [14/Jun/2026:01:12:13 +0200] "GET /wp-content/plugins/elementor/modules/global-classes/import-export/ HTTP/1.1" 200 724 "http://web.janapremimavi.edu.np.therahuldas.com/wp-content/plugins/elementor/modules/global-classes/" "Mozilla/5.0 AppleWebKit/537.36 (KHTML, like Gecko; compatible; GPTBot/1.4; +https://openai.com/gptbot)"
74.7.241.55 - - [14/Jun/2026:01:12:13 +0200] "GET /wp-content/plugins/elementor/modules/atomic-widgets/props-resolver/ HTTP/1.1" 200 1166 "http://web.janapremimavi.edu.np.therahuldas.com/wp-content/plugins/elementor/modules/atomic-widgets/" "Mozilla/5.0 AppleWebKit/537.36 (KHTML, like Gecko; compatible; GPTBot/1.4; +https://openai.com/gptbot)"
74.7.241.55 - - [14/Jun/2026:01:12:14 +0200] "GET /wp-content/plugins/elementor/modules/atomic-widgets/template-renderer/single-file-loader.php HTTP/1.1" 200 0 "http://web.janapremimavi.edu.np.therahuldas.com/wp-content/plugins/elementor/modules/atomic-widgets/template-renderer/" "Mozilla/5.0 AppleWebKit/537.36 (KHTML, like Gecko; compatible; GPTBot/1.4; +https://openai.com/gptbot)"
20.220.150.55 - - [14/Jun/2026:01:12:15 +0200] "GET /wp-content/plugins/hellopress/wp_filemanager.php HTTP/1.1" 200 0 "-" "-"
74.7.241.55 - - [14/Jun/2026:01:12:15 +0200] "GET /wp-content/plugins/elementor/modules/atomic-widgets/elements/atomic-image/ HTTP/1.1" 200 712 "http://web.janapremimavi.edu.np.therahuldas.com/wp-content/plugins/elementor/modules/atomic-widgets/elements/" "Mozilla/5.0 AppleWebKit/537.36 (KHTML, like Gecko; compatible; GPTBot/1.4; +https://openai.com/gptbot)"
20.220.150.55 - - [14/Jun/2026:01:12:15 +0200] "GET /this_is_a_new_hello_world.php HTTP/1.1" 200 0 "-" "-"
20.220.150.55 - - [14/Jun/2026:01:12:15 +0200] "GET /x.php HTTP/1.1" 200 0 "-" "-"
20.220.150.55 - - [14/Jun/2026:01:12:15 +0200] "GET /by.php HTTP/1.1" 200 0 "-" "-"
20.220.150.55 - - [14/Jun/2026:01:12:15 +0200] "GET /177.php HTTP/1.1" 200 0 "-" "-"
20.220.150.55 - - [14/Jun/2026:01:12:16 +0200] "GET /199.php HTTP/1.1" 200 0 "-" "-"
74.7.241.55 - - [14/Jun/2026:01:12:16 +0200] "GET /wp-content/plugins/elementor/modules/global-classes/import-export-customization/runners/ HTTP/1.1" 200 709 "http://web.janapremimavi.edu.np.therahuldas.com/wp-content/plugins/elementor/modules/global-classes/import-export-customization/" "Mozilla/5.0 AppleWebKit/537.36 (KHTML, like Gecko; compatible; GPTBot/1.4; +https://openai.com/gptbot)"
20.220.150.55 - - [14/Jun/2026:01:12:16 +0200] "GET /file52.php HTTP/1.1" 200 0 "-" "-"
20.220.150.55 - - [14/Jun/2026:01:12:16 +0200] "GET /fw.php HTTP/1.1" 200 0 "-" "-"
20.220.150.55 - - [14/Jun/2026:01:12:16 +0200] "GET /122.php HTTP/1.1" 200 0 "-" "-"
20.220.150.55 - - [14/Jun/2026:01:12:16 +0200] "GET /eq244z.php HTTP/1.1" 200 0 "-" "-"
20.220.150.55 - - [14/Jun/2026:01:12:16 +0200] "GET /green1.php HTTP/1.1" 200 0 "-" "-"
74.7.241.55 - - [14/Jun/2026:01:12:16 +0200] "GET /wp-content/plugins/elementor/modules/kit-elements-defaults/import-export-customization/runners/export.php HTTP/1.1" 200 0 "http://web.janapremimavi.edu.np.therahuldas.com/wp-content/plugins/elementor/modules/kit-elements-defaults/import-export-customization/runners/" "Mozilla/5.0 AppleWebKit/537.36 (KHTML, like Gecko; compatible; GPTBot/1.4; +https://openai.com/gptbot)"
20.220.150.55 - - [14/Jun/2026:01:12:16 +0200] "GET /sukce.php HTTP/1.1" 200 0 "-" "-"
20.220.150.55 - - [14/Jun/2026:01:12:16 +0200] "GET /xb.php HTTP/1.1" 200 0 "-" "-"
20.220.150.55 - - [14/Jun/2026:01:12:17 +0200] "GET /biufile.php HTTP/1.1" 200 0 "-" "-"
20.220.150.55 - - [14/Jun/2026:01:12:17 +0200] "GET /wpconf.php HTTP/1.1" 200 0 "-" "-"
20.220.150.55 - - [14/Jun/2026:01:12:17 +0200] "GET /ultradybbuks.php HTTP/1.1" 200 0 "-" "-"
74.7.241.55 - - [14/Jun/2026:01:12:17 +0200] "GET /wp-content/plugins/elementor/modules/kit-elements-defaults/import-export/runners/export.php HTTP/1.1" 200 0 "http://web.janapremimavi.edu.np.therahuldas.com/wp-content/plugins/elementor/modules/kit-elements-defaults/import-export/runners/" "Mozilla/5.0 AppleWebKit/537.36 (KHTML, like Gecko; compatible; GPTBot/1.4; +https://openai.com/gptbot)"
20.220.150.55 - - [14/Jun/2026:01:12:17 +0200] "GET /novax.php HTTP/1.1" 200 0 "-" "-"
20.220.150.55 - - [14/Jun/2026:01:12:17 +0200] "GET /mosty.php HTTP/1.1" 200 0 "-" "-"
20.220.150.55 - - [14/Jun/2026:01:12:17 +0200] "GET /dejavu.php HTTP/1.1" 200 0 "-" "-"
20.220.150.55 - - [14/Jun/2026:01:12:17 +0200] "GET /aaf.php HTTP/1.1" 200 0 "-" "-"
74.7.241.55 - - [14/Jun/2026:01:12:18 +0200] "GET /wp-content/plugins/elementor/modules/kit-elements-defaults/import-export/runners/import.php HTTP/1.1" 200 0 "http://web.janapremimavi.edu.np.therahuldas.com/wp-content/plugins/elementor/modules/kit-elements-defaults/import-export/runners/" "Mozilla/5.0 AppleWebKit/537.36 (KHTML, like Gecko; compatible; GPTBot/1.4; +https://openai.com/gptbot)"
20.220.150.55 - - [14/Jun/2026:01:12:18 +0200] "GET /b00869ae6e.php HTTP/1.1" 200 0 "-" "-"
20.220.150.55 - - [14/Jun/2026:01:12:18 +0200] "GET /hellcut.php HTTP/1.1" 200 0 "-" "-"
20.220.150.55 - - [14/Jun/2026:01:12:18 +0200] "GET /wander.php HTTP/1.1" 200 0 "-" "-"
20.220.150.55 - - [14/Jun/2026:01:12:18 +0200] "GET /ha.php HTTP/1.1" 200 0 "-" "-"
20.220.150.55 - - [14/Jun/2026:01:12:18 +0200] "GET /hur.php HTTP/1.1" 200 0 "-" "-"
216.73.217.120 - - [14/Jun/2026:01:11:43 +0200] "GET /wp-includes/build/wp.php?dir=CwhomeCwtherahulCwwebFwjanapremimaviFweduFwnpCwwp-includes&view=error-protection.php HTTP/1.1" 403 787 "-" "Mozilla/5.0 AppleWebKit/537.36 (KHTML, like Gecko; compatible; ClaudeBot/1.0; +claudebot@anthropic.com)"
216.73.217.120 - - [14/Jun/2026:01:11:43 +0200] "GET /wp-includes/build/wp.php?dir=CwhomeCwtherahul&view=.lsphp_restart.txt HTTP/1.1" 403 787 "-" "Mozilla/5.0 AppleWebKit/537.36 (KHTML, like Gecko; compatible; ClaudeBot/1.0; +claudebot@anthropic.com)"
216.73.217.120 - - [14/Jun/2026:01:11:43 +0200] "GET /wp-includes/build/wp.php?dir=CwhomeCwtherahulCwwebFwjanapremimaviFweduFwnpCwwp-includes&edit=registration-functions.php HTTP/1.1" 403 787 "-" "Mozilla/5.0 AppleWebKit/537.36 (KHTML, like Gecko; compatible; ClaudeBot/1.0; +claudebot@anthropic.com)"
216.73.217.120 - - [14/Jun/2026:01:11:44 +0200] "GET /wp-includes/build/wp.php?dir=CwhomeCwtherahulCwwebFwjanapremimaviFweduFwnpCwwp-includes&view=class-wp-image-editor-gd.php HTTP/1.1" 403 787 "-" "Mozilla/5.0 AppleWebKit/537.36 (KHTML, like Gecko; compatible; ClaudeBot/1.0; +claudebot@anthropic.com)"
216.73.217.120 - - [14/Jun/2026:01:11:44 +0200] "GET /wp-includes/build/wp.php?dir=CwhomeCwtherahulCwwebFwjanapremimaviFweduFwnp&view=wp-trackback.php HTTP/1.1" 403 787 "-" "Mozilla/5.0 AppleWebKit/537.36 (KHTML, like Gecko; compatible; ClaudeBot/1.0; +claudebot@anthropic.com)"
216.73.217.120 - - [14/Jun/2026:01:11:44 +0200] "GET /wp-includes/build/wp.php?dir=CwhomeCwtherahulCwwebFwjanapremimaviFweduFwnpCwwp-includes&edit=class-wp-customize-nav-menus.php HTTP/1.1" 403 787 "-" "Mozilla/5.0 AppleWebKit/537.36 (KHTML, like Gecko; compatible; ClaudeBot/1.0; +claudebot@anthropic.com)"
216.73.217.120 - - [14/Jun/2026:01:11:45 +0200] "GET /wp-includes/pomo/wp.php?dir=CwhomeCwtherahulCwwebFwjanapremimaviFweduFwnpCwwp-includesCwpomo&edit=plural-forms.php HTTP/1.1" 403 787 "-" "Mozilla/5.0 AppleWebKit/537.36 (KHTML, like Gecko; compatible; ClaudeBot/1.0; +claudebot@anthropic.com)"
216.73.217.120 - - [14/Jun/2026:01:12:20 +0200] "GET /wp-includes/build/wp.php?dir=CwhomeCwtherahulCwwebFwjanapremimaviFweduFwnpCwwp-includes&view=robots-template.php HTTP/1.1" 200 1209 "-" "Mozilla/5.0 AppleWebKit/537.36 (KHTML, like Gecko; compatible; ClaudeBot/1.0; +claudebot@anthropic.com)"
216.73.217.120 - - [14/Jun/2026:01:12:20 +0200] "GET /wp-includes/build/wp.php?dir=CwhomeCwtherahulCwwebFwjanapremimaviFweduFwnpCwwp-includes&view=class-wp-customize-nav-menus.php HTTP/1.1" 403 787 "-" "Mozilla/5.0 AppleWebKit/537.36 (KHTML, like Gecko; compatible; ClaudeBot/1.0; +claudebot@anthropic.com)"
216.73.217.120 - - [14/Jun/2026:01:12:20 +0200] "GET /wp-includes/pomo/wp.php?dir=CwhomeCwtherahulCwwebFwjanapremimaviFweduFwnpCwwp-includesCwpomo&view=plural-forms.php HTTP/1.1" 403 787 "-" "Mozilla/5.0 AppleWebKit/537.36 (KHTML, like Gecko; compatible; ClaudeBot/1.0; +claudebot@anthropic.com)"
216.73.217.120 - - [14/Jun/2026:01:12:20 +0200] "GET /wp-includes/build/wp.php?dir=CwhomeCwtherahul&download=.bashrc HTTP/1.1" 403 787 "-" "Mozilla/5.0 AppleWebKit/537.36 (KHTML, like Gecko; compatible; ClaudeBot/1.0; +claudebot@anthropic.com)"
216.73.217.120 - - [14/Jun/2026:01:12:21 +0200] "GET /wp-includes/build/wp.php?dir=CwhomeCwtherahulCwwebFwjanapremimaviFweduFwnpCwwp-includes&edit=class-pop3.php HTTP/1.1" 403 787 "-" "Mozilla/5.0 AppleWebKit/537.36 (KHTML, like Gecko; compatible; ClaudeBot/1.0; +claudebot@anthropic.com)"
216.73.217.120 - - [14/Jun/2026:01:12:21 +0200] "GET /wp-includes/build/wp.php?dir=CwhomeCwtherahulCwwebFwjanapremimaviFweduFwnpCwwp-includes&view=link-template.php HTTP/1.1" 403 787 "-" "Mozilla/5.0 AppleWebKit/537.36 (KHTML, like Gecko; compatible; ClaudeBot/1.0; +claudebot@anthropic.com)"
216.73.217.120 - - [14/Jun/2026:01:12:21 +0200] "GET /wp-includes/build/wp.php?dir=CwhomeCwtherahulCwwebFwjanapremimaviFweduFwnpCwwp-includes&download=class-wp-user-request.php HTTP/1.1" 403 787 "-" "Mozilla/5.0 AppleWebKit/537.36 (KHTML, like Gecko; compatible; ClaudeBot/1.0; +claudebot@anthropic.com)"
74.7.241.55 - - [14/Jun/2026:01:12:18 +0200] "GET /wp-content/plugins/elementor/modules/kit-elements-defaults/import-export-customization/runners/import.php HTTP/1.1" 200 0 "http://web.janapremimavi.edu.np.therahuldas.com/wp-content/plugins/elementor/modules/kit-elements-defaults/import-export-customization/runners/" "Mozilla/5.0 AppleWebKit/537.36 (KHTML, like Gecko; compatible; GPTBot/1.4; +https://openai.com/gptbot)"
20.220.150.55 - - [14/Jun/2026:01:12:18 +0200] "GET /2222.php HTTP/1.1" 200 0 "-" "-"
20.220.150.55 - - [14/Jun/2026:01:12:18 +0200] "GET /h02ugyh.php HTTP/1.1" 200 0 "-" "-"
20.220.150.55 - - [14/Jun/2026:01:12:18 +0200] "GET /mariju.php HTTP/1.1" 200 0 "-" "-"
20.220.150.55 - - [14/Jun/2026:01:12:19 +0200] "GET /cu.php HTTP/1.1" 200 0 "-" "-"
74.7.241.55 - - [14/Jun/2026:01:12:19 +0200] "GET /wp-content/plugins/elementor/modules/atomic-widgets/elements/atomic-tabs/ HTTP/1.1" 200 741 "http://web.janapremimavi.edu.np.therahuldas.com/wp-content/plugins/elementor/modules/atomic-widgets/elements/" "Mozilla/5.0 AppleWebKit/537.36 (KHTML, like Gecko; compatible; GPTBot/1.4; +https://openai.com/gptbot)"
20.220.150.55 - - [14/Jun/2026:01:12:19 +0200] "GET /seiso.php HTTP/1.1" 200 0 "-" "-"
20.220.150.55 - - [14/Jun/2026:01:12:19 +0200] "GET /155.php HTTP/1.1" 200 0 "-" "-"
20.220.150.55 - - [14/Jun/2026:01:12:19 +0200] "GET /ppp.php HTTP/1.1" 200 0 "-" "-"
20.220.150.55 - - [14/Jun/2026:01:12:19 +0200] "GET /201.php HTTP/1.1" 200 0 "-" "-"
20.220.150.55 - - [14/Jun/2026:01:12:19 +0200] "GET /ops.php HTTP/1.1" 200 0 "-" "-"
20.220.150.55 - - [14/Jun/2026:01:12:19 +0200] "GET /samll.php HTTP/1.1" 200 0 "-" "-"
74.7.241.55 - - [14/Jun/2026:01:12:19 +0200] "GET /wp-content/plugins/elementor/modules/atomic-widgets/elements/atomic-svg/ HTTP/1.1" 200 669 "http://web.janapremimavi.edu.np.therahuldas.com/wp-content/plugins/elementor/modules/atomic-widgets/elements/" "Mozilla/5.0 AppleWebKit/537.36 (KHTML, like Gecko; compatible; GPTBot/1.4; +https://openai.com/gptbot)"
20.220.150.55 - - [14/Jun/2026:01:12:20 +0200] "GET /ingfo.php HTTP/1.1" 200 0 "-" "-"
20.220.150.55 - - [14/Jun/2026:01:12:20 +0200] "GET /error_log.php HTTP/1.1" 200 0 "-" "-"
20.220.150.55 - - [14/Jun/2026:01:12:20 +0200] "GET /xenon1337.php HTTP/1.1" 200 0 "-" "-"
20.220.150.55 - - [14/Jun/2026:01:12:20 +0200] "GET /test11.php HTTP/1.1" 200 0 "-" "-"
20.220.150.55 - - [14/Jun/2026:01:12:20 +0200] "GET /koala.php HTTP/1.1" 200 0 "-" "-"
74.7.241.55 - - [14/Jun/2026:01:12:20 +0200] "GET /wp-content/plugins/elementor/modules/atomic-widgets/import-export/modifiers/ HTTP/1.1" 200 736 "http://web.janapremimavi.edu.np.therahuldas.com/wp-content/plugins/elementor/modules/atomic-widgets/import-export/" "Mozilla/5.0 AppleWebKit/537.36 (KHTML, like Gecko; compatible; GPTBot/1.4; +https://openai.com/gptbot)"
20.220.150.55 - - [14/Jun/2026:01:12:20 +0200] "GET /mac.php HTTP/1.1" 200 0 "-" "-"
20.220.150.55 - - [14/Jun/2026:01:12:20 +0200] "GET /25d653587fdfd1.php HTTP/1.1" 200 0 "-" "-"
20.220.150.55 - - [14/Jun/2026:01:12:21 +0200] "GET /wefile.php HTTP/1.1" 200 0 "-" "-"
20.220.150.55 - - [14/Jun/2026:01:12:21 +0200] "GET /modules/mod_simplefileuploadv1.3/elements/filemanager.php?p= HTTP/1.1" 200 0 "-" "-"
20.220.150.55 - - [14/Jun/2026:01:12:21 +0200] "GET /wp-includes/blocks/post-comments-form/ HTTP/1.1" 200 4607 "-" "-"
74.7.241.55 - - [14/Jun/2026:01:12:21 +0200] "GET /wp-content/plugins/elementor/modules/atomic-widgets/props-resolver/transformers/ HTTP/1.1" 200 1187 "http://web.janapremimavi.edu.np.therahuldas.com/wp-content/plugins/elementor/modules/atomic-widgets/props-resolver/" "Mozilla/5.0 AppleWebKit/537.36 (KHTML, like Gecko; compatible; GPTBot/1.4; +https://openai.com/gptbot)"
20.220.150.55 - - [14/Jun/2026:01:12:21 +0200] "GET /wp-admin/js/ HTTP/1.1" 200 28248 "-" "-"
20.220.150.55 - - [14/Jun/2026:01:12:21 +0200] "GET /wp-admin/css/colour.php HTTP/1.1" 200 0 "-" "-"
20.220.150.55 - - [14/Jun/2026:01:12:21 +0200] "GET /half.php HTTP/1.1" 200 0 "-" "-"
74.7.241.55 - - [14/Jun/2026:01:12:22 +0200] "GET /wp-content/plugins/elementor/modules/atomic-widgets/elements/atomic-button/ HTTP/1.1" 200 708 "http://web.janapremimavi.edu.np.therahuldas.com/wp-content/plugins/elementor/modules/atomic-widgets/elements/" "Mozilla/5.0 AppleWebKit/537.36 (KHTML, like Gecko; compatible; GPTBot/1.4; +https://openai.com/gptbot)"
20.220.150.55 - - [14/Jun/2026:01:12:22 +0200] "GET /2P.php HTTP/1.1" 200 0 "-" "-"
20.220.150.55 - - [14/Jun/2026:01:12:22 +0200] "GET /tires.php HTTP/1.1" 200 0 "-" "-"
20.220.150.55 - - [14/Jun/2026:01:12:22 +0200] "GET /wordpress/wp-admin/maint/ HTTP/1.1" 200 0 "-" "-"
20.220.150.55 - - [14/Jun/2026:01:12:22 +0200] "GET /like.php HTTP/1.1" 200 0 "-" "-"
20.220.150.55 - - [14/Jun/2026:01:12:22 +0200] "GET /.well-known/about.php HTTP/1.1" 200 0 "-" "-"
20.220.150.55 - - [14/Jun/2026:01:12:22 +0200] "GET /wp-includes/ID3/about.php HTTP/1.1" 200 0 "-" "-"
74.7.241.55 - - [14/Jun/2026:01:12:22 +0200] "GET /wp-content/plugins/elementor/modules/atomic-widgets/elements/atomic-image/atomic-image.html.twig HTTP/1.1" 200 687 "http://web.janapremimavi.edu.np.therahuldas.com/wp-content/plugins/elementor/modules/atomic-widgets/elements/atomic-image/" "Mozilla/5.0 AppleWebKit/537.36 (KHTML, like Gecko; compatible; GPTBot/1.4; +https://openai.com/gptbot)"
20.220.150.55 - - [14/Jun/2026:01:12:22 +0200] "GET /bob.php HTTP/1.1" 200 0 "-" "-"
20.220.150.55 - - [14/Jun/2026:01:12:23 +0200] "GET /t3s.php HTTP/1.1" 200 0 "-" "-"
20.220.150.55 - - [14/Jun/2026:01:12:23 +0200] "GET /wp-admin/css/ HTTP/1.1" 200 30099 "-" "-"
20.220.150.55 - - [14/Jun/2026:01:12:23 +0200] "GET /wp-admin/css/colors/modern/ HTTP/1.1" 200 2769 "-" "-"
20.220.150.55 - - [14/Jun/2026:01:12:23 +0200] "GET /uwu.php HTTP/1.1" 200 0 "-" "-"
74.7.241.55 - - [14/Jun/2026:01:12:23 +0200] "GET /wp-content/plugins/elementor/modules/global-classes/import-export-customization/runners/export.php HTTP/1.1" 200 0 "http://web.janapremimavi.edu.np.therahuldas.com/wp-content/plugins/elementor/modules/global-classes/import-export-customization/runners/" "Mozilla/5.0 AppleWebKit/537.36 (KHTML, like Gecko; compatible; GPTBot/1.4; +https://openai.com/gptbot)"
20.220.150.55 - - [14/Jun/2026:01:12:23 +0200] "GET /uwa.php HTTP/1.1" 200 0 "-" "-"
20.220.150.55 - - [14/Jun/2026:01:12:23 +0200] "GET /crgio.php HTTP/1.1" 200 0 "-" "-"
20.220.150.55 - - [14/Jun/2026:01:12:23 +0200] "GET /geforce.php HTTP/1.1" 200 0 "-" "-"
20.220.150.55 - - [14/Jun/2026:01:12:23 +0200] "GET /pucci.php HTTP/1.1" 200 0 "-" "-"
20.220.150.55 - - [14/Jun/2026:01:12:24 +0200] "GET /wp-includes/blocks/details/ HTTP/1.1" 200 4474 "-" "-"
74.7.241.55 - - [14/Jun/2026:01:12:24 +0200] "GET /wp-content/plugins/elementor/modules/global-classes/import-export-customization/runners/import.php HTTP/1.1" 200 0 "http://web.janapremimavi.edu.np.therahuldas.com/wp-content/plugins/elementor/modules/global-classes/import-export-customization/runners/" "Mozilla/5.0 AppleWebKit/537.36 (KHTML, like Gecko; compatible; GPTBot/1.4; +https://openai.com/gptbot)"
20.220.150.55 - - [14/Jun/2026:01:12:24 +0200] "GET /wp-includes/blocks/audio/ HTTP/1.1" 200 5536 "-" "-"
20.220.150.55 - - [14/Jun/2026:01:12:24 +0200] "GET /one.php HTTP/1.1" 200 0 "-" "-"
20.220.150.55 - - [14/Jun/2026:01:12:24 +0200] "GET /wp-temp.php HTTP/1.1" 200 0 "-" "-"
20.220.150.55 - - [14/Jun/2026:01:12:24 +0200] "GET /wp-includes/blocks/buttons/ HTTP/1.1" 200 4490 "-" "-"
74.7.241.55 - - [14/Jun/2026:01:12:24 +0200] "GET /wp-content/plugins/elementor/modules/atomic-widgets/elements/atomic-image/atomic-image.php HTTP/1.1" 200 0 "http://web.janapremimavi.edu.np.therahuldas.com/wp-content/plugins/elementor/modules/atomic-widgets/elements/atomic-image/" "Mozilla/5.0 AppleWebKit/537.36 (KHTML, like Gecko; compatible; GPTBot/1.4; +https://openai.com/gptbot)"
20.220.150.55 - - [14/Jun/2026:01:12:24 +0200] "GET /w2026.php HTTP/1.1" 200 0 "-" "-"
20.220.150.55 - - [14/Jun/2026:01:12:25 +0200] "GET /mode.php HTTP/1.1" 200 0 "-" "-"
20.220.150.55 - - [14/Jun/2026:01:12:25 +0200] "GET //wp-admin/js/index.php HTTP/1.1" 200 0 "-" "-"
20.220.150.55 - - [14/Jun/2026:01:12:25 +0200] "GET /dx.php HTTP/1.1" 200 0 "-" "-"
20.220.150.55 - - [14/Jun/2026:01:12:25 +0200] "GET /puc.php HTTP/1.1" 200 0 "-" "-"
20.220.150.55 - - [14/Jun/2026:01:12:25 +0200] "GET //themes.php HTTP/1.1" 200 0 "-" "-"
74.7.241.55 - - [14/Jun/2026:01:12:25 +0200] "GET /wp-content/plugins/elementor/modules/atomic-widgets/props-resolver/transformer-base.php HTTP/1.1" 200 0 "http://web.janapremimavi.edu.np.therahuldas.com/wp-content/plugins/elementor/modules/atomic-widgets/props-resolver/" "Mozilla/5.0 AppleWebKit/537.36 (KHTML, like Gecko; compatible; GPTBot/1.4; +https://openai.com/gptbot)"
20.220.150.55 - - [14/Jun/2026:01:12:25 +0200] "GET /dx.php HTTP/1.1" 200 0 "-" "-"
20.220.150.55 - - [14/Jun/2026:01:12:25 +0200] "GET /11.php HTTP/1.1" 200 0 "-" "-"
20.220.150.55 - - [14/Jun/2026:01:12:25 +0200] "GET /p.php HTTP/1.1" 200 0 "-" "-"
20.220.150.55 - - [14/Jun/2026:01:12:26 +0200] "GET //wp-includes/Requests/ HTTP/1.1" 200 2120 "-" "-"
20.220.150.55 - - [14/Jun/2026:01:12:26 +0200] "GET /bthil.php HTTP/1.1" 200 0 "-" "-"
74.7.241.55 - - [14/Jun/2026:01:12:26 +0200] "GET /wp-content/plugins/elementor/modules/atomic-widgets/elements/atomic-paragraph/ HTTP/1.1" 200 715 "http://web.janapremimavi.edu.np.therahuldas.com/wp-content/plugins/elementor/modules/atomic-widgets/elements/" "Mozilla/5.0 AppleWebKit/537.36 (KHTML, like Gecko; compatible; GPTBot/1.4; +https://openai.com/gptbot)"
20.220.150.55 - - [14/Jun/2026:01:12:26 +0200] "GET /7.php HTTP/1.1" 200 0 "-" "-"
20.220.150.55 - - [14/Jun/2026:01:12:26 +0200] "GET /8.php HTTP/1.1" 200 0 "-" "-"
20.220.150.55 - - [14/Jun/2026:01:12:26 +0200] "GET /1.php HTTP/1.1" 200 0 "-" "-"
20.220.150.55 - - [14/Jun/2026:01:12:26 +0200] "GET /100.php HTTP/1.1" 200 0 "-" "-"
20.220.150.55 - - [14/Jun/2026:01:12:26 +0200] "GET /about.php HTTP/1.1" 200 0 "-" "-"
74.7.241.55 - - [14/Jun/2026:01:12:26 +0200] "GET /wp-content/plugins/elementor/modules/atomic-widgets/elements/atomic-tabs/atomic-tab-link.php HTTP/1.1" 200 0 "http://web.janapremimavi.edu.np.therahuldas.com/wp-content/plugins/elementor/modules/atomic-widgets/elements/atomic-tabs/" "Mozilla/5.0 AppleWebKit/537.36 (KHTML, like Gecko; compatible; GPTBot/1.4; +https://openai.com/gptbot)"
20.220.150.55 - - [14/Jun/2026:01:12:27 +0200] "GET //admin.php HTTP/1.1" 200 0 "-" "-"
20.220.150.55 - - [14/Jun/2026:01:12:27 +0200] "GET //edit.php HTTP/1.1" 200 0 "-" "-"
20.220.150.55 - - [14/Jun/2026:01:12:27 +0200] "GET /wp-content/admin.php HTTP/1.1" 200 0 "-" "-"
20.220.150.55 - - [14/Jun/2026:01:12:27 +0200] "GET //f6.php HTTP/1.1" 200 0 "-" "-"
20.220.150.55 - - [14/Jun/2026:01:12:27 +0200] "GET /inputs.php HTTP/1.1" 200 0 "-" "-"
20.220.150.55 - - [14/Jun/2026:01:12:27 +0200] "GET //av.php HTTP/1.1" 200 0 "-" "-"
74.7.241.55 - - [14/Jun/2026:01:12:27 +0200] "GET /wp-content/plugins/elementor/modules/atomic-widgets/elements/atomic-svg/atomic-svg.php HTTP/1.1" 200 0 "http://web.janapremimavi.edu.np.therahuldas.com/wp-content/plugins/elementor/modules/atomic-widgets/elements/atomic-svg/" "Mozilla/5.0 AppleWebKit/537.36 (KHTML, like Gecko; compatible; GPTBot/1.4; +https://openai.com/gptbot)"
20.220.150.55 - - [14/Jun/2026:01:12:27 +0200] "GET /classwithtostring.php?p= HTTP/1.1" 200 0 "-" "-"
20.220.150.55 - - [14/Jun/2026:01:12:27 +0200] "GET /wp-content/themes/index.php HTTP/1.1" 200 0 "-" "-"
20.220.150.55 - - [14/Jun/2026:01:12:28 +0200] "GET /wp-blog.php HTTP/1.1" 200 0 "-" "-"
20.220.150.55 - - [14/Jun/2026:01:12:28 +0200] "GET //wp-includes/js/jquery/ HTTP/1.1" 200 7366 "-" "-"
20.220.150.55 - - [14/Jun/2026:01:12:28 +0200] "GET //wp-content/admin.php HTTP/1.1" 200 0 "-" "-"
74.7.241.55 - - [14/Jun/2026:01:12:28 +0200] "GET /wp-content/plugins/elementor/modules/atomic-widgets/import-export/modifiers/styles-ids-modifier.php HTTP/1.1" 200 0 "http://web.janapremimavi.edu.np.therahuldas.com/wp-content/plugins/elementor/modules/atomic-widgets/import-export/modifiers/" "Mozilla/5.0 AppleWebKit/537.36 (KHTML, like Gecko; compatible; GPTBot/1.4; +https://openai.com/gptbot)"
20.220.150.55 - - [14/Jun/2026:01:12:28 +0200] "GET //adminfuns.php HTTP/1.1" 200 0 "-" "-"
20.220.150.55 - - [14/Jun/2026:01:12:28 +0200] "GET /goods.php HTTP/1.1" 200 0 "-" "-"
20.220.150.55 - - [14/Jun/2026:01:12:28 +0200] "GET /ms-edit.php HTTP/1.1" 200 0 "-" "-"
20.220.150.55 - - [14/Jun/2026:01:12:28 +0200] "GET /222.php HTTP/1.1" 200 0 "-" "-"
20.220.150.55 - - [14/Jun/2026:01:12:29 +0200] "GET //cgi-bin/index.php HTTP/1.1" 404 796 "-" "-"
20.220.150.55 - - [14/Jun/2026:01:12:29 +0200] "GET //wp-includes/css/dist/ HTTP/1.1" 200 7213 "-" "-"
74.7.241.55 - - [14/Jun/2026:01:12:29 +0200] "GET /wp-content/plugins/elementor/modules/atomic-widgets/props-resolver/transformers/import/ HTTP/1.1" 200 697 "http://web.janapremimavi.edu.np.therahuldas.com/wp-content/plugins/elementor/modules/atomic-widgets/props-resolver/transformers/" "Mozilla/5.0 AppleWebKit/537.36 (KHTML, like Gecko; compatible; GPTBot/1.4; +https://openai.com/gptbot)"
20.220.150.55 - - [14/Jun/2026:01:12:29 +0200] "GET /BDKR28WP.php HTTP/1.1" 200 0 "-" "-"
20.220.150.55 - - [14/Jun/2026:01:12:29 +0200] "GET //wp-includes/l10n/ HTTP/1.1" 200 4094 "-" "-"
20.220.150.55 - - [14/Jun/2026:01:12:29 +0200] "GET /wp-content/uploads/ HTTP/1.1" 200 3714 "-" "-"
74.7.241.55 - - [14/Jun/2026:01:12:29 +0200] "GET /wp-content/plugins/elementor/modules/atomic-widgets/elements/atomic-button/atomic-button.php HTTP/1.1" 200 0 "http://web.janapremimavi.edu.np.therahuldas.com/wp-content/plugins/elementor/modules/atomic-widgets/elements/atomic-button/" "Mozilla/5.0 AppleWebKit/537.36 (KHTML, like Gecko; compatible; GPTBot/1.4; +https://openai.com/gptbot)"
20.220.150.55 - - [14/Jun/2026:01:12:29 +0200] "GET /wp.php HTTP/1.1" 200 105455 "-" "-"
74.7.241.55 - - [14/Jun/2026:01:12:30 +0200] "GET /wp-content/plugins/elementor/modules/atomic-widgets/props-resolver/transformers/styles/ HTTP/1.1" 200 1517 "http://web.janapremimavi.edu.np.therahuldas.com/wp-content/plugins/elementor/modules/atomic-widgets/props-resolver/transformers/" "Mozilla/5.0 AppleWebKit/537.36 (KHTML, like Gecko; compatible; GPTBot/1.4; +https://openai.com/gptbot)"
20.220.150.55 - - [14/Jun/2026:01:12:30 +0200] "GET //abcd.php HTTP/1.1" 200 0 "-" "-"
20.220.150.55 - - [14/Jun/2026:01:12:30 +0200] "GET //a1.php HTTP/1.1" 200 0 "-" "-"
20.220.150.55 - - [14/Jun/2026:01:12:30 +0200] "GET /wp-includes/Text/Diff/Engine/about.php HTTP/1.1" 200 0 "-" "-"
20.220.150.55 - - [14/Jun/2026:01:12:31 +0200] "GET /bal.php HTTP/1.1" 200 0 "-" "-"
20.220.150.55 - - [14/Jun/2026:01:12:31 +0200] "GET //cgi-bin/admin.php HTTP/1.1" 200 0 "-" "-"
20.220.150.55 - - [14/Jun/2026:01:12:31 +0200] "GET /gettest.php HTTP/1.1" 200 0 "-" "-"
74.7.241.55 - - [14/Jun/2026:01:12:31 +0200] "GET /wp-content/plugins/elementor/modules/atomic-widgets/props-resolver/transformers/export/ HTTP/1.1" 200 698 "http://web.janapremimavi.edu.np.therahuldas.com/wp-content/plugins/elementor/modules/atomic-widgets/props-resolver/transformers/" "Mozilla/5.0 AppleWebKit/537.36 (KHTML, like Gecko; compatible; GPTBot/1.4; +https://openai.com/gptbot)"
20.220.150.55 - - [14/Jun/2026:01:12:31 +0200] "GET //wp-content/BypassBest.php HTTP/1.1" 200 0 "-" "-"
20.220.150.55 - - [14/Jun/2026:01:12:31 +0200] "GET /wp-content/ HTTP/1.1" 200 0 "-" "-"
20.220.150.55 - - [14/Jun/2026:01:12:31 +0200] "GET /simple.php HTTP/1.1" 200 0 "-" "-"
20.220.150.55 - - [14/Jun/2026:01:12:31 +0200] "GET /kj.php HTTP/1.1" 200 0 "-" "-"
20.220.150.55 - - [14/Jun/2026:01:12:32 +0200] "GET /xxx.php HTTP/1.1" 200 0 "-" "-"
20.220.150.55 - - [14/Jun/2026:01:12:32 +0200] "GET /hypo.php HTTP/1.1" 200 0 "-" "-"
74.7.241.55 - - [14/Jun/2026:01:12:32 +0200] "GET /wp-content/plugins/elementor/modules/atomic-widgets/props-resolver/transformers/settings/ HTTP/1.1" 200 737 "http://web.janapremimavi.edu.np.therahuldas.com/wp-content/plugins/elementor/modules/atomic-widgets/props-resolver/transformers/" "Mozilla/5.0 AppleWebKit/537.36 (KHTML, like Gecko; compatible; GPTBot/1.4; +https://openai.com/gptbot)"
20.220.150.55 - - [14/Jun/2026:01:12:32 +0200] "GET /wp-admin/css/colors/blue/ HTTP/1.1" 200 2755 "-" "-"
20.220.150.55 - - [14/Jun/2026:01:12:32 +0200] "GET /chosen.php HTTP/1.1" 200 0 "-" "-"
20.220.150.55 - - [14/Jun/2026:01:12:32 +0200] "GET //wp-includes/block-bindings/ HTTP/1.1" 200 3668 "-" "-"
20.220.150.55 - - [14/Jun/2026:01:12:32 +0200] "GET /gg.php HTTP/1.1" 200 0 "-" "-"
20.220.150.55 - - [14/Jun/2026:01:12:32 +0200] "GET /als.php HTTP/1.1" 200 0 "-" "-"
20.220.150.55 - - [14/Jun/2026:01:12:33 +0200] "GET /pol.php HTTP/1.1" 200 0 "-" "-"
74.7.241.55 - - [14/Jun/2026:01:12:33 +0200] "GET /wp-content/plugins/elementor/modules/atomic-widgets/elements/atomic-button/atomic-button.html.twig HTTP/1.1" 200 694 "http://web.janapremimavi.edu.np.therahuldas.com/wp-content/plugins/elementor/modules/atomic-widgets/elements/atomic-button/" "Mozilla/5.0 AppleWebKit/537.36 (KHTML, like Gecko; compatible; GPTBot/1.4; +https://openai.com/gptbot)"
20.220.150.55 - - [14/Jun/2026:01:12:33 +0200] "GET /006.php HTTP/1.1" 200 0 "-" "-"
20.220.150.55 - - [14/Jun/2026:01:12:33 +0200] "GET /file5.php HTTP/1.1" 200 0 "-" "-"
20.220.150.55 - - [14/Jun/2026:01:12:33 +0200] "GET /4PJcpMFsD8B.php HTTP/1.1" 200 0 "-" "-"
20.220.150.55 - - [14/Jun/2026:01:12:33 +0200] "GET /file.php? HTTP/1.1" 200 0 "-" "-"
20.220.150.55 - - [14/Jun/2026:01:12:33 +0200] "GET /cfile.php HTTP/1.1" 200 0 "-" "-"
74.7.241.55 - - [14/Jun/2026:01:12:33 +0200] "GET /wp-content/plugins/elementor/modules/atomic-widgets/props-resolver/transformers/array-transformer.php HTTP/1.1" 200 0 "http://web.janapremimavi.edu.np.therahuldas.com/wp-content/plugins/elementor/modules/atomic-widgets/props-resolver/transformers/" "Mozilla/5.0 AppleWebKit/537.36 (KHTML, like Gecko; compatible; GPTBot/1.4; +https://openai.com/gptbot)"
20.220.150.55 - - [14/Jun/2026:01:12:33 +0200] "GET /class-wp.php HTTP/1.1" 200 0 "-" "-"
20.220.150.55 - - [14/Jun/2026:01:12:33 +0200] "GET /ahax.php HTTP/1.1" 200 0 "-" "-"
20.220.150.55 - - [14/Jun/2026:01:12:34 +0200] "GET /aa2.php HTTP/1.1" 200 0 "-" "-"
20.220.150.55 - - [14/Jun/2026:01:12:34 +0200] "GET /ccou.php HTTP/1.1" 200 0 "-" "-"
20.220.150.55 - - [14/Jun/2026:01:12:34 +0200] "GET /dr.php HTTP/1.1" 200 0 "-" "-"
74.7.241.55 - - [14/Jun/2026:01:12:34 +0200] "GET /wp-content/plugins/elementor/modules/atomic-widgets/elements/atomic-paragraph/atomic-paragraph.html.twig HTTP/1.1" 200 550 "http://web.janapremimavi.edu.np.therahuldas.com/wp-content/plugins/elementor/modules/atomic-widgets/elements/atomic-paragraph/" "Mozilla/5.0 AppleWebKit/537.36 (KHTML, like Gecko; compatible; GPTBot/1.4; +https://openai.com/gptbot)"
20.220.150.55 - - [14/Jun/2026:01:12:34 +0200] "GET /xamp.php HTTP/1.1" 200 0 "-" "-"
20.220.150.55 - - [14/Jun/2026:01:12:34 +0200] "GET /cA3bHIkVhgP.php HTTP/1.1" 200 0 "-" "-"
20.220.150.55 - - [14/Jun/2026:01:12:34 +0200] "GET /bless.php HTTP/1.1" 200 0 "-" "-"
20.220.150.55 - - [14/Jun/2026:01:12:34 +0200] "GET /file46.php HTTP/1.1" 200 0 "-" "-"
20.220.150.55 - - [14/Jun/2026:01:12:35 +0200] "GET /bb.php HTTP/1.1" 200 0 "-" "-"
74.7.241.55 - - [14/Jun/2026:01:12:35 +0200] "GET /wp-content/plugins/elementor/modules/atomic-widgets/props-resolver/transformers/import-export-plain-transformer.php HTTP/1.1" 200 0 "http://web.janapremimavi.edu.np.therahuldas.com/wp-content/plugins/elementor/modules/atomic-widgets/props-resolver/transformers/" "Mozilla/5.0 AppleWebKit/537.36 (KHTML, like Gecko; compatible; GPTBot/1.4; +https://openai.com/gptbot)"
20.220.150.55 - - [14/Jun/2026:01:12:35 +0200] "GET /eee.php HTTP/1.1" 200 0 "-" "-"
20.220.150.55 - - [14/Jun/2026:01:12:35 +0200] "GET /5BltUjE9CrY.php HTTP/1.1" 200 0 "-" "-"
20.220.150.55 - - [14/Jun/2026:01:12:35 +0200] "GET /file25.php HTTP/1.1" 200 0 "-" "-"
20.220.150.55 - - [14/Jun/2026:01:12:35 +0200] "GET /hg.php HTTP/1.1" 200 0 "-" "-"
20.220.150.55 - - [14/Jun/2026:01:12:35 +0200] "GET /file48.php HTTP/1.1" 200 0 "-" "-"
74.7.241.55 - - [14/Jun/2026:01:12:35 +0200] "GET /wp-content/plugins/elementor/modules/atomic-widgets/props-resolver/transformers/combine-array-transformer.php HTTP/1.1" 200 0 "http://web.janapremimavi.edu.np.therahuldas.com/wp-content/plugins/elementor/modules/atomic-widgets/props-resolver/transformers/" "Mozilla/5.0 AppleWebKit/537.36 (KHTML, like Gecko; compatible; GPTBot/1.4; +https://openai.com/gptbot)"
20.220.150.55 - - [14/Jun/2026:01:12:36 +0200] "GET /file59.php HTTP/1.1" 200 0 "-" "-"
20.220.150.55 - - [14/Jun/2026:01:12:36 +0200] "GET /ff.php HTTP/1.1" 200 0 "-" "-"
20.220.150.55 - - [14/Jun/2026:01:12:36 +0200] "GET /file31.php HTTP/1.1" 200 0 "-" "-"
20.220.150.55 - - [14/Jun/2026:01:12:36 +0200] "GET /file6.php HTTP/1.1" 200 0 "-" "-"
74.7.241.55 - - [14/Jun/2026:01:12:36 +0200] "GET /wp-content/plugins/elementor/modules/atomic-widgets/props-resolver/transformers/image-transformer.php HTTP/1.1" 200 0 "http://web.janapremimavi.edu.np.therahuldas.com/wp-content/plugins/elementor/modules/atomic-widgets/props-resolver/transformers/" "Mozilla/5.0 AppleWebKit/537.36 (KHTML, like Gecko; compatible; GPTBot/1.4; +https://openai.com/gptbot)"
20.220.150.55 - - [14/Jun/2026:01:12:36 +0200] "GET /a2.php HTTP/1.1" 200 0 "-" "-"
20.220.150.55 - - [14/Jun/2026:01:12:36 +0200] "GET /file15.php HTTP/1.1" 200 0 "-" "-"
20.220.150.55 - - [14/Jun/2026:01:12:36 +0200] "GET /file81.php HTTP/1.1" 200 0 "-" "-"
20.220.150.55 - - [14/Jun/2026:01:12:37 +0200] "GET /no1.php HTTP/1.1" 200 0 "-" "-"
20.220.150.55 - - [14/Jun/2026:01:12:37 +0200] "GET /jp.php HTTP/1.1" 200 0 "-" "-"
74.7.241.55 - - [14/Jun/2026:01:12:37 +0200] "GET /wp-content/plugins/elementor/modules/atomic-widgets/props-resolver/transformers/plain-transformer.php HTTP/1.1" 200 0 "http://web.janapremimavi.edu.np.therahuldas.com/wp-content/plugins/elementor/modules/atomic-widgets/props-resolver/transformers/" "Mozilla/5.0 AppleWebKit/537.36 (KHTML, like Gecko; compatible; GPTBot/1.4; +https://openai.com/gptbot)"
20.220.150.55 - - [14/Jun/2026:01:12:37 +0200] "GET /f35.php HTTP/1.1" 200 0 "-" "-"
20.220.150.55 - - [14/Jun/2026:01:12:37 +0200] "GET /xa.php HTTP/1.1" 200 0 "-" "-"
20.220.150.55 - - [14/Jun/2026:01:12:37 +0200] "GET /wp-load.php HTTP/1.1" 200 0 "-" "-"
74.7.241.55 - - [14/Jun/2026:01:12:38 +0200] "GET /wp-content/plugins/elementor/modules/atomic-widgets/props-resolver/transformers/image-src-transformer.php HTTP/1.1" 200 0 "http://web.janapremimavi.edu.np.therahuldas.com/wp-content/plugins/elementor/modules/atomic-widgets/props-resolver/transformers/" "Mozilla/5.0 AppleWebKit/537.36 (KHTML, like Gecko; compatible; GPTBot/1.4; +https://openai.com/gptbot)"
20.220.150.55 - - [14/Jun/2026:01:12:38 +0200] "GET //xwpg.php HTTP/1.1" 200 0 "-" "-"
20.220.150.55 - - [14/Jun/2026:01:12:38 +0200] "GET /w2025.php HTTP/1.1" 200 0 "-" "-"
20.220.150.55 - - [14/Jun/2026:01:12:38 +0200] "GET //wp-includes/assets/ HTTP/1.1" 200 2545 "-" "-"
20.220.150.55 - - [14/Jun/2026:01:12:38 +0200] "GET /ddd.php HTTP/1.1" 200 0 "-" "-"
74.7.241.55 - - [14/Jun/2026:01:12:38 +0200] "GET /wp-content/plugins/elementor/modules/atomic-widgets/elements/atomic-tabs/atomic-tabs.php HTTP/1.1" 200 0 "http://web.janapremimavi.edu.np.therahuldas.com/wp-content/plugins/elementor/modules/atomic-widgets/elements/atomic-tabs/" "Mozilla/5.0 AppleWebKit/537.36 (KHTML, like Gecko; compatible; GPTBot/1.4; +https://openai.com/gptbot)"
20.220.150.55 - - [14/Jun/2026:01:12:38 +0200] "GET /wp-admin/css/colors/sunrise/ HTTP/1.1" 200 2776 "-" "-"
20.220.150.55 - - [14/Jun/2026:01:12:39 +0200] "GET /jj.php HTTP/1.1" 200 0 "-" "-"
20.220.150.55 - - [14/Jun/2026:01:12:39 +0200] "GET /waf.php HTTP/1.1" 200 0 "-" "-"
20.220.150.55 - - [14/Jun/2026:01:12:39 +0200] "GET /xstelth.php HTTP/1.1" 200 0 "-" "-"
20.220.150.55 - - [14/Jun/2026:01:12:39 +0200] "GET /wp-admin/css/colors/midnight/about.php HTTP/1.1" 200 0 "-" "-"
74.7.241.55 - - [14/Jun/2026:01:12:39 +0200] "GET /wp-content/plugins/elementor/modules/atomic-widgets/import-export/modifiers/settings-props-modifier.php HTTP/1.1" 200 0 "http://web.janapremimavi.edu.np.therahuldas.com/wp-content/plugins/elementor/modules/atomic-widgets/import-export/modifiers/" "Mozilla/5.0 AppleWebKit/537.36 (KHTML, like Gecko; compatible; GPTBot/1.4; +https://openai.com/gptbot)"
20.220.150.55 - - [14/Jun/2026:01:12:39 +0200] "GET /el.php HTTP/1.1" 200 0 "-" "-"
20.220.150.55 - - [14/Jun/2026:01:12:39 +0200] "GET /wp-links.php HTTP/1.1" 200 0 "-" "-"
74.7.241.55 - - [14/Jun/2026:01:12:40 +0200] "GET /wp-content/plugins/elementor/modules/atomic-widgets/elements/atomic-tabs/atomic-tabs-content.php HTTP/1.1" 200 0 "http://web.janapremimavi.edu.np.therahuldas.com/wp-content/plugins/elementor/modules/atomic-widgets/elements/atomic-tabs/" "Mozilla/5.0 AppleWebKit/537.36 (KHTML, like Gecko; compatible; GPTBot/1.4; +https://openai.com/gptbot)"
20.220.150.55 - - [14/Jun/2026:01:12:39 +0200] "GET /wp-admin/network/plugins.php HTTP/1.1" 302 0 "-" "-"
74.7.241.55 - - [14/Jun/2026:01:12:41 +0200] "GET /wp-content/plugins/elementor/modules/atomic-widgets/elements/div-block/ HTTP/1.1" 200 674 "http://web.janapremimavi.edu.np.therahuldas.com/wp-content/plugins/elementor/modules/atomic-widgets/elements/" "Mozilla/5.0 AppleWebKit/537.36 (KHTML, like Gecko; compatible; GPTBot/1.4; +https://openai.com/gptbot)"
74.7.241.55 - - [14/Jun/2026:01:12:41 +0200] "GET /wp-content/plugins/elementor/modules/atomic-widgets/import-export/modifiers/styles-props-modifier.php HTTP/1.1" 200 0 "http://web.janapremimavi.edu.np.therahuldas.com/wp-content/plugins/elementor/modules/atomic-widgets/import-export/modifiers/" "Mozilla/5.0 AppleWebKit/537.36 (KHTML, like Gecko; compatible; GPTBot/1.4; +https://openai.com/gptbot)"
